JezK
Edit File: goswiet.com.susukambingalmas.com-ssl_log
54.39.89.80 - - [25/Sep/2026:20:30:50 +0800] "GET /robots.txt HTTP/2" 200 96 "-" "Mozilla/5.0 (compatible; AhrefsBot/7.0; +http://ahrefs.com/robot/)"
51.89.72.13 - - [25/Sep/2026:20:30:53 +0800] "GET /wp-sitemap-posts-post-1.xml HTTP/2" 200 480 "-" "Mozilla/5.0 (compatible; AhrefsBot/7.0; +http://ahrefs.com/robot/)"
51.89.71.88 - - [25/Sep/2026:20:30:54 +0800] "GET /wp-sitemap-posts-page-1.xml HTTP/2" 200 319 "-" "Mozilla/5.0 (compatible; AhrefsBot/7.0; +http://ahrefs.com/robot/)"
101.99.69.250 - - [25/Sep/2026:20:23:53 +0800] "POST /wp-cron.php?doing_wp_cron=1790339033.6137719154357910156250 HTTP/1.1" 200 0 "-" "WordPress/6.8.10; https://www.goswiet.com"
41.90.187.117 - - [25/Sep/2026:20:23:52 +0800] "GET /category/jom-sihat/ HTTP/1.1" 301 0 "https://goswiet.com/2020/03/27/nak-tahu-berapa-jumlah-gula-untuk-kena-kencing-manis/" "Mozilla/5.0 (iPhone; CPU iPhone OS 16_2 like Mac OS X) AppleWebKit/605.1.15 (KHTML, like Gecko) Version/16.2 Mobile/15E148 Safari/604.1"
51.89.59.33 - - [25/Sep/2026:20:30:55 +0800] "GET /wp-sitemap-taxonomies-post_tag-1.xml HTTP/2" 200 187 "-" "Mozilla/5.0 (compatible; AhrefsBot/7.0; +http://ahrefs.com/robot/)"
178.87.201.26 - - [25/Sep/2026:20:23:56 +0800] "GET /category/jom-sihat/ HTTP/1.1" 200 25766 "https://goswiet.com/2020/03/27/nak-tahu-berapa-jumlah-gula-untuk-kena-kencing-manis/" "Mozilla/5.0 (iPhone; CPU iPhone OS 16_2 like Mac OS X) AppleWebKit/605.1.15 (KHTML, like Gecko) Version/16.2 Mobile/15E148 Safari/604.1"
101.99.69.250 - - [25/Sep/2026:20:30:51 +0800] "POST /wp-cron.php?doing_wp_cron=1790339451.5592958927154541015625 HTTP/1.1" 200 0 "-" "WordPress/6.8.10; https://www.goswiet.com"
51.89.83.54 - - [25/Sep/2026:20:30:52 +0800] "GET /wp-sitemap.xml HTTP/2" 200 192 "-" "Mozilla/5.0 (compatible; AhrefsBot/7.0; +http://ahrefs.com/robot/)"
51.89.72.15 - - [25/Sep/2026:20:30:54 +0800] "GET /wp-sitemap-taxonomies-category-1.xml HTTP/2" 200 182 "-" "Mozilla/5.0 (compatible; AhrefsBot/7.0; +http://ahrefs.com/robot/)"
101.99.69.250 - - [25/Sep/2026:20:40:03 +0800] "POST /wp-cron.php?doing_wp_cron=1790340003.6970729827880859375000 HTTP/1.1" 200 0 "-" "WordPress/6.8.10; https://www.goswiet.com"
101.99.69.250 - - [25/Sep/2026:20:40:04 +0800] "POST /wp-admin/admin-ajax.php?action=wordfence_testAjax HTTP/1.1" 200 16 "-" "WordPress/6.8.10; https://www.goswiet.com"
101.99.69.250 - - [25/Sep/2026:20:40:04 +0800] "GET /wp-admin/admin-ajax.php?action=wordfence_doScan&isFork=0&scanMode=quick&cronKey=c9bfec666044e63f3cf713174bff04f7&signature=1243fc3f22c78ec89314fc4915e9935af66034133aa1503ffff0fbb418149077 HTTP/1.1" 200 0 "-" "WordPress/6.8.10; https://www.goswiet.com"
209.141.37.195 - - [25/Sep/2026:20:40:39 +0800] "POST /wp-login.php HTTP/1.1" 403 1242 "-" "Mozilla/5.0 (Macintosh; Intel Mac OS X 10_15_7) AppleWebKit/537.36 (KHTML, like Gecko) Chrome/119.0.0.0 Safari/537.36"
101.99.69.250 - - [25/Sep/2026:20:40:39 +0800] "POST /wp-cron.php?doing_wp_cron=1790340039.8032920360565185546875 HTTP/1.1" 200 0 "-" "WordPress/6.8.10; https://www.goswiet.com"
209.141.37.195 - - [25/Sep/2026:20:40:39 +0800] "GET /wp-admin/themes.php HTTP/1.1" 302 0 "-" "python-requests/2.34.2"
209.141.37.195 - - [25/Sep/2026:20:40:41 +0800] "GET /wp-login.php?redirect_to=https%3A%2F%2Fgoswiet.com%2Fwp-admin%2Fthemes.php&reauth=1 HTTP/1.1" 200 2410 "-" "python-requests/2.34.2"
209.141.37.195 - - [25/Sep/2026:20:40:42 +0800] "GET /wp-admin/plugin-install.php?tab=upload HTTP/1.1" 302 0 "-" "python-requests/2.34.2"
209.141.37.195 - - [25/Sep/2026:20:40:43 +0800] "GET /wp-login.php?redirect_to=https%3A%2F%2Fgoswiet.com%2Fwp-admin%2Fplugin-install.php%3Ftab%3Dupload&reauth=1 HTTP/1.1" 200 2416 "-" "python-requests/2.34.2"
209.141.37.195 - - [25/Sep/2026:20:40:02 +0800] "GET /wp-login.php HTTP/1.1" 200 7242 "-" "Mozilla/5.0 (Macintosh; Intel Mac OS X 10_15_7) AppleWebKit/537.36 (KHTML, like Gecko) Chrome/119.0.0.0 Safari/537.36"
166.68.246.99 - - [25/Sep/2026:21:12:05 +0800] "GET /?author=4 HTTP/1.1" 404 12608 "-" "Mozilla/5.0 (Windows NT 10.0; Win64; x64) AppleWebKit/537.36 (KHTML, like Gecko) Chrome/120.0.0.0 Safari/537.36"
101.99.69.250 - - [25/Sep/2026:21:12:12 +0800] "POST /wp-cron.php?doing_wp_cron=1790341932.0446679592132568359375 HTTP/1.1" 200 0 "-" "WordPress/6.8.10; https://www.goswiet.com"
62.60.130.199 - - [25/Sep/2026:21:12:13 +0800] "GET /?author=7 HTTP/1.1" 404 12605 "-" "Mozilla/5.0 (X11; Linux x86_64) AppleWebKit/537.36 (KHTML, like Gecko) Chrome/120.0.0.0 Safari/537.36"
89.191.125.245 - - [25/Sep/2026:21:12:27 +0800] "GET /2021/01/03/pengsan-di-sekolah-umur-12-tahun-disahkan-hidap-kencing-manis/ HTTP/1.1" 200 27071 "-" "Mozilla/5.0 (Macintosh; Intel Mac OS X 10_15_7) AppleWebKit/537.36 (KHTML, like Gecko) Chrome/131.0.0.0 Safari/537.36"
62.60.130.199 - - [25/Sep/2026:21:12:41 +0800] "GET /?feed=rss HTTP/1.1" 301 0 "-" "Mozilla/5.0 (Windows NT 10.0; Win64; x64) AppleWebKit/537.36 (KHTML, like Gecko) Chrome/120.0.0.0 Safari/537.36"
101.99.69.250 - - [25/Sep/2026:21:21:18 +0800] "POST /wp-cron.php?doing_wp_cron=1790342478.3558549880981445312500 HTTP/1.1" 200 0 "-" "WordPress/6.8.10; https://www.goswiet.com"
27.125.249.84 - - [25/Sep/2026:21:21:18 +0800] "GET / HTTP/3" 200 27675 "-" "Mozilla/5.0 (Linux; Android 10; K) AppleWebKit/537.36 (KHTML, like Gecko) Chrome/153.0.0.0 Mobile Safari/537.36"
27.125.249.84 - - [25/Sep/2026:21:21:19 +0800] "GET /wp-content/uploads/burst/js/burst.min.js?ver=1790264944 HTTP/3" 304 0 "https://www.goswiet.com/" "Mozilla/5.0 (Linux; Android 10; K) AppleWebKit/537.36 (KHTML, like Gecko) Chrome/153.0.0.0 Mobile Safari/537.36"
27.125.249.84 - - [25/Sep/2026:21:21:19 +0800] "GET /wp-content/uploads/2026/03/fake-3.mp4?_=1 HTTP/3" 206 218340 "https://www.goswiet.com/" "Mozilla/5.0 (Linux; Android 10; K) AppleWebKit/537.36 (KHTML, like Gecko) Chrome/153.0.0.0 Mobile Safari/537.36"
27.125.249.84 - - [25/Sep/2026:21:21:19 +0800] "POST /wp-content/plugins/burst-statistics/endpoint.php HTTP/3" 200 0 "https://www.goswiet.com/" "Mozilla/5.0 (Linux; Android 10; K) AppleWebKit/537.36 (KHTML, like Gecko) Chrome/153.0.0.0 Mobile Safari/537.36"
27.125.249.84 - - [25/Sep/2026:21:21:19 +0800] "GET /wp-content/uploads/2026/03/fake-3.mp4?_=1 HTTP/3" 206 33359 "https://www.goswiet.com/" "Mozilla/5.0 (Linux; Android 10; K) AppleWebKit/537.36 (KHTML, like Gecko) Chrome/153.0.0.0 Mobile Safari/537.36"
27.125.249.84 - - [25/Sep/2026:21:21:19 +0800] "GET /wp-content/uploads/2020/05/bg-newsletter.png HTTP/3" 404 14802 "https://www.goswiet.com/wp-content/et-cache/236630/et-core-unified-deferred-236630.min.css?ver=1790220748" "Mozilla/5.0 (Linux; Android 10; K) AppleWebKit/537.36 (KHTML, like Gecko) Chrome/153.0.0.0 Mobile Safari/537.36"
27.125.249.84 - - [25/Sep/2026:21:21:21 +0800] "GET /wp-includes/js/mediaelement/mejs-controls.svg HTTP/3" 200 1316 "https://www.goswiet.com/wp-includes/js/mediaelement/mediaelementplayer-legacy.min.css?ver=4.2.17" "Mozilla/5.0 (Linux; Android 10; K) AppleWebKit/537.36 (KHTML, like Gecko) Chrome/153.0.0.0 Mobile Safari/537.36"
27.125.249.84 - - [25/Sep/2026:21:21:22 +0800] "GET /wp-content/uploads/2026/03/kkm-hologram-2026.jpg HTTP/3" 200 170708 "https://www.goswiet.com/" "Mozilla/5.0 (Linux; Android 10; K) AppleWebKit/537.36 (KHTML, like Gecko) Chrome/153.0.0.0 Mobile Safari/537.36"
27.125.249.84 - - [25/Sep/2026:21:21:25 +0800] "POST /wp-content/plugins/burst-statistics/endpoint.php HTTP/3" 500 461 "https://www.goswiet.com/" "Mozilla/5.0 (Linux; Android 10; K) AppleWebKit/537.36 (KHTML, like Gecko) Chrome/153.0.0.0 Mobile Safari/537.36"
27.125.249.84 - - [25/Sep/2026:21:21:26 +0800] "POST /wp-content/plugins/burst-statistics/endpoint.php HTTP/3" 200 0 "https://www.goswiet.com/" "Mozilla/5.0 (Linux; Android 10; K) AppleWebKit/537.36 (KHTML, like Gecko) Chrome/153.0.0.0 Mobile Safari/537.36"
27.125.249.84 - - [25/Sep/2026:21:21:33 +0800] "POST /wp-content/plugins/burst-statistics/endpoint.php HTTP/3" 500 461 "https://www.goswiet.com/" "Mozilla/5.0 (Linux; Android 10; K) AppleWebKit/537.36 (KHTML, like Gecko) Chrome/153.0.0.0 Mobile Safari/537.36"
27.125.249.84 - - [25/Sep/2026:21:21:34 +0800] "POST /wp-content/plugins/burst-statistics/endpoint.php HTTP/3" 200 0 "https://www.goswiet.com/" "Mozilla/5.0 (Linux; Android 10; K) AppleWebKit/537.36 (KHTML, like Gecko) Chrome/153.0.0.0 Mobile Safari/537.36"
51.8.102.146 - - [25/Sep/2026:21:21:59 +0800] "GET /robots.txt HTTP/2" 200 96 "-" "Mozilla/5.0 (Macintosh; Intel Mac OS X 10_15_7) AppleWebKit/537.36 (KHTML, like Gecko) Chrome/131.0.0.0 Safari/537.36; compatible; OAI-SearchBot/1.0; +https://openai.com/searchbot"
62.60.130.199 - - [25/Sep/2026:21:11:57 +0800] "GET /wp-login.php HTTP/1.1" 200 2120 "-" "Mozilla/5.0 (Windows NT 10.0; Win64; x64; rv:121.0) Gecko/20100101 Firefox/121.0"
62.60.130.199 - - [25/Sep/2026:21:11:58 +0800] "GET /?author=1 HTTP/1.1" 404 12605 "-" "Mozilla/5.0 (Macintosh; Intel Mac OS X 10_15_7) AppleWebKit/537.36 (KHTML, like Gecko) Chrome/120.0.0.0 Safari/537.36"
229.210.43.68 - - [25/Sep/2026:21:12:01 +0800] "GET /?author=2 HTTP/1.1" 404 12605 "-" "Mozilla/5.0 (Macintosh; Intel Mac OS X 10_15_7) AppleWebKit/537.36 (KHTML, like Gecko) Chrome/120.0.0.0 Safari/537.36"
62.60.130.199 - - [25/Sep/2026:21:12:11 +0800] "GET /?author=6 HTTP/1.1" 404 12608 "-" "Mozilla/5.0 (Windows NT 10.0; Win64; x64; rv:121.0) Gecko/20100101 Firefox/121.0"
43.59.240.168 - - [25/Sep/2026:21:12:15 +0800] "GET /?author=8 HTTP/1.1" 404 12608 "-" "Mozilla/5.0 (Windows NT 10.0; Win64; x64) AppleWebKit/537.36 (KHTML, like Gecko) Chrome/120.0.0.0 Safari/537.36"
62.60.130.199 - - [25/Sep/2026:21:12:29 +0800] "GET /?rest_route=/wp/v2/users&per_page=30&orderby=id&order=asc HTTP/1.1" 401 89 "-" "Mozilla/5.0 (Windows NT 10.0; Win64; x64; rv:121.0) Gecko/20100101 Firefox/121.0"
62.60.130.199 - - [25/Sep/2026:21:12:45 +0800] "GET /feed/ HTTP/1.1" 200 19173 "-" "Mozilla/5.0 (Windows NT 10.0; Win64; x64) AppleWebKit/537.36 (KHTML, like Gecko) Chrome/120.0.0.0 Safari/537.36"
216.73.216.21 - - [25/Sep/2026:21:21:20 +0800] "GET /robots.txt HTTP/2" 200 96 "-" "Mozilla/5.0 AppleWebKit/537.36 (KHTML, like Gecko; compatible; ClaudeBot/1.0; +claudebot@anthropic.com)"
216.73.216.21 - - [25/Sep/2026:21:21:20 +0800] "GET /wp-sitemap.xml HTTP/2" 200 192 "-" "Mozilla/5.0 AppleWebKit/537.36 (KHTML, like Gecko; compatible; ClaudeBot/1.0; +claudebot@anthropic.com)"
27.125.249.84 - - [25/Sep/2026:21:22:22 +0800] "POST /wp-content/plugins/burst-statistics/endpoint.php HTTP/3" 200 0 "https://www.goswiet.com/" "Mozilla/5.0 (Linux; Android 10; K) AppleWebKit/537.36 (KHTML, like Gecko) Chrome/153.0.0.0 Mobile Safari/537.36"
169.189.4.64 - - [25/Sep/2026:21:12:03 +0800] "GET /?author=3 HTTP/1.1" 404 12608 "-" "Mozilla/5.0 (Windows NT 10.0; Win64; x64) AppleWebKit/537.36 (KHTML, like Gecko) Chrome/120.0.0.0 Safari/537.36"
156.28.195.234 - - [25/Sep/2026:21:12:18 +0800] "GET /?author=9 HTTP/1.1" 404 12608 "-" "Mozilla/5.0 (Windows NT 11.0; Win64; x64) AppleWebKit/537.36 (KHTML, like Gecko) Chrome/121.0.0.0 Safari/537.36"
101.99.69.250 - - [25/Sep/2026:21:12:41 +0800] "POST /wp-cron.php?doing_wp_cron=1790341961.9353430271148681640625 HTTP/1.1" 200 0 "-" "WordPress/6.8.10; https://www.goswiet.com"
101.99.69.250 - - [25/Sep/2026:21:13:01 +0800] "POST /wp-cron.php?doing_wp_cron=1790341981.2849440574645996093750 HTTP/1.1" 200 0 "-" "WordPress/6.8.10; https://www.goswiet.com"
8.157.69.109 - - [25/Sep/2026:21:13:10 +0800] "GET /?feed=atom HTTP/1.1" 301 0 "-" "Mozilla/5.0 (X11; Linux x86_64) AppleWebKit/537.36 (KHTML, like Gecko) Chrome/120.0.0.0 Safari/537.36"
8.157.69.109 - - [25/Sep/2026:21:13:14 +0800] "GET /feed/atom/ HTTP/1.1" 200 75010 "-" "Mozilla/5.0 (X11; Linux x86_64) AppleWebKit/537.36 (KHTML, like Gecko) Chrome/120.0.0.0 Safari/537.36"
101.99.69.250 - - [25/Sep/2026:21:11:58 +0800] "POST /wp-cron.php?doing_wp_cron=1790341918.3026359081268310546875 HTTP/1.1" 200 0 "-" "WordPress/6.8.10; https://www.goswiet.com"
62.60.130.199 - - [25/Sep/2026:21:12:07 +0800] "GET /?author=5 HTTP/1.1" 404 12608 "-" "Mozilla/5.0 (Windows NT 10.0; Win64; x64) AppleWebKit/537.36 (KHTML, like Gecko) Chrome/120.0.0.0 Safari/537.36"
62.60.130.199 - - [25/Sep/2026:21:12:30 +0800] "GET /?feed=feed HTTP/1.1" 301 0 "-" "Mozilla/5.0 (X11; Linux x86_64) AppleWebKit/537.36 (KHTML, like Gecko) Chrome/120.0.0.0 Safari/537.36"
62.60.130.199 - - [25/Sep/2026:21:12:32 +0800] "GET /feed/ HTTP/1.1" 200 19173 "-" "Mozilla/5.0 (X11; Linux x86_64) AppleWebKit/537.36 (KHTML, like Gecko) Chrome/120.0.0.0 Safari/537.36"
8.105.180.224 - - [25/Sep/2026:21:12:56 +0800] "GET /?feed=rss2 HTTP/1.1" 301 0 "-" "Mozilla/5.0 (Windows NT 10.0; Win64; x64) AppleWebKit/537.36 (KHTML, like Gecko) Chrome/120.0.0.0 Safari/537.36"
8.105.180.224 - - [25/Sep/2026:21:13:00 +0800] "GET /feed/ HTTP/1.1" 200 19173 "-" "Mozilla/5.0 (Windows NT 10.0; Win64; x64) AppleWebKit/537.36 (KHTML, like Gecko) Chrome/120.0.0.0 Safari/537.36"
27.125.249.84 - - [25/Sep/2026:21:21:16 +0800] "GET / HTTP/2" 301 0 "-" "Mozilla/5.0 (Linux; Android 10; K) AppleWebKit/537.36 (KHTML, like Gecko) Chrome/153.0.0.0 Mobile Safari/537.36"
101.99.69.250 - - [25/Sep/2026:21:21:58 +0800] "POST /wp-cron.php?doing_wp_cron=1790342518.5814540386199951171875 HTTP/1.1" 200 0 "-" "WordPress/6.8.10; https://www.goswiet.com"
51.8.102.224 - - [25/Sep/2026:21:21:58 +0800] "GET /robots.txt HTTP/2" 301 0 "-" "Mozilla/5.0 (Macintosh; Intel Mac OS X 10_15_7) AppleWebKit/537.36 (KHTML, like Gecko) Chrome/131.0.0.0 Safari/537.36; compatible; OAI-SearchBot/1.0; +https://openai.com/searchbot"
97.171.166.31 - - [25/Sep/2026:21:44:38 +0800] "GET /robots.txt HTTP/2" 200 111 "https://goswiet.com/robots.txt" "Mozilla/5.0 (Linux; Android 14; Pixel Tablet) AppleWebKit/537.36 (KHTML, like Gecko) Chrome/126.0.6478.122 Safari/537.36"
101.99.69.250 - - [25/Sep/2026:21:44:34 +0800] "POST /wp-cron.php?doing_wp_cron=1790343873.9894809722900390625000 HTTP/1.1" 200 0 "-" "WordPress/6.8.10; https://www.goswiet.com"
101.99.69.250 - - [25/Sep/2026:21:44:39 +0800] "POST /wp-cron.php?doing_wp_cron=1790343879.0397779941558837890625 HTTP/1.1" 200 0 "-" "WordPress/6.8.10; https://www.goswiet.com"
47.230.229.129 - - [25/Sep/2026:21:44:32 +0800] "GET /robots.txt HTTP/2" 301 0 "-" "Mozilla/5.0 (Linux; Android 14; Pixel Tablet) AppleWebKit/537.36 (KHTML, like Gecko) Chrome/126.0.6478.122 Safari/537.36"
101.99.69.250 - - [25/Sep/2026:21:56:28 +0800] "POST /wp-cron.php?doing_wp_cron=1790344588.8760719299316406250000 HTTP/1.1" 200 0 "-" "WordPress/6.8.10; https://www.goswiet.com"
101.99.69.250 - - [25/Sep/2026:22:02:07 +0800] "POST /wp-cron.php?doing_wp_cron=1790344926.8539841175079345703125 HTTP/1.1" 200 0 "-" "WordPress/6.8.10; https://www.goswiet.com"
51.89.71.86 - - [25/Sep/2026:21:56:27 +0800] "GET /wp-sitemap.xml HTTP/2" 200 192 "-" "Mozilla/5.0 (compatible; AhrefsBot/7.0; +http://ahrefs.com/robot/)"
51.89.39.48 - - [25/Sep/2026:21:56:30 +0800] "GET /wp-sitemap-posts-page-1.xml HTTP/2" 200 319 "-" "Mozilla/5.0 (compatible; AhrefsBot/7.0; +http://ahrefs.com/robot/)"
51.89.38.131 - - [25/Sep/2026:21:56:31 +0800] "GET /wp-sitemap-taxonomies-category-1.xml HTTP/2" 200 182 "-" "Mozilla/5.0 (compatible; AhrefsBot/7.0; +http://ahrefs.com/robot/)"
43.165.2.110 - - [25/Sep/2026:21:51:30 +0800] "GET / HTTP/1.1" 200 32713 "http://goswiet.com" "Mozilla/5.0 (iPhone; CPU iPhone OS 13_2_3 like Mac OS X) AppleWebKit/605.1.15 (KHTML, like Gecko) Version/13.0.3 Mobile/15E148 Safari/604.1"
51.89.74.202 - - [25/Sep/2026:21:56:32 +0800] "GET /wp-sitemap-taxonomies-post_tag-1.xml HTTP/2" 200 187 "-" "Mozilla/5.0 (compatible; AhrefsBot/7.0; +http://ahrefs.com/robot/)"
103.115.199.165 - - [25/Sep/2026:22:02:02 +0800] "GET /new-packaging/ HTTP/1.1" 301 0 "https://www.goswiet.com/wp-sitemap-posts-page-1.xml" "Mozilla/5.0 (Linux; Android 13; V2188) AppleWebKit/537.36 (KHTML, like Gecko) Chrome/146.0.5868.4 Mobile Safari/537.36 MicroMessenger/8.0.46(0x18001B3F) NetType/WIFI Language/zh_CN"
103.188.136.21 - - [25/Sep/2026:22:02:06 +0800] "GET / HTTP/1.1" 200 27677 "https://www.goswiet.com/wp-sitemap-posts-page-1.xml" "Mozilla/5.0 (Linux; Android 13; V2188) AppleWebKit/537.36 (KHTML, like Gecko) Chrome/146.0.5868.4 Mobile Safari/537.36 MicroMessenger/8.0.46(0x18001B3F) NetType/WIFI Language/zh_CN"
51.89.39.57 - - [25/Sep/2026:21:56:29 +0800] "GET /wp-sitemap-posts-post-1.xml HTTP/2" 200 480 "-" "Mozilla/5.0 (compatible; AhrefsBot/7.0; +http://ahrefs.com/robot/)"
127.0.0.1 - - [25/Sep/2026:22:18:03 +0800] "GET /.git/config HTTP/1.1" 403 1242 "-" "Wget/1.21.3 (linux-gnu)"
101.99.69.250 - - [25/Sep/2026:22:18:00 +0800] "POST /wp-cron.php?doing_wp_cron=1790345880.9569010734558105468750 HTTP/1.1" 200 0 "-" "WordPress/6.8.10; https://www.goswiet.com"
51.8.102.152 - - [25/Sep/2026:22:17:59 +0800] "GET /robots.txt HTTP/2" 200 96 "-" "Mozilla/5.0 (Macintosh; Intel Mac OS X 10_15_7) AppleWebKit/537.36 (KHTML, like Gecko) Chrome/131.0.0.0 Safari/537.36; compatible; OAI-SearchBot/1.0; +https://openai.com/searchbot"
52.172.226.14 - - [25/Sep/2026:22:36:58 +0800] "GET /this_is_a_new_hello_world.php HTTP/1.1" 401 36 "-" "-"
52.172.226.14 - - [25/Sep/2026:22:36:58 +0800] "GET /alfa.php HTTP/1.1" 401 36 "-" "-"
52.172.226.14 - - [25/Sep/2026:22:36:59 +0800] "GET /k.php HTTP/1.1" 401 36 "-" "-"
52.172.226.14 - - [25/Sep/2026:22:37:03 +0800] "GET /crgio.php HTTP/1.1" 401 36 "-" "-"
52.172.226.14 - - [25/Sep/2026:22:37:03 +0800] "GET /great.php HTTP/1.1" 401 36 "-" "-"
52.172.226.14 - - [25/Sep/2026:22:37:05 +0800] "GET /gigi.php HTTP/1.1" 401 36 "-" "-"
52.172.226.14 - - [25/Sep/2026:22:37:05 +0800] "GET /ba.php HTTP/1.1" 401 36 "-" "-"
52.172.226.14 - - [25/Sep/2026:22:37:06 +0800] "GET /uejvv.php HTTP/1.1" 401 36 "-" "-"
52.172.226.14 - - [25/Sep/2026:22:37:06 +0800] "GET /fix.php HTTP/1.1" 401 36 "-" "-"
52.172.226.14 - - [25/Sep/2026:22:37:07 +0800] "GET /file.php HTTP/1.1" 401 36 "-" "-"
52.172.226.14 - - [25/Sep/2026:22:37:10 +0800] "GET /zpcutwcq.php HTTP/1.1" 401 36 "-" "-"
52.172.226.14 - - [25/Sep/2026:22:37:11 +0800] "GET /mini.php HTTP/1.1" 401 36 "-" "-"
52.172.226.14 - - [25/Sep/2026:22:37:11 +0800] "GET /zwso.php HTTP/1.1" 401 36 "-" "-"
52.172.226.14 - - [25/Sep/2026:22:37:12 +0800] "GET /buy.php HTTP/1.1" 401 36 "-" "-"
52.172.226.14 - - [25/Sep/2026:22:37:13 +0800] "GET /ans.php HTTP/1.1" 401 36 "-" "-"
52.172.226.14 - - [25/Sep/2026:22:37:14 +0800] "GET /gf.php HTTP/1.1" 401 36 "-" "-"
52.172.226.14 - - [25/Sep/2026:22:37:14 +0800] "GET /about.php HTTP/1.1" 401 36 "-" "-"
52.172.226.14 - - [25/Sep/2026:22:37:16 +0800] "GET /hao.php HTTP/1.1" 401 36 "-" "-"
52.172.226.14 - - [25/Sep/2026:22:37:17 +0800] "GET /wp-login.php HTTP/1.1" 401 36 "-" "-"
52.172.226.14 - - [25/Sep/2026:22:37:17 +0800] "GET /wp-signup.php HTTP/1.1" 401 36 "-" "-"
52.172.226.14 - - [25/Sep/2026:22:37:17 +0800] "GET /a.php HTTP/1.1" 401 36 "-" "-"
47.128.16.159 - - [25/Sep/2026:22:42:40 +0800] "GET /2021/02/14/235688/ HTTP/2" 403 1242 "-" "Mozilla/5.0 (Linux; Android 5.0) AppleWebKit/537.36 (KHTML, like Gecko) Mobile Safari/537.36 (compatible; TikTokSpider; ttspider-feedback@tiktok.com)"
43.157.179.227 - - [25/Sep/2026:22:32:17 +0800] "GET / HTTP/1.1" 200 32713 "http://www.goswiet.com" "Mozilla/5.0 (iPhone; CPU iPhone OS 13_2_3 like Mac OS X) AppleWebKit/605.1.15 (KHTML, like Gecko) Version/13.0.3 Mobile/15E148 Safari/604.1"
52.172.226.14 - - [25/Sep/2026:22:36:57 +0800] "GET /wp-content/plugins/hellopress/wp_filemanager.php HTTP/1.1" 401 36 "-" "-"
52.172.226.14 - - [25/Sep/2026:22:37:01 +0800] "GET /aaa.php HTTP/1.1" 401 36 "-" "-"
52.172.226.14 - - [25/Sep/2026:22:37:02 +0800] "GET /2P.php HTTP/1.1" 401 36 "-" "-"
52.172.226.14 - - [25/Sep/2026:22:37:04 +0800] "GET /BDKR28WP.php HTTP/1.1" 401 36 "-" "-"
52.172.226.14 - - [25/Sep/2026:22:37:04 +0800] "GET /images2.php HTTP/1.1" 401 36 "-" "-"
52.172.226.14 - - [25/Sep/2026:22:37:04 +0800] "GET /admin.php HTTP/1.1" 401 36 "-" "-"
52.172.226.14 - - [25/Sep/2026:22:37:04 +0800] "GET /prv8.php HTTP/1.1" 401 36 "-" "-"
52.172.226.14 - - [25/Sep/2026:22:37:05 +0800] "GET /0.php HTTP/1.1" 401 36 "-" "-"
52.172.226.14 - - [25/Sep/2026:22:37:05 +0800] "GET /vpn.php HTTP/1.1" 401 36 "-" "-"
52.172.226.14 - - [25/Sep/2026:22:37:05 +0800] "GET /mds.php HTTP/1.1" 401 36 "-" "-"
52.172.226.14 - - [25/Sep/2026:22:37:06 +0800] "GET /ant.php HTTP/1.1" 401 36 "-" "-"
52.172.226.14 - - [25/Sep/2026:22:37:09 +0800] "GET /sitemap.php HTTP/1.1" 401 36 "-" "-"
52.172.226.14 - - [25/Sep/2026:22:37:09 +0800] "GET /xetmolxr.php HTTP/1.1" 401 36 "-" "-"
52.172.226.14 - - [25/Sep/2026:22:37:10 +0800] "GET /h2.php HTTP/1.1" 401 36 "-" "-"
52.172.226.14 - - [25/Sep/2026:22:37:12 +0800] "GET /ioxi-o.php HTTP/1.1" 401 36 "-" "-"
52.172.226.14 - - [25/Sep/2026:22:37:12 +0800] "GET /ega7IvFSLKi.php HTTP/1.1" 401 36 "-" "-"
52.172.226.14 - - [25/Sep/2026:22:37:13 +0800] "GET /vast.php HTTP/1.1" 401 36 "-" "-"
52.172.226.14 - - [25/Sep/2026:22:37:14 +0800] "GET /olpsa.php HTTP/1.1" 401 36 "-" "-"
52.172.226.14 - - [25/Sep/2026:22:37:18 +0800] "GET /crkknnwo.php HTTP/1.1" 401 36 "-" "-"
52.172.226.14 - - [25/Sep/2026:22:36:58 +0800] "GET /222.php HTTP/1.1" 401 36 "-" "-"
52.172.226.14 - - [25/Sep/2026:22:36:59 +0800] "GET /images.php HTTP/1.1" 401 36 "-" "-"
52.172.226.14 - - [25/Sep/2026:22:36:59 +0800] "GET /goods.php HTTP/1.1" 401 36 "-" "-"
52.172.226.14 - - [25/Sep/2026:22:37:02 +0800] "GET /min.php HTTP/1.1" 401 36 "-" "-"
52.172.226.14 - - [25/Sep/2026:22:37:03 +0800] "GET /wp-admin/css/ HTTP/1.1" 401 36 "-" "-"
52.172.226.14 - - [25/Sep/2026:22:37:04 +0800] "GET /ff1.php HTTP/1.1" 401 36 "-" "-"
52.172.226.14 - - [25/Sep/2026:22:37:07 +0800] "GET /wp-admin/css/colors/sunrise/ HTTP/1.1" 401 36 "-" "-"
52.172.226.14 - - [25/Sep/2026:22:37:08 +0800] "GET /modules.php HTTP/1.1" 401 36 "-" "-"
52.172.226.14 - - [25/Sep/2026:22:37:08 +0800] "GET /NewFile.php HTTP/1.1" 401 36 "-" "-"
52.172.226.14 - - [25/Sep/2026:22:37:09 +0800] "GET /ugmlxqxz.php HTTP/1.1" 401 36 "-" "-"
52.172.226.14 - - [25/Sep/2026:22:37:10 +0800] "GET /mk.php HTTP/1.1" 401 36 "-" "-"
52.172.226.14 - - [25/Sep/2026:22:37:10 +0800] "GET /blacks.php HTTP/1.1" 401 36 "-" "-"
52.172.226.14 - - [25/Sep/2026:22:37:11 +0800] "GET /tiny.php HTTP/1.1" 401 36 "-" "-"
52.172.226.14 - - [25/Sep/2026:22:37:12 +0800] "GET /kgb.php HTTP/1.1" 401 36 "-" "-"
52.172.226.14 - - [25/Sep/2026:22:37:13 +0800] "GET /ol.php HTTP/1.1" 401 36 "-" "-"
52.172.226.14 - - [25/Sep/2026:22:37:13 +0800] "GET /fs.php HTTP/1.1" 401 36 "-" "-"
52.172.226.14 - - [25/Sep/2026:22:37:15 +0800] "GET /ms-edit.php HTTP/1.1" 401 36 "-" "-"
52.172.226.14 - - [25/Sep/2026:22:37:15 +0800] "GET /settings.php HTTP/1.1" 401 36 "-" "-"
52.172.226.14 - - [25/Sep/2026:22:37:15 +0800] "GET /txets.php HTTP/1.1" 401 36 "-" "-"
52.172.226.14 - - [25/Sep/2026:22:37:16 +0800] "GET /cae.php HTTP/1.1" 401 36 "-" "-"
52.172.226.14 - - [25/Sep/2026:22:37:17 +0800] "GET /adminner.php HTTP/1.1" 401 36 "-" "-"
52.172.226.14 - - [25/Sep/2026:22:37:17 +0800] "GET /thoms.php HTTP/1.1" 401 36 "-" "-"
52.172.226.14 - - [25/Sep/2026:22:37:18 +0800] "GET /sid.php HTTP/1.1" 401 36 "-" "-"
52.172.226.14 - - [25/Sep/2026:22:37:18 +0800] "GET /2.php HTTP/1.1" 401 36 "-" "-"
52.172.226.14 - - [25/Sep/2026:22:36:59 +0800] "GET /3PJcpMFsD8B.php HTTP/1.1" 401 36 "-" "-"
52.172.226.14 - - [25/Sep/2026:22:37:00 +0800] "GET /media.php HTTP/1.1" 401 36 "-" "-"
52.172.226.14 - - [25/Sep/2026:22:37:00 +0800] "GET /mac.php HTTP/1.1" 401 36 "-" "-"
52.172.226.14 - - [25/Sep/2026:22:37:01 +0800] "GET /ops.php HTTP/1.1" 401 36 "-" "-"
52.172.226.14 - - [25/Sep/2026:22:37:01 +0800] "GET /1.php HTTP/1.1" 401 36 "-" "-"
52.172.226.14 - - [25/Sep/2026:22:37:01 +0800] "GET /chosen.php HTTP/1.1" 401 36 "-" "-"
52.172.226.14 - - [25/Sep/2026:22:37:02 +0800] "GET /hur.php HTTP/1.1" 401 36 "-" "-"
52.172.226.14 - - [25/Sep/2026:22:37:06 +0800] "GET /mga.php HTTP/1.1" 401 36 "-" "-"
52.172.226.14 - - [25/Sep/2026:22:37:06 +0800] "GET /admin.php HTTP/1.1" 401 36 "-" "-"
52.172.226.14 - - [25/Sep/2026:22:37:07 +0800] "GET /wp-admin/css/colors/modern/ HTTP/1.1" 401 36 "-" "-"
52.172.226.14 - - [25/Sep/2026:22:37:08 +0800] "GET /elements.php HTTP/1.1" 401 36 "-" "-"
52.172.226.14 - - [25/Sep/2026:22:37:08 +0800] "GET /wp-22.php HTTP/1.1" 401 36 "-" "-"
52.172.226.14 - - [25/Sep/2026:22:37:08 +0800] "GET /ded.php HTTP/1.1" 401 36 "-" "-"
52.172.226.14 - - [25/Sep/2026:22:37:09 +0800] "GET /indo.php HTTP/1.1" 401 36 "-" "-"
52.172.226.14 - - [25/Sep/2026:22:37:09 +0800] "GET /mpwkxnos.php HTTP/1.1" 401 36 "-" "-"
52.172.226.14 - - [25/Sep/2026:22:37:11 +0800] "GET /upgrtfg.php HTTP/1.1" 401 36 "-" "-"
52.172.226.14 - - [25/Sep/2026:22:37:11 +0800] "GET /simple.php HTTP/1.1" 401 36 "-" "-"
52.172.226.14 - - [25/Sep/2026:22:37:12 +0800] "GET /sallu.php HTTP/1.1" 401 36 "-" "-"
52.172.226.14 - - [25/Sep/2026:22:37:14 +0800] "GET /man.php HTTP/1.1" 401 36 "-" "-"
52.172.226.14 - - [25/Sep/2026:22:37:15 +0800] "GET /dev.php HTTP/1.1" 401 36 "-" "-"
52.172.226.14 - - [25/Sep/2026:22:37:15 +0800] "GET /asw.php HTTP/1.1" 401 36 "-" "-"
52.172.226.14 - - [25/Sep/2026:22:37:16 +0800] "GET /yuca_cytgi.php HTTP/1.1" 401 36 "-" "-"
52.172.226.14 - - [25/Sep/2026:22:37:16 +0800] "GET /33.php HTTP/1.1" 401 36 "-" "-"
52.172.226.14 - - [25/Sep/2026:22:37:18 +0800] "GET /b8.php HTTP/1.1" 401 36 "-" "-"
47.128.16.163 - - [25/Sep/2026:22:46:41 +0800] "GET /prof-madya-dr-liza-md-salleh/ HTTP/2" 403 1242 "-" "Mozilla/5.0 (Linux; Android 5.0) AppleWebKit/537.36 (KHTML, like Gecko) Mobile Safari/537.36 (compatible; TikTokSpider; ttspider-feedback@tiktok.com)"
47.128.32.0 - - [25/Sep/2026:22:50:41 +0800] "GET /2021/02/14/235688/ HTTP/2" 403 1242 "-" "Mozilla/5.0 (Linux; Android 5.0) AppleWebKit/537.36 (KHTML, like Gecko) Mobile Safari/537.36 (compatible; TikTokSpider; ttspider-feedback@tiktok.com)"
64.233.173.170 - - [25/Sep/2026:23:29:46 +0800] "GET /.well-known/traffic-advice HTTP/1.1" 404 14801 "-" "Chrome Privacy Preserving Prefetch Proxy"
51.89.69.101 - - [25/Sep/2026:23:45:36 +0800] "GET /wp-sitemap.xml HTTP/2" 200 192 "-" "Mozilla/5.0 (compatible; AhrefsBot/7.0; +http://ahrefs.com/robot/)"
51.89.71.146 - - [25/Sep/2026:23:45:38 +0800] "GET /wp-sitemap-posts-post-1.xml HTTP/2" 200 480 "-" "Mozilla/5.0 (compatible; AhrefsBot/7.0; +http://ahrefs.com/robot/)"
113.211.128.235 - - [25/Sep/2026:23:51:01 +0800] "GET /wp-includes/js/jquery/jquery-migrate.min.js?ver=3.4.1 HTTP/3" 200 4678 "https://www.goswiet.com/" "Mozilla/5.0 (X11; Linux x86_64) AppleWebKit/537.36 (KHTML, like Gecko) Chrome/152.0.0.0 Safari/537.36"
113.211.128.235 - - [25/Sep/2026:23:51:01 +0800] "GET /wp-includes/js/mediaelement/mediaelement-migrate.min.js?ver=6.8.10 HTTP/3" 200 479 "https://www.goswiet.com/" "Mozilla/5.0 (X11; Linux x86_64) AppleWebKit/537.36 (KHTML, like Gecko) Chrome/152.0.0.0 Safari/537.36"
113.211.128.235 - - [25/Sep/2026:23:51:01 +0800] "GET /wp-includes/js/mediaelement/wp-mediaelement.min.js?ver=6.8.10 HTTP/3" 200 453 "https://www.goswiet.com/" "Mozilla/5.0 (X11; Linux x86_64) AppleWebKit/537.36 (KHTML, like Gecko) Chrome/152.0.0.0 Safari/537.36"
113.211.128.235 - - [25/Sep/2026:23:51:01 +0800] "GET /wp-content/themes/Divi/core/admin/js/common.js?ver=4.27.7 HTTP/3" 200 490 "https://www.goswiet.com/" "Mozilla/5.0 (X11; Linux x86_64) AppleWebKit/537.36 (KHTML, like Gecko) Chrome/152.0.0.0 Safari/537.36"
113.211.128.235 - - [25/Sep/2026:23:51:01 +0800] "GET /wp-content/themes/Divi/core/admin/fonts/modules/base/modules.woff HTTP/3" 200 6152 "https://www.goswiet.com/" "Mozilla/5.0 (X11; Linux x86_64) AppleWebKit/537.36 (KHTML, like Gecko) Chrome/152.0.0.0 Safari/537.36"
113.211.128.235 - - [25/Sep/2026:23:51:01 +0800] "GET /wp-includes/js/jquery/jquery.min.js?ver=3.7.1 HTTP/3" 200 29744 "https://www.goswiet.com/" "Mozilla/5.0 (X11; Linux x86_64) AppleWebKit/537.36 (KHTML, like Gecko) Chrome/152.0.0.0 Safari/537.36"
113.211.128.235 - - [25/Sep/2026:23:51:01 +0800] "GET /wp-content/themes/Divi/js/scripts.min.js?ver=4.27.7 HTTP/3" 200 65280 "https://www.goswiet.com/" "Mozilla/5.0 (X11; Linux x86_64) AppleWebKit/537.36 (KHTML, like Gecko) Chrome/152.0.0.0 Safari/537.36"
113.211.128.235 - - [25/Sep/2026:23:51:01 +0800] "GET /wp-includes/js/mediaelement/renderers/vimeo.min.js?ver=4.2.17 HTTP/3" 200 2071 "https://www.goswiet.com/" "Mozilla/5.0 (X11; Linux x86_64) AppleWebKit/537.36 (KHTML, like Gecko) Chrome/152.0.0.0 Safari/537.36"
113.211.128.235 - - [25/Sep/2026:23:51:01 +0800] "GET /wp-content/plugins/burst-statistics/assets/js/timeme/timeme.min.js?ver=1782834345 HTTP/3" 200 1831 "https://www.goswiet.com/" "Mozilla/5.0 (X11; Linux x86_64) AppleWebKit/537.36 (KHTML, like Gecko) Chrome/152.0.0.0 Safari/537.36"
113.211.128.235 - - [25/Sep/2026:23:51:01 +0800] "GET /wp-content/uploads/burst/js/burst.min.js?ver=1790264944 HTTP/3" 200 3394 "https://www.goswiet.com/" "Mozilla/5.0 (X11; Linux x86_64) AppleWebKit/537.36 (KHTML, like Gecko) Chrome/152.0.0.0 Safari/537.36"
113.211.128.235 - - [25/Sep/2026:23:51:01 +0800] "GET /wp-includes/js/mediaelement/mediaelement-and-player.min.js?ver=4.2.17 HTTP/3" 200 36433 "https://www.goswiet.com/" "Mozilla/5.0 (X11; Linux x86_64) AppleWebKit/537.36 (KHTML, like Gecko) Chrome/152.0.0.0 Safari/537.36"
113.211.128.235 - - [25/Sep/2026:23:51:01 +0800] "GET /wp-content/uploads/2023/11/Whatsapp-GS.gif HTTP/3" 200 15139 "https://www.goswiet.com/" "Mozilla/5.0 (X11; Linux x86_64) AppleWebKit/537.36 (KHTML, like Gecko) Chrome/152.0.0.0 Safari/537.36"
113.211.128.235 - - [25/Sep/2026:23:51:01 +0800] "GET /wp-content/uploads/2020/05/icon-faq.png HTTP/3" 200 5604 "https://www.goswiet.com/" "Mozilla/5.0 (X11; Linux x86_64) AppleWebKit/537.36 (KHTML, like Gecko) Chrome/152.0.0.0 Safari/537.36"
113.211.128.235 - - [25/Sep/2026:23:51:01 +0800] "GET /wp-content/uploads/2020/12/SIIF-2019.jpg HTTP/3" 200 61210 "https://www.goswiet.com/" "Mozilla/5.0 (X11; Linux x86_64) AppleWebKit/537.36 (KHTML, like Gecko) Chrome/152.0.0.0 Safari/537.36"
113.211.128.235 - - [25/Sep/2026:23:51:01 +0800] "GET /wp-includes/css/dist/block-library/style.min.css?ver=6.8.10 HTTP/3" 200 14360 "https://www.goswiet.com/" "Mozilla/5.0 (X11; Linux x86_64) AppleWebKit/537.36 (KHTML, like Gecko) Chrome/152.0.0.0 Safari/537.36"
113.211.128.235 - - [25/Sep/2026:23:51:01 +0800] "GET /wp-content/uploads/2026/03/fake-3.mp4?_=1 HTTP/3" 206 390888 "https://www.goswiet.com/" "Mozilla/5.0 (X11; Linux x86_64) AppleWebKit/537.36 (KHTML, like Gecko) Chrome/152.0.0.0 Safari/537.36"
113.211.128.235 - - [25/Sep/2026:23:51:01 +0800] "GET /wp-content/uploads/2023/10/Logo-oct-2023.png HTTP/3" 200 469501 "https://www.goswiet.com/" "Mozilla/5.0 (X11; Linux x86_64) AppleWebKit/537.36 (KHTML, like Gecko) Chrome/152.0.0.0 Safari/537.36"
113.211.128.235 - - [25/Sep/2026:23:51:01 +0800] "GET /wp-content/uploads/2026/05/ORI-GOSWIET-2.jpg HTTP/3" 200 531167 "https://www.goswiet.com/" "Mozilla/5.0 (X11; Linux x86_64) AppleWebKit/537.36 (KHTML, like Gecko) Chrome/152.0.0.0 Safari/537.36"
113.211.128.235 - - [25/Sep/2026:23:51:01 +0800] "GET /wp-content/uploads/2023/10/pencapaian-gs19.png HTTP/3" 200 378908 "https://www.goswiet.com/" "Mozilla/5.0 (X11; Linux x86_64) AppleWebKit/537.36 (KHTML, like Gecko) Chrome/152.0.0.0 Safari/537.36"
113.211.128.235 - - [25/Sep/2026:23:51:01 +0800] "POST /wp-content/plugins/burst-statistics/endpoint.php HTTP/3" 200 0 "https://www.goswiet.com/" "Mozilla/5.0 (X11; Linux x86_64) AppleWebKit/537.36 (KHTML, like Gecko) Chrome/152.0.0.0 Safari/537.36"
113.211.128.235 - - [25/Sep/2026:23:51:01 +0800] "GET /wp-content/uploads/2026/03/fake-3.mp4?_=1 HTTP/3" 206 390283 "https://www.goswiet.com/" "Mozilla/5.0 (X11; Linux x86_64) AppleWebKit/537.36 (KHTML, like Gecko) Chrome/152.0.0.0 Safari/537.36"
113.211.128.235 - - [25/Sep/2026:23:51:01 +0800] "GET /wp-content/uploads/2023/10/sijjil.png HTTP/3" 200 795880 "https://www.goswiet.com/" "Mozilla/5.0 (X11; Linux x86_64) AppleWebKit/537.36 (KHTML, like Gecko) Chrome/152.0.0.0 Safari/537.36"
113.211.128.235 - - [25/Sep/2026:23:51:01 +0800] "GET /wp-content/uploads/2023/10/wjh-gs-com.jpg HTTP/3" 200 890953 "https://www.goswiet.com/" "Mozilla/5.0 (X11; Linux x86_64) AppleWebKit/537.36 (KHTML, like Gecko) Chrome/152.0.0.0 Safari/537.36"
113.211.128.235 - - [25/Sep/2026:23:51:01 +0800] "GET /wp-content/uploads/2026/03/fake-3.mp4?_=1 HTTP/3" 206 33359 "https://www.goswiet.com/" "Mozilla/5.0 (X11; Linux x86_64) AppleWebKit/537.36 (KHTML, like Gecko) Chrome/152.0.0.0 Safari/537.36"
113.211.128.235 - - [25/Sep/2026:23:51:01 +0800] "GET /wp-content/uploads/2025/07/gs-logo-putih4.png HTTP/3" 200 2319009 "https://www.goswiet.com/" "Mozilla/5.0 (X11; Linux x86_64) AppleWebKit/537.36 (KHTML, like Gecko) Chrome/152.0.0.0 Safari/537.36"
113.211.128.235 - - [25/Sep/2026:23:51:01 +0800] "GET /wp-content/uploads/2020/05/bg-newsletter.png HTTP/3" 404 14802 "https://www.goswiet.com/wp-content/et-cache/236630/et-core-unified-deferred-236630.min.css?ver=1790220748" "Mozilla/5.0 (X11; Linux x86_64) AppleWebKit/537.36 (KHTML, like Gecko) Chrome/152.0.0.0 Safari/537.36"
113.211.128.235 - - [25/Sep/2026:23:51:02 +0800] "GET /wp-content/uploads/2021/02/cropped-goswiet-.com_-192x192.png HTTP/3" 200 21053 "https://www.goswiet.com/" "Mozilla/5.0 (X11; Linux x86_64) AppleWebKit/537.36 (KHTML, like Gecko) Chrome/152.0.0.0 Safari/537.36"
216.73.216.21 - - [25/Sep/2026:23:16:36 +0800] "GET /robots.txt HTTP/2" 200 96 "-" "Mozilla/5.0 AppleWebKit/537.36 (KHTML, like Gecko; compatible; ClaudeBot/1.0; +claudebot@anthropic.com)"
216.73.216.21 - - [25/Sep/2026:23:16:38 +0800] "GET /wp-sitemap.xml HTTP/2" 200 192 "-" "Mozilla/5.0 AppleWebKit/537.36 (KHTML, like Gecko; compatible; ClaudeBot/1.0; +claudebot@anthropic.com)"
101.99.69.250 - - [25/Sep/2026:23:45:37 +0800] "POST /wp-cron.php?doing_wp_cron=1790351137.8025059700012207031250 HTTP/1.1" 200 0 "-" "WordPress/6.8.10; https://www.goswiet.com"
162.120.184.246 - - [25/Sep/2026:23:50:50 +0800] "GET / HTTP/2" 200 27677 "https://www.google.com/" "Mozilla/5.0 (Linux; Android 10; K) AppleWebKit/537.36 (KHTML, like Gecko) Chrome/152.0.0.0 Mobile Safari/537.36"
101.99.69.250 - - [25/Sep/2026:23:51:02 +0800] "POST /wp-cron.php?doing_wp_cron=1790351462.3783009052276611328125 HTTP/1.1" 200 0 "-" "WordPress/6.8.10; https://www.goswiet.com"
101.99.69.250 - - [25/Sep/2026:23:16:37 +0800] "POST /wp-cron.php?doing_wp_cron=1790349397.9615108966827392578125 HTTP/1.1" 200 0 "-" "WordPress/6.8.10; https://www.goswiet.com"
193.186.4.173 - - [25/Sep/2026:23:29:47 +0800] "GET / HTTP/2" 200 27678 "https://www.google.com/" "Mozilla/5.0 (Linux; Android 10; K) AppleWebKit/537.36 (KHTML, like Gecko) Chrome/153.0.0.0 Mobile Safari/537.36"
51.89.69.102 - - [25/Sep/2026:23:45:39 +0800] "GET /wp-sitemap-posts-page-1.xml HTTP/2" 200 319 "-" "Mozilla/5.0 (compatible; AhrefsBot/7.0; +http://ahrefs.com/robot/)"
51.89.71.87 - - [25/Sep/2026:23:45:43 +0800] "GET /wp-sitemap-taxonomies-post_tag-1.xml HTTP/2" 200 187 "-" "Mozilla/5.0 (compatible; AhrefsBot/7.0; +http://ahrefs.com/robot/)"
47.128.32.0 - - [25/Sep/2026:23:55:07 +0800] "GET /prof-madya-dr-liza-md-salleh/ HTTP/2" 403 1242 "-" "Mozilla/5.0 (Linux; Android 5.0) AppleWebKit/537.36 (KHTML, like Gecko) Mobile Safari/537.36 (compatible; TikTokSpider; ttspider-feedback@tiktok.com)"
113.211.128.235 - - [25/Sep/2026:23:51:02 +0800] "GET /wp-content/uploads/2021/02/cropped-goswiet-.com_-180x180.png HTTP/3" 200 22989 "https://www.goswiet.com/" "Mozilla/5.0 (X11; Linux x86_64) AppleWebKit/537.36 (KHTML, like Gecko) Chrome/152.0.0.0 Safari/537.36"
113.211.128.235 - - [25/Sep/2026:23:54:47 +0800] "POST /wp-content/plugins/burst-statistics/endpoint.php HTTP/3" 200 0 "https://www.goswiet.com/" "Mozilla/5.0 (X11; Linux x86_64) AppleWebKit/537.36 (KHTML, like Gecko) Chrome/152.0.0.0 Safari/537.36"
66.249.64.8 - - [25/Sep/2026:23:16:42 +0800] "GET /goswiet/ HTTP/1.1" 301 0 "-" "Mozilla/5.0 (Linux; Android 6.0.1; Nexus 5X Build/MMB29P) AppleWebKit/537.36 (KHTML, like Gecko) Chrome/153.0.8010.52 Mobile Safari/537.36 (compatible; Googlebot/2.1; +http://www.google.com/bot.html)"
66.249.64.9 - - [25/Sep/2026:23:16:45 +0800] "GET /wp-includes/js/mediaelement/mediaelement-migrate.min.js?ver=6.8.10 HTTP/1.1" 200 479 "https://www.goswiet.com/" "Mozilla/5.0 (Linux; Android 6.0.1; Nexus 5X Build/MMB29P) AppleWebKit/537.36 (KHTML, like Gecko) Chrome/153.0.8010.52 Mobile Safari/537.36 (compatible; Googlebot/2.1; +http://www.google.com/bot.html)"
101.99.69.250 - - [25/Sep/2026:23:29:47 +0800] "POST /wp-cron.php?doing_wp_cron=1790350187.4162650108337402343750 HTTP/1.1" 200 0 "-" "WordPress/6.8.10; https://www.goswiet.com"
51.89.59.34 - - [25/Sep/2026:23:45:41 +0800] "GET /wp-sitemap-taxonomies-category-1.xml HTTP/2" 200 182 "-" "Mozilla/5.0 (compatible; AhrefsBot/7.0; +http://ahrefs.com/robot/)"
101.99.69.250 - - [25/Sep/2026:23:50:51 +0800] "POST /wp-cron.php?doing_wp_cron=1790351451.5509860515594482421875 HTTP/1.1" 200 0 "-" "WordPress/6.8.10; https://www.goswiet.com"
113.211.128.235 - - [25/Sep/2026:23:51:01 +0800] "GET /wp-content/plugins/litespeed-cache/assets/css/litespeed-dummy.css?ver=6.8.10 HTTP/2" 200 60 "https://www.goswiet.com/" "Mozilla/5.0 (X11; Linux x86_64) AppleWebKit/537.36 (KHTML, like Gecko) Chrome/152.0.0.0 Safari/537.36"
113.211.128.235 - - [25/Sep/2026:23:51:01 +0800] "GET /wp-content/et-cache/236630/et-divi-dynamic-236630.css?ver=1790220747 HTTP/2" 200 2204 "https://www.goswiet.com/" "Mozilla/5.0 (X11; Linux x86_64) AppleWebKit/537.36 (KHTML, like Gecko) Chrome/152.0.0.0 Safari/537.36"
113.211.128.235 - - [25/Sep/2026:23:51:01 +0800] "GET /wp-content/et-cache/236630/et-core-unified-deferred-236630.min.css?ver=1790220748 HTTP/2" 200 1254 "https://www.goswiet.com/" "Mozilla/5.0 (X11; Linux x86_64) AppleWebKit/537.36 (KHTML, like Gecko) Chrome/152.0.0.0 Safari/537.36"
113.211.128.235 - - [25/Sep/2026:23:51:01 +0800] "GET /wp-content/uploads/2026/03/fake-11.jpg HTTP/2" 200 87227 "https://www.goswiet.com/" "Mozilla/5.0 (X11; Linux x86_64) AppleWebKit/537.36 (KHTML, like Gecko) Chrome/152.0.0.0 Safari/537.36"
113.211.128.235 - - [25/Sep/2026:23:51:01 +0800] "GET /wp-includes/js/mediaelement/mediaelementplayer-legacy.min.css?ver=4.2.17 HTTP/2" 200 2394 "https://www.goswiet.com/" "Mozilla/5.0 (X11; Linux x86_64) AppleWebKit/537.36 (KHTML, like Gecko) Chrome/152.0.0.0 Safari/537.36"
113.211.128.235 - - [25/Sep/2026:23:51:01 +0800] "GET /wp-content/uploads/2024/08/logo-goswiet-baru.png HTTP/2" 200 115488 "https://www.goswiet.com/" "Mozilla/5.0 (X11; Linux x86_64) AppleWebKit/537.36 (KHTML, like Gecko) Chrome/152.0.0.0 Safari/537.36"
113.211.128.235 - - [25/Sep/2026:23:51:01 +0800] "GET /wp-includes/js/mediaelement/wp-mediaelement.min.css?ver=6.8.10 HTTP/2" 200 982 "https://www.goswiet.com/" "Mozilla/5.0 (X11; Linux x86_64) AppleWebKit/537.36 (KHTML, like Gecko) Chrome/152.0.0.0 Safari/537.36"
113.211.128.235 - - [25/Sep/2026:23:53:14 +0800] "POST /wp-content/plugins/burst-statistics/endpoint.php HTTP/3" 200 0 "https://www.goswiet.com/" "Mozilla/5.0 (X11; Linux x86_64) AppleWebKit/537.36 (KHTML, like Gecko) Chrome/152.0.0.0 Safari/537.36"
113.211.128.235 - - [25/Sep/2026:23:53:20 +0800] "POST /wp-content/plugins/burst-statistics/endpoint.php HTTP/3" 500 461 "https://www.goswiet.com/" "Mozilla/5.0 (X11; Linux x86_64) AppleWebKit/537.36 (KHTML, like Gecko) Chrome/152.0.0.0 Safari/537.36"
20.191.45.212 - - [26/Sep/2026:00:03:59 +0800] "GET / HTTP/1.1" 200 32706 "http://www.goswiet.com" "DuckDuckBot/1.1; (+http://duckduckgo.com/duckduckbot.html)"
51.89.69.45 - - [26/Sep/2026:00:15:36 +0800] "GET /category/kisah/feed/ HTTP/2" 200 2344 "-" "Mozilla/5.0 (compatible; AhrefsBot/7.0; +http://ahrefs.com/robot/)"
101.99.69.250 - - [26/Sep/2026:00:21:05 +0800] "POST /wp-cron.php?doing_wp_cron=1790353265.9520289897918701171875 HTTP/1.1" 200 0 "-" "WordPress/6.8.10; https://www.goswiet.com"
35.205.224.26 - - [26/Sep/2026:00:21:07 +0800] "GET / HTTP/1.1" 200 27691 "https://goswiet.com" "Mozilla/5.0 (Macintosh; Intel Mac OS X 10_15_7) AppleWebKit/537.36 (KHTML, like Gecko) Chrome/153.0.0.0 Safari/537.36"
35.205.224.26 - - [26/Sep/2026:00:21:08 +0800] "GET /jcwrg23nifuuhhc178kq HTTP/1.1" 403 1242 "-" "Mozilla/5.0 (compatible; Bytespider; spider-feedback@bytedance.com) AppleWebKit/537.36"
35.205.224.26 - - [26/Sep/2026:00:21:08 +0800] "GET /wp-includes/js/jquery/jquery.min.js?ver=3.7.1 HTTP/1.1" 200 29744 "-" "Mozilla/5.0 (Macintosh; Intel Mac OS X 10_15_7) AppleWebKit/537.36 (KHTML, like Gecko) Chrome/153.0.0.0 Safari/537.36"
35.205.224.26 - - [26/Sep/2026:00:21:08 +0800] "GET /wp-content/themes/Divi/core/admin/js/common.js?ver=4.27.7 HTTP/1.1" 200 490 "-" "Mozilla/5.0 (Macintosh; Intel Mac OS X 10_15_7) AppleWebKit/537.36 (KHTML, like Gecko) Chrome/153.0.0.0 Safari/537.36"
35.205.224.26 - - [26/Sep/2026:00:21:08 +0800] "GET /wp-includes/js/jquery/jquery-migrate.min.js?ver=3.4.1 HTTP/1.1" 200 4678 "-" "Mozilla/5.0 (Macintosh; Intel Mac OS X 10_15_7) AppleWebKit/537.36 (KHTML, like Gecko) Chrome/153.0.0.0 Safari/537.36"
35.205.224.26 - - [26/Sep/2026:00:21:08 +0800] "GET /wp-includes/js/mediaelement/renderers/vimeo.min.js?ver=4.2.17 HTTP/1.1" 200 2071 "-" "Mozilla/5.0 (Macintosh; Intel Mac OS X 10_15_7) AppleWebKit/537.36 (KHTML, like Gecko) Chrome/153.0.0.0 Safari/537.36"
35.205.224.26 - - [26/Sep/2026:00:21:08 +0800] "GET /webpack-stats.json HTTP/1.1" 301 0 "-" "Mozilla/5.0 (Macintosh; Intel Mac OS X 10_15_7) AppleWebKit/537.36 (KHTML, like Gecko) Chrome/153.0.0.0 Safari/537.36"
35.205.224.26 - - [26/Sep/2026:00:21:08 +0800] "GET /dist/manifest.json HTTP/1.1" 301 0 "-" "Mozilla/5.0 (Macintosh; Intel Mac OS X 10_15_7) AppleWebKit/537.36 (KHTML, like Gecko) Chrome/153.0.0.0 Safari/537.36"
35.205.224.26 - - [26/Sep/2026:00:21:09 +0800] "GET /manifest.json HTTP/1.1" 404 13066 "https://goswiet.com/manifest.json" "Mozilla/5.0 (Macintosh; Intel Mac OS X 10_15_7) AppleWebKit/537.36 (KHTML, like Gecko) Chrome/153.0.0.0 Safari/537.36"
35.205.224.26 - - [26/Sep/2026:00:21:09 +0800] "GET /secure HTTP/1.1" 301 0 "-" "Mozilla/5.0 (Macintosh; Intel Mac OS X 10_15_7) AppleWebKit/537.36 (KHTML, like Gecko) Chrome/153.0.0.0 Safari/537.36"
35.205.224.26 - - [26/Sep/2026:00:21:10 +0800] "GET /sign-in HTTP/1.1" 301 0 "-" "Mozilla/5.0 (Macintosh; Intel Mac OS X 10_15_7) AppleWebKit/537.36 (KHTML, like Gecko) Chrome/153.0.0.0 Safari/537.36"
35.205.224.26 - - [26/Sep/2026:00:21:10 +0800] "GET /register HTTP/1.1" 301 0 "-" "Mozilla/5.0 (Macintosh; Intel Mac OS X 10_15_7) AppleWebKit/537.36 (KHTML, like Gecko) Chrome/153.0.0.0 Safari/537.36"
35.205.224.26 - - [26/Sep/2026:00:21:10 +0800] "GET /login HTTP/1.1" 302 0 "https://goswiet.com/login" "Mozilla/5.0 (Macintosh; Intel Mac OS X 10_15_7) AppleWebKit/537.36 (KHTML, like Gecko) Chrome/153.0.0.0 Safari/537.36"
35.205.224.26 - - [26/Sep/2026:00:21:10 +0800] "GET /forgot-password HTTP/1.1" 301 0 "-" "Mozilla/5.0 (Macintosh; Intel Mac OS X 10_15_7) AppleWebKit/537.36 (KHTML, like Gecko) Chrome/153.0.0.0 Safari/537.36"
35.205.224.26 - - [26/Sep/2026:00:21:10 +0800] "GET /auth HTTP/1.1" 404 13065 "https://goswiet.com/auth" "Mozilla/5.0 (Macintosh; Intel Mac OS X 10_15_7) AppleWebKit/537.36 (KHTML, like Gecko) Chrome/153.0.0.0 Safari/537.36"
35.205.224.26 - - [26/Sep/2026:00:21:11 +0800] "GET /register HTTP/1.1" 404 13065 "https://goswiet.com/register" "Mozilla/5.0 (Macintosh; Intel Mac OS X 10_15_7) AppleWebKit/537.36 (KHTML, like Gecko) Chrome/153.0.0.0 Safari/537.36"
47.128.16.148 - - [26/Sep/2026:00:03:08 +0800] "GET /prof-madya-dr-liza-md-salleh/ HTTP/2" 403 1242 "-" "Mozilla/5.0 (Linux; Android 5.0) AppleWebKit/537.36 (KHTML, like Gecko) Mobile Safari/537.36 (compatible; TikTokSpider; ttspider-feedback@tiktok.com)"
20.191.45.212 - - [26/Sep/2026:00:03:23 +0800] "GET / HTTP/1.1" 200 32706 "http://www.goswiet.com" "DuckDuckBot/1.1; (+http://duckduckgo.com/duckduckbot.html)"
20.191.45.212 - - [26/Sep/2026:00:04:00 +0800] "GET /wp-content/uploads/2021/02/cropped-goswiet-.com_-32x32.png HTTP/1.1" 403 1242 "-" "DuckDuckBot/1.1; (+http://duckduckgo.com/duckduckbot.html)"
20.191.45.212 - - [26/Sep/2026:00:04:28 +0800] "GET / HTTP/1.1" 200 32706 "http://www.goswiet.com" "DuckDuckBot/1.1; (+http://duckduckgo.com/duckduckbot.html)"
35.205.224.26 - - [26/Sep/2026:00:21:08 +0800] "GET /wp-content/plugins/burst-statistics/assets/js/timeme/timeme.min.js?ver=1782834345 HTTP/1.1" 200 1831 "-" "Mozilla/5.0 (Macintosh; Intel Mac OS X 10_15_7) AppleWebKit/537.36 (KHTML, like Gecko) Chrome/153.0.0.0 Safari/537.36"
35.205.224.26 - - [26/Sep/2026:00:21:08 +0800] "GET /asset-manifest.json HTTP/1.1" 301 0 "-" "Mozilla/5.0 (Macintosh; Intel Mac OS X 10_15_7) AppleWebKit/537.36 (KHTML, like Gecko) Chrome/153.0.0.0 Safari/537.36"
35.205.224.26 - - [26/Sep/2026:00:21:08 +0800] "POST /lib/terminal-xhr.php HTTP/1.1" 404 14760 "-" "Mozilla/5.0 (compatible; Bravebot/1.0; +https://brave.com/search/)"
35.205.224.26 - - [26/Sep/2026:00:21:08 +0800] "GET /static/manifest.json HTTP/1.1" 301 0 "-" "Mozilla/5.0 (Macintosh; Intel Mac OS X 10_15_7) AppleWebKit/537.36 (KHTML, like Gecko) Chrome/153.0.0.0 Safari/537.36"
35.205.224.26 - - [26/Sep/2026:00:21:09 +0800] "GET /assets/manifest.json HTTP/1.1" 404 13066 "https://goswiet.com/assets/manifest.json" "Mozilla/5.0 (Macintosh; Intel Mac OS X 10_15_7) AppleWebKit/537.36 (KHTML, like Gecko) Chrome/153.0.0.0 Safari/537.36"
35.205.224.26 - - [26/Sep/2026:00:21:09 +0800] "GET /static/manifest.json HTTP/1.1" 404 13065 "https://goswiet.com/static/manifest.json" "Mozilla/5.0 (Macintosh; Intel Mac OS X 10_15_7) AppleWebKit/537.36 (KHTML, like Gecko) Chrome/153.0.0.0 Safari/537.36"
35.205.224.26 - - [26/Sep/2026:00:21:09 +0800] "GET /dist/manifest.json HTTP/1.1" 404 13065 "https://goswiet.com/dist/manifest.json" "Mozilla/5.0 (Macintosh; Intel Mac OS X 10_15_7) AppleWebKit/537.36 (KHTML, like Gecko) Chrome/153.0.0.0 Safari/537.36"
35.205.224.26 - - [26/Sep/2026:00:21:10 +0800] "GET /account/login HTTP/1.1" 301 0 "-" "Mozilla/5.0 (Macintosh; Intel Mac OS X 10_15_7) AppleWebKit/537.36 (KHTML, like Gecko) Chrome/153.0.0.0 Safari/537.36"
35.205.224.26 - - [26/Sep/2026:00:21:10 +0800] "GET /signup HTTP/1.1" 301 0 "-" "Mozilla/5.0 (Macintosh; Intel Mac OS X 10_15_7) AppleWebKit/537.36 (KHTML, like Gecko) Chrome/153.0.0.0 Safari/537.36"
35.205.224.26 - - [26/Sep/2026:00:21:10 +0800] "GET /sign-in HTTP/1.1" 404 13065 "https://goswiet.com/sign-in" "Mozilla/5.0 (Macintosh; Intel Mac OS X 10_15_7) AppleWebKit/537.36 (KHTML, like Gecko) Chrome/153.0.0.0 Safari/537.36"
35.205.224.26 - - [26/Sep/2026:00:21:11 +0800] "GET /reset-password HTTP/1.1" 301 0 "-" "Mozilla/5.0 (Macintosh; Intel Mac OS X 10_15_7) AppleWebKit/537.36 (KHTML, like Gecko) Chrome/153.0.0.0 Safari/537.36"
35.205.224.26 - - [26/Sep/2026:00:21:11 +0800] "GET /signup HTTP/1.1" 404 13065 "https://goswiet.com/signup" "Mozilla/5.0 (Macintosh; Intel Mac OS X 10_15_7) AppleWebKit/537.36 (KHTML, like Gecko) Chrome/153.0.0.0 Safari/537.36"
35.205.224.26 - - [26/Sep/2026:00:21:12 +0800] "GET /forgot-password HTTP/1.1" 404 13065 "https://goswiet.com/forgot-password" "Mozilla/5.0 (Macintosh; Intel Mac OS X 10_15_7) AppleWebKit/537.36 (KHTML, like Gecko) Chrome/153.0.0.0 Safari/537.36"
35.205.224.26 - - [26/Sep/2026:00:21:12 +0800] "GET /console HTTP/1.1" 301 0 "-" "Mozilla/5.0 (Macintosh; Intel Mac OS X 10_15_7) AppleWebKit/537.36 (KHTML, like Gecko) Chrome/153.0.0.0 Safari/537.36"
101.99.69.250 - - [26/Sep/2026:00:15:37 +0800] "POST /wp-cron.php?doing_wp_cron=1790352937.6754500865936279296875 HTTP/1.1" 200 0 "-" "WordPress/6.8.10; https://www.goswiet.com"
35.205.224.26 - - [26/Sep/2026:00:21:04 +0800] "GET / HTTP/1.1" 301 0 "-" "Mozilla/5.0 (Macintosh; Intel Mac OS X 10_15_7) AppleWebKit/537.36 (KHTML, like Gecko) Chrome/153.0.0.0 Safari/537.36"
35.205.224.26 - - [26/Sep/2026:00:21:08 +0800] "GET /wp-includes/js/mediaelement/mediaelement-migrate.min.js?ver=6.8.10 HTTP/1.1" 200 479 "-" "Mozilla/5.0 (Macintosh; Intel Mac OS X 10_15_7) AppleWebKit/537.36 (KHTML, like Gecko) Chrome/153.0.0.0 Safari/537.36"
35.205.224.26 - - [26/Sep/2026:00:21:08 +0800] "GET /wp-content/themes/Divi/js/scripts.min.js?ver=4.27.7 HTTP/1.1" 200 65280 "-" "Mozilla/5.0 (Macintosh; Intel Mac OS X 10_15_7) AppleWebKit/537.36 (KHTML, like Gecko) Chrome/153.0.0.0 Safari/537.36"
35.205.224.26 - - [26/Sep/2026:00:21:08 +0800] "GET /wp-includes/js/mediaelement/wp-mediaelement.min.js?ver=6.8.10 HTTP/1.1" 200 453 "-" "Mozilla/5.0 (Macintosh; Intel Mac OS X 10_15_7) AppleWebKit/537.36 (KHTML, like Gecko) Chrome/153.0.0.0 Safari/537.36"
35.205.224.26 - - [26/Sep/2026:00:21:08 +0800] "GET /assets/manifest.json HTTP/1.1" 301 0 "-" "Mozilla/5.0 (Macintosh; Intel Mac OS X 10_15_7) AppleWebKit/537.36 (KHTML, like Gecko) Chrome/153.0.0.0 Safari/537.36"
35.205.224.26 - - [26/Sep/2026:00:21:08 +0800] "GET /jyx3cai7e6wule5amkpa HTTP/1.1" 301 0 "-" "Mozilla/5.0 AppleWebKit/537.36 (KHTML, like Gecko; compatible; Claude-SearchBot/1.0; +claudebot@anthropic.com)"
35.205.224.26 - - [26/Sep/2026:00:21:08 +0800] "GET /manifest.json HTTP/1.1" 301 0 "-" "Mozilla/5.0 (Macintosh; Intel Mac OS X 10_15_7) AppleWebKit/537.36 (KHTML, like Gecko) Chrome/153.0.0.0 Safari/537.36"
35.205.224.26 - - [26/Sep/2026:00:21:09 +0800] "GET /jyx3cai7e6wule5amkpa HTTP/1.1" 404 14801 "https://goswiet.com/jyx3cai7e6wule5amkpa" "Mozilla/5.0 AppleWebKit/537.36 (KHTML, like Gecko; compatible; Claude-SearchBot/1.0; +claudebot@anthropic.com)"
35.205.224.26 - - [26/Sep/2026:00:21:09 +0800] "GET /signin HTTP/1.1" 301 0 "-" "Mozilla/5.0 (Macintosh; Intel Mac OS X 10_15_7) AppleWebKit/537.36 (KHTML, like Gecko) Chrome/153.0.0.0 Safari/537.36"
35.205.224.26 - - [26/Sep/2026:00:21:09 +0800] "POST /graphql HTTP/1.1" 404 7220 "https://goswiet.com" "Mozilla/5.0 (Macintosh; Intel Mac OS X 10_15_7) AppleWebKit/537.36 (KHTML, like Gecko) Chrome/153.0.0.0 Safari/537.36"
35.205.224.26 - - [26/Sep/2026:00:21:10 +0800] "GET /secure HTTP/1.1" 404 13064 "https://goswiet.com/secure" "Mozilla/5.0 (Macintosh; Intel Mac OS X 10_15_7) AppleWebKit/537.36 (KHTML, like Gecko) Chrome/153.0.0.0 Safari/537.36"
