135.181.115.164 - - [26/Sep/2026:12:54:08 +0800] "GET /wp-content/plugins/bayarcash-wc/includes/admin/img/fpx/fpx-online-banking.png HTTP/2" 200 62674 "https://www.goswiethq.com.my/" "Mozilla/5.0 (Windows NT 10.0; Win64; x64) AppleWebKit/537.36 (KHTML, like Gecko) Chrome/124.0.0.0 Safari/537.36"
135.181.115.164 - - [26/Sep/2026:12:54:08 +0800] "GET /wp-content/plugins/woocommerce/assets/js/flexslider/jquery.flexslider.min.js?ver=2.7.2-wc.10.0.4 HTTP/2" 200 6017 "https://www.goswiethq.com.my/" "Mozilla/5.0 (Windows NT 10.0; Win64; x64) AppleWebKit/537.36 (KHTML, like Gecko) Chrome/124.0.0.0 Safari/537.36"
101.99.69.250 - - [26/Sep/2026:12:47:49 +0800] "POST /wp-cron.php?doing_wp_cron=1790398069.2990350723266601562500 HTTP/1.1" 200 0 "-" "WordPress/7.1.2; https://www.goswiethq.com.my"
66.249.64.107 - - [26/Sep/2026:12:52:51 +0800] "GET /wp-content/plugins/elementor/assets/lib/swiper/css/swiper.min.css?ver=5.3.6 HTTP/1.1" 200 2179 "https://www.goswiethq.com.my/" "Mozilla/5.0 (Linux; Android 6.0.1; Nexus 5X Build/MMB29P) AppleWebKit/537.36 (KHTML, like Gecko) Chrome/153.0.8010.52 Mobile Safari/537.36 (compatible; Googlebot/2.1; +http://www.google.com/bot.html)"
66.249.64.108 - - [26/Sep/2026:12:53:09 +0800] "GET /wp-content/plugins/woocommerce/assets/js/frontend/woocommerce.min.js?ver=10.0.4 HTTP/1.1" 200 1332 "https://www.goswiethq.com.my/" "Mozilla/5.0 (Linux; Android 6.0.1; Nexus 5X Build/MMB29P) AppleWebKit/537.36 (KHTML, like Gecko) Chrome/153.0.8010.52 Mobile Safari/537.36 (compatible; Googlebot/2.1; +http://www.google.com/bot.html)"
66.249.64.108 - - [26/Sep/2026:12:53:21 +0800] "POST /wp-admin/admin-ajax.php HTTP/1.1" 200 4027 "https://www.goswiethq.com.my/" "Mozilla/5.0 (Linux; Android 6.0.1; Nexus 5X Build/MMB29P) AppleWebKit/537.36 (KHTML, like Gecko) Chrome/153.0.8010.52 Mobile Safari/537.36 (compatible; Googlebot/2.1; +http://www.google.com/bot.html)"
101.99.69.250 - - [26/Sep/2026:12:53:28 +0800] "POST /wp-cron.php?doing_wp_cron=1790398408.8073990345001220703125 HTTP/1.1" 200 0 "-" "WordPress/7.1.2; https://www.goswiethq.com.my"
66.249.64.109 - - [26/Sep/2026:12:54:01 +0800] "GET /wp-content/plugins/cartflows-pro/assets/css/frontend.css?ver=1.11.11 HTTP/1.1" 200 1768 "https://www.goswiethq.com.my/" "Mozilla/5.0 AppleWebKit/537.36 (KHTML, like Gecko; compatible; Googlebot/2.1; +http://www.google.com/bot.html) Chrome/153.0.8010.36 Safari/537.36"
66.249.64.107 - - [26/Sep/2026:12:54:06 +0800] "GET /wp-content/plugins/woocommerce/assets/css/select2.css?ver=10.0.4 HTTP/1.1" 200 1737 "https://www.goswiethq.com.my/" "Mozilla/5.0 (Linux; Android 6.0.1; Nexus 5X Build/MMB29P) AppleWebKit/537.36 (KHTML, like Gecko) Chrome/153.0.8010.36 Mobile Safari/537.36 (compatible; Googlebot/2.1; +http://www.google.com/bot.html)"
66.249.64.107 - - [26/Sep/2026:12:54:08 +0800] "GET /wp-content/plugins/elementor/assets/lib/waypoints/waypoints.min.js?ver=4.0.2 HTTP/1.1" 200 2867 "https://www.goswiethq.com.my/" "Mozilla/5.0 (Linux; Android 6.0.1; Nexus 5X Build/MMB29P) AppleWebKit/537.36 (KHTML, like Gecko) Chrome/153.0.8010.36 Mobile Safari/537.36 (compatible; Googlebot/2.1; +http://www.google.com/bot.html)"
66.249.64.107 - - [26/Sep/2026:12:54:10 +0800] "GET /wp-content/plugins/cartflows/assets/js/checkout-template.js?ver=1.11.10 HTTP/1.1" 200 4565 "https://www.goswiethq.com.my/" "Mozilla/5.0 (Linux; Android 6.0.1; Nexus 5X Build/MMB29P) AppleWebKit/537.36 (KHTML, like Gecko) Chrome/153.0.8010.36 Mobile Safari/537.36 (compatible; Googlebot/2.1; +http://www.google.com/bot.html)"
66.249.64.107 - - [26/Sep/2026:12:54:11 +0800] "GET /wp-includes/js/dist/i18n.min.js?ver=1dfe7db3940c23ea9216 HTTP/1.1" 200 2379 "https://www.goswiethq.com.my/" "Mozilla/5.0 (Linux; Android 6.0.1; Nexus 5X Build/MMB29P) AppleWebKit/537.36 (KHTML, like Gecko) Chrome/153.0.8010.36 Mobile Safari/537.36 (compatible; Googlebot/2.1; +http://www.google.com/bot.html)"
66.249.64.107 - - [26/Sep/2026:12:54:12 +0800] "GET /wp-includes/js/jquery/ui/core.min.js?ver=1.14.2 HTTP/1.1" 200 6276 "https://www.goswiethq.com.my/" "Mozilla/5.0 (Linux; Android 6.0.1; Nexus 5X Build/MMB29P) AppleWebKit/537.36 (KHTML, like Gecko) Chrome/153.0.8010.36 Mobile Safari/537.36 (compatible; Googlebot/2.1; +http://www.google.com/bot.html)"
66.249.64.107 - - [26/Sep/2026:12:54:14 +0800] "GET /wp-content/plugins/elementor/assets/lib/dialog/dialog.min.js?ver=4.9.0 HTTP/1.1" 200 3296 "https://www.goswiethq.com.my/" "Mozilla/5.0 (Linux; Android 6.0.1; Nexus 5X Build/MMB29P) AppleWebKit/537.36 (KHTML, like Gecko) Chrome/153.0.8010.36 Mobile Safari/537.36 (compatible; Googlebot/2.1; +http://www.google.com/bot.html)"
135.181.115.164 - - [26/Sep/2026:12:54:08 +0800] "GET /wp-content/plugins/woocommerce-gateway-stripe/assets/images/cards.svg HTTP/2" 200 330 "https://www.goswiethq.com.my/" "Mozilla/5.0 (Windows NT 10.0; Win64; x64) AppleWebKit/537.36 (KHTML, like Gecko) Chrome/124.0.0.0 Safari/537.36"
135.181.115.164 - - [26/Sep/2026:12:54:08 +0800] "POST /burst-statistics-endpoint.php HTTP/2" 200 0 "https://www.goswiethq.com.my/" "Mozilla/5.0 (Windows NT 10.0; Win64; x64) AppleWebKit/537.36 (KHTML, like Gecko) Chrome/124.0.0.0 Safari/537.36"
135.181.115.164 - - [26/Sep/2026:12:54:05 +0800] "POST /wp-admin/admin-ajax.php HTTP/2" 200 0 "https://www.goswiethq.com.my/" "Mozilla/5.0 (Windows NT 10.0; Win64; x64) AppleWebKit/537.36 (KHTML, like Gecko) Chrome/124.0.0.0 Safari/537.36"
135.181.115.164 - - [26/Sep/2026:12:54:09 +0800] "GET /wp-content/plugins/woocommerce/assets/images/icons/loader.svg HTTP/2" 200 158 "https://www.goswiethq.com.my/wp-content/plugins/woocommerce/assets/css/woocommerce.css?ver=10.0.4" "Mozilla/5.0 (Windows NT 10.0; Win64; x64) AppleWebKit/537.36 (KHTML, like Gecko) Chrome/124.0.0.0 Safari/537.36"
135.181.115.164 - - [26/Sep/2026:12:54:08 +0800] "GET /wp-content/uploads/2025/06/intro-101.mp4 HTTP/2" 206 3930000 "https://www.goswiethq.com.my/" "Mozilla/5.0 (Windows NT 10.0; Win64; x64) AppleWebKit/537.36 (KHTML, like Gecko) Chrome/124.0.0.0 Safari/537.36"
135.181.115.164 - - [26/Sep/2026:12:54:09 +0800] "POST /?wc-ajax=update_order_review&wcf_checkout_id=2454 HTTP/2" 200 1993 "https://www.goswiethq.com.my/" "Mozilla/5.0 (Windows NT 10.0; Win64; x64) AppleWebKit/537.36 (KHTML, like Gecko) Chrome/124.0.0.0 Safari/537.36"
135.181.115.164 - - [26/Sep/2026:12:54:09 +0800] "POST /wp-admin/admin-ajax.php HTTP/2" 200 3987 "https://www.goswiethq.com.my/" "Mozilla/5.0 (Windows NT 10.0; Win64; x64) AppleWebKit/537.36 (KHTML, like Gecko) Chrome/124.0.0.0 Safari/537.36"
135.181.115.164 - - [26/Sep/2026:12:54:15 +0800] "POST /burst-statistics-endpoint.php HTTP/2" 200 0 "https://www.goswiethq.com.my/" "Mozilla/5.0 (Windows NT 10.0; Win64; x64) AppleWebKit/537.36 (KHTML, like Gecko) Chrome/124.0.0.0 Safari/537.36"
135.181.115.164 - - [26/Sep/2026:12:54:17 +0800] "GET /wp-json/wc/store/v1/products?per_page=10 HTTP/1.1" 200 2759 "-" "Mozilla/5.0 (Windows NT 10.0; Win64; x64) AppleWebKit/537.36 (KHTML, like Gecko) Chrome/124.0.0.0 Safari/537.36"
135.181.115.164 - - [26/Sep/2026:12:54:21 +0800] "GET /wp-json/wc/store/v1/products?per_page=1 HTTP/1.1" 200 1761 "-" "Mozilla/5.0 (Windows NT 10.0; Win64; x64) AppleWebKit/537.36 (KHTML, like Gecko) Chrome/124.0.0.0 Safari/537.36"
135.181.115.164 - - [26/Sep/2026:12:54:23 +0800] "GET /shop/ HTTP/2" 200 18670 "-" "Mozilla/5.0 (Windows NT 10.0; Win64; x64) AppleWebKit/537.36 (KHTML, like Gecko) Chrome/124.0.0.0 Safari/537.36"
135.181.115.164 - - [26/Sep/2026:12:54:23 +0800] "GET /wp-content/plugins/visitors-traffic-real-time-statistics-pro/js/front.js?ver=7.1.1 HTTP/2" 200 550 "https://www.goswiethq.com.my/shop/" "Mozilla/5.0 (Windows NT 10.0; Win64; x64) AppleWebKit/537.36 (KHTML, like Gecko) Chrome/124.0.0.0 Safari/537.36"
135.181.115.164 - - [26/Sep/2026:12:54:23 +0800] "GET /wp-includes/js/wp-util.min.js?ver=7.1.1 HTTP/2" 200 693 "https://www.goswiethq.com.my/shop/" "Mozilla/5.0 (Windows NT 10.0; Win64; x64) AppleWebKit/537.36 (KHTML, like Gecko) Chrome/124.0.0.0 Safari/537.36"
135.181.115.164 - - [26/Sep/2026:12:54:23 +0800] "GET /wp-content/themes/cerato-child/style.css?ver=7.1.1 HTTP/2" 200 184 "https://www.goswiethq.com.my/shop/" "Mozilla/5.0 (Windows NT 10.0; Win64; x64) AppleWebKit/537.36 (KHTML, like Gecko) Chrome/124.0.0.0 Safari/537.36"
135.181.115.164 - - [26/Sep/2026:12:54:23 +0800] "GET /wp-content/themes/cerato/assets/vendor/cleverfont/style.min.css?ver=2.2.13 HTTP/2" 200 2478 "https://www.goswiethq.com.my/shop/" "Mozilla/5.0 (Windows NT 10.0; Win64; x64) AppleWebKit/537.36 (KHTML, like Gecko) Chrome/124.0.0.0 Safari/537.36"
135.181.115.164 - - [26/Sep/2026:12:54:23 +0800] "GET /wp-content/themes/cerato/assets/vendor/bootstrap/bootstrap-grid.min.css?ver=7.1.1 HTTP/2" 200 4722 "https://www.goswiethq.com.my/shop/" "Mozilla/5.0 (Windows NT 10.0; Win64; x64) AppleWebKit/537.36 (KHTML, like Gecko) Chrome/124.0.0.0 Safari/537.36"
135.181.115.164 - - [26/Sep/2026:12:54:23 +0800] "GET /wp-content/plugins/woocommerce-one-page-checkout/css/one-page-checkout.css?ver=7.1.1 HTTP/2" 200 1220 "https://www.goswiethq.com.my/shop/" "Mozilla/5.0 (Windows NT 10.0; Win64; x64) AppleWebKit/537.36 (KHTML, like Gecko) Chrome/124.0.0.0 Safari/537.36"
135.181.115.164 - - [26/Sep/2026:12:54:23 +0800] "GET /wp-content/themes/cerato/assets/css/zoo-styles.css?ver=7.1.1 HTTP/2" 200 18198 "https://www.goswiethq.com.my/shop/" "Mozilla/5.0 (Windows NT 10.0; Win64; x64) AppleWebKit/537.36 (KHTML, like Gecko) Chrome/124.0.0.0 Safari/537.36"
135.181.115.164 - - [26/Sep/2026:12:54:23 +0800] "GET /wp-content/themes/cerato/assets/css/zoo-custom-style.css?ver=7.1.1 HTTP/2" 200 8907 "https://www.goswiethq.com.my/shop/" "Mozilla/5.0 (Windows NT 10.0; Win64; x64) AppleWebKit/537.36 (KHTML, like Gecko) Chrome/124.0.0.0 Safari/537.36"
135.181.115.164 - - [26/Sep/2026:12:54:23 +0800] "GET /wp-content/themes/cerato/assets/css/zoo-woocommerce.css?ver=7.1.1 HTTP/2" 200 18927 "https://www.goswiethq.com.my/shop/" "Mozilla/5.0 (Windows NT 10.0; Win64; x64) AppleWebKit/537.36 (KHTML, like Gecko) Chrome/124.0.0.0 Safari/537.36"
135.181.115.164 - - [26/Sep/2026:12:54:23 +0800] "GET /wp-content/uploads/2022/07/swietderm-new-300x300.jpg HTTP/2" 200 17765 "https://www.goswiethq.com.my/shop/" "Mozilla/5.0 (Windows NT 10.0; Win64; x64) AppleWebKit/537.36 (KHTML, like Gecko) Chrome/124.0.0.0 Safari/537.36"
135.181.115.164 - - [26/Sep/2026:12:54:23 +0800] "GET /wp-content/uploads/woocommerce-placeholder-300x300.webp HTTP/2" 200 1746 "https://www.goswiethq.com.my/shop/" "Mozilla/5.0 (Windows NT 10.0; Win64; x64) AppleWebKit/537.36 (KHTML, like Gecko) Chrome/124.0.0.0 Safari/537.36"
135.181.115.164 - - [26/Sep/2026:12:54:23 +0800] "GET /wp-content/uploads/2026/07/MIni-1-gs-300x300.jpg HTTP/2" 200 20994 "https://www.goswiethq.com.my/shop/" "Mozilla/5.0 (Windows NT 10.0; Win64; x64) AppleWebKit/537.36 (KHTML, like Gecko) Chrome/124.0.0.0 Safari/537.36"
135.181.115.164 - - [26/Sep/2026:12:54:24 +0800] "GET /wp-content/themes/cerato/assets/vendor/countdown/countdown.js?ver=7.1.1 HTTP/2" 200 995 "https://www.goswiethq.com.my/shop/" "Mozilla/5.0 (Windows NT 10.0; Win64; x64) AppleWebKit/537.36 (KHTML, like Gecko) Chrome/124.0.0.0 Safari/537.36"
135.181.115.164 - - [26/Sep/2026:12:54:24 +0800] "GET /wp-content/themes/cerato/assets/vendor/sticky-kit/jquery.sticky-kit.min.js?ver=7.1.1 HTTP/2" 200 1309 "https://www.goswiethq.com.my/shop/" "Mozilla/5.0 (Windows NT 10.0; Win64; x64) AppleWebKit/537.36 (KHTML, like Gecko) Chrome/124.0.0.0 Safari/537.36"
135.181.115.164 - - [26/Sep/2026:12:54:24 +0800] "GET /wp-content/themes/cerato/assets/vendor/defer/defer.min.js?ver=1.1.8 HTTP/2" 200 861 "https://www.goswiethq.com.my/shop/" "Mozilla/5.0 (Windows NT 10.0; Win64; x64) AppleWebKit/537.36 (KHTML, like Gecko) Chrome/124.0.0.0 Safari/537.36"
135.181.115.164 - - [26/Sep/2026:12:54:24 +0800] "GET /wp-content/themes/cerato/assets/js/zoo-woo-ajax.js?ver=7.1.1 HTTP/2" 200 3023 "https://www.goswiethq.com.my/shop/" "Mozilla/5.0 (Windows NT 10.0; Win64; x64) AppleWebKit/537.36 (KHTML, like Gecko) Chrome/124.0.0.0 Safari/537.36"
135.181.115.164 - - [26/Sep/2026:12:54:24 +0800] "GET /wp-content/themes/cerato/assets/js/zoo-woocommerce.js?ver=7.1.1 HTTP/2" 200 6756 "https://www.goswiethq.com.my/shop/" "Mozilla/5.0 (Windows NT 10.0; Win64; x64) AppleWebKit/537.36 (KHTML, like Gecko) Chrome/124.0.0.0 Safari/537.36"
135.181.115.164 - - [26/Sep/2026:12:54:24 +0800] "GET /wp-content/themes/cerato/assets/fonts/larsseit/larsseit.woff HTTP/2" 200 27312 "https://www.goswiethq.com.my/shop/" "Mozilla/5.0 (Windows NT 10.0; Win64; x64) AppleWebKit/537.36 (KHTML, like Gecko) Chrome/124.0.0.0 Safari/537.36"
135.181.115.164 - - [26/Sep/2026:12:54:24 +0800] "GET /wp-content/themes/cerato/assets/vendor/cleverfont/fonts/cleversoft.ttf?qj7h27 HTTP/2" 200 58678 "https://www.goswiethq.com.my/wp-content/themes/cerato/assets/vendor/cleverfont/style.min.css?ver=2.2.13" "Mozilla/5.0 (Windows NT 10.0; Win64; x64) AppleWebKit/537.36 (KHTML, like Gecko) Chrome/124.0.0.0 Safari/537.36"
135.181.115.164 - - [26/Sep/2026:12:54:24 +0800] "GET /wp-content/themes/cerato/assets/fonts/larsseit/larsseit-medium.woff HTTP/2" 200 27300 "https://www.goswiethq.com.my/shop/" "Mozilla/5.0 (Windows NT 10.0; Win64; x64) AppleWebKit/537.36 (KHTML, like Gecko) Chrome/124.0.0.0 Safari/537.36"
135.181.115.164 - - [26/Sep/2026:12:54:24 +0800] "GET /wp-content/themes/cerato/assets/fonts/larsseit/larsseit-bold.woff HTTP/2" 200 26856 "https://www.goswiethq.com.my/shop/" "Mozilla/5.0 (Windows NT 10.0; Win64; x64) AppleWebKit/537.36 (KHTML, like Gecko) Chrome/124.0.0.0 Safari/537.36"
135.181.115.164 - - [26/Sep/2026:12:54:24 +0800] "GET /wp-content/themes/cerato/assets/js/zoo-scripts.js?ver=7.1.1 HTTP/2" 200 2397 "https://www.goswiethq.com.my/shop/" "Mozilla/5.0 (Windows NT 10.0; Win64; x64) AppleWebKit/537.36 (KHTML, like Gecko) Chrome/124.0.0.0 Safari/537.36"
135.181.115.164 - - [26/Sep/2026:12:54:24 +0800] "GET /wp-content/plugins/woocommerce-one-page-checkout/js/one-page-checkout.js?ver=1.0 HTTP/2" 200 4187 "https://www.goswiethq.com.my/shop/" "Mozilla/5.0 (Windows NT 10.0; Win64; x64) AppleWebKit/537.36 (KHTML, like Gecko) Chrome/124.0.0.0 Safari/537.36"
135.181.115.164 - - [26/Sep/2026:12:54:24 +0800] "GET /wp-content/plugins/facebook-conversion-pixel/video.js?ver=7.1.1 HTTP/2" 200 2694 "https://www.goswiethq.com.my/shop/" "Mozilla/5.0 (Windows NT 10.0; Win64; x64) AppleWebKit/537.36 (KHTML, like Gecko) Chrome/124.0.0.0 Safari/537.36"
135.181.115.164 - - [26/Sep/2026:12:54:24 +0800] "GET /wp-content/themes/cerato/assets/vendor/slick/slick.min.js?ver=1.9.0 HTTP/2" 200 10657 "https://www.goswiethq.com.my/shop/" "Mozilla/5.0 (Windows NT 10.0; Win64; x64) AppleWebKit/537.36 (KHTML, like Gecko) Chrome/124.0.0.0 Safari/537.36"
135.181.115.164 - - [26/Sep/2026:12:54:24 +0800] "GET /wp-content/plugins/burst-statistics//assets/js/build/burst-goals.js?random_string=mpxxg HTTP/2" 200 903 "https://www.goswiethq.com.my/wp-content/plugins/burst-statistics/assets/js/build/burst.min.js?ver=1.5.0.2" "Mozilla/5.0 (Windows NT 10.0; Win64; x64) AppleWebKit/537.36 (KHTML, like Gecko) Chrome/124.0.0.0 Safari/537.36"
135.181.115.164 - - [26/Sep/2026:12:54:24 +0800] "GET /wp-content/plugins/woocommerce/assets/js/jquery-payment/jquery.payment.min.js?ver=3.0.0-wc.10.0.4 HTTP/2" 200 2565 "https://www.goswiethq.com.my/shop/" "Mozilla/5.0 (Windows NT 10.0; Win64; x64) AppleWebKit/537.36 (KHTML, like Gecko) Chrome/124.0.0.0 Safari/537.36"
135.181.115.164 - - [26/Sep/2026:12:54:24 +0800] "GET /wp-content/plugins/woocommerce/assets/js/frontend/credit-card-form.min.js?ver=10.0.4 HTTP/2" 200 139 "https://www.goswiethq.com.my/shop/" "Mozilla/5.0 (Windows NT 10.0; Win64; x64) AppleWebKit/537.36 (KHTML, like Gecko) Chrome/124.0.0.0 Safari/537.36"
135.181.115.164 - - [26/Sep/2026:12:54:24 +0800] "GET /wp-content/uploads/woocommerce-placeholder-450x450.webp HTTP/2" 200 2524 "https://www.goswiethq.com.my/shop/" "Mozilla/5.0 (Windows NT 10.0; Win64; x64) AppleWebKit/537.36 (KHTML, like Gecko) Chrome/124.0.0.0 Safari/537.36"
135.181.115.164 - - [26/Sep/2026:12:54:24 +0800] "GET /product/mini-goswiet-tunjuk-langit-plus-softgel-1-botol-30-biji/ HTTP/2" 200 22474 "-" "Mozilla/5.0 (Windows NT 10.0; Win64; x64) AppleWebKit/537.36 (KHTML, like Gecko) Chrome/124.0.0.0 Safari/537.36"
135.181.115.164 - - [26/Sep/2026:12:54:24 +0800] "POST /burst-statistics-endpoint.php HTTP/2" 200 0 "https://www.goswiethq.com.my/shop/" "Mozilla/5.0 (Windows NT 10.0; Win64; x64) AppleWebKit/537.36 (KHTML, like Gecko) Chrome/124.0.0.0 Safari/537.36"
66.249.64.107 - - [26/Sep/2026:12:54:15 +0800] "GET /wp-content/plugins/elementor/assets/lib/e-gallery/js/e-gallery.min.js?ver=1.2.0 HTTP/1.1" 200 4434 "https://www.goswiethq.com.my/" "Mozilla/5.0 (Linux; Android 6.0.1; Nexus 5X Build/MMB29P) AppleWebKit/537.36 (KHTML, like Gecko) Chrome/153.0.8010.36 Mobile Safari/537.36 (compatible; Googlebot/2.1; +http://www.google.com/bot.html)"
66.249.64.107 - - [26/Sep/2026:12:54:16 +0800] "GET /wp-includes/js/dist/vendor/wp-polyfill.min.js?ver=3.15.0 HTTP/1.1" 200 10454 "https://www.goswiethq.com.my/" "Mozilla/5.0 (Linux; Android 6.0.1; Nexus 5X Build/MMB29P) AppleWebKit/537.36 (KHTML, like Gecko) Chrome/153.0.8010.36 Mobile Safari/537.36 (compatible; Googlebot/2.1; +http://www.google.com/bot.html)"
135.181.115.164 - - [26/Sep/2026:12:54:16 +0800] "GET /wp-json/?_fields=name,description,namespaces HTTP/1.1" 200 318 "-" "Mozilla/5.0 (Windows NT 10.0; Win64; x64) AppleWebKit/537.36 (KHTML, like Gecko) Chrome/124.0.0.0 Safari/537.36"
66.249.64.107 - - [26/Sep/2026:12:54:18 +0800] "GET /wp-content/plugins/woocommerce/assets/js/frontend/address-i18n.min.js?ver=10.0.4 HTTP/1.1" 200 874 "https://www.goswiethq.com.my/" "Mozilla/5.0 (Linux; Android 6.0.1; Nexus 5X Build/MMB29P) AppleWebKit/537.36 (KHTML, like Gecko) Chrome/153.0.8010.36 Mobile Safari/537.36 (compatible; Googlebot/2.1; +http://www.google.com/bot.html)"
135.181.115.164 - - [26/Sep/2026:12:54:18 +0800] "GET /wp-json/wc/store/v1/products/categories?per_page=100 HTTP/1.1" 200 216 "-" "Mozilla/5.0 (Windows NT 10.0; Win64; x64) AppleWebKit/537.36 (KHTML, like Gecko) Chrome/124.0.0.0 Safari/537.36"
66.249.64.107 - - [26/Sep/2026:12:54:20 +0800] "GET /wp-content/plugins/bayarcash-wc/includes/admin/bayarcash-wc-checkout.js?ver=4.3.3h2026092604 HTTP/1.1" 200 237 "https://www.goswiethq.com.my/" "Mozilla/5.0 AppleWebKit/537.36 (KHTML, like Gecko; compatible; Googlebot/2.1; +http://www.google.com/bot.html) Chrome/153.0.8010.36 Safari/537.36"
135.181.115.164 - - [26/Sep/2026:12:54:20 +0800] "GET /wp-json/wc/store/v1/products/collection-data?calculate_price_range=true&calculate_rating_counts=true&calculate_stock_status_counts=true HTTP/1.1" 200 204 "-" "Mozilla/5.0 (Windows NT 10.0; Win64; x64) AppleWebKit/537.36 (KHTML, like Gecko) Chrome/124.0.0.0 Safari/537.36"
66.249.64.107 - - [26/Sep/2026:12:54:22 +0800] "GET /wp-content/plugins/woocommerce/assets/client/blocks/wc-blocks-google-analytics.js?ver=14908028f63d92c4e24a HTTP/1.1" 200 993 "https://www.goswiethq.com.my/" "Mozilla/5.0 AppleWebKit/537.36 (KHTML, like Gecko; compatible; Googlebot/2.1; +http://www.google.com/bot.html) Chrome/153.0.8010.36 Safari/537.36"
66.249.64.107 - - [26/Sep/2026:12:54:22 +0800] "GET /wp-content/plugins/cartflows-pro/assets/js/checkout.js?ver=1.11.11 HTTP/1.1" 200 10079 "https://www.goswiethq.com.my/" "Mozilla/5.0 AppleWebKit/537.36 (KHTML, like Gecko; compatible; Googlebot/2.1; +http://www.google.com/bot.html) Chrome/153.0.8010.36 Safari/537.36"
66.249.64.107 - - [26/Sep/2026:12:54:23 +0800] "GET /wp-content/plugins/facebook-conversion-pixel/video.js?ver=7.1.2 HTTP/1.1" 200 2694 "https://www.goswiethq.com.my/" "Mozilla/5.0 AppleWebKit/537.36 (KHTML, like Gecko; compatible; Googlebot/2.1; +http://www.google.com/bot.html) Chrome/153.0.8010.36 Safari/537.36"
66.249.64.107 - - [26/Sep/2026:12:54:23 +0800] "GET /wp-content/plugins/woocommerce-gateway-stripe/build/upe-classic.js?ver=9.7.0 HTTP/1.1" 200 42707 "https://www.goswiethq.com.my/" "Mozilla/5.0 AppleWebKit/537.36 (KHTML, like Gecko; compatible; Googlebot/2.1; +http://www.google.com/bot.html) Chrome/153.0.8010.36 Safari/537.36"
66.249.64.107 - - [26/Sep/2026:12:54:24 +0800] "GET /wp-content/plugins/elementor-pro/assets/js/webpack-pro.runtime.min.js?ver=3.14.0 HTTP/1.1" 200 2342 "https://www.goswiethq.com.my/" "Mozilla/5.0 AppleWebKit/537.36 (KHTML, like Gecko; compatible; Googlebot/2.1; +http://www.google.com/bot.html) Chrome/153.0.8010.36 Safari/537.36"
135.181.115.164 - - [26/Sep/2026:12:54:24 +0800] "GET /wp-content/plugins/woocommerce/assets/css/photoswipe/default-skin/default-skin.min.css?ver=10.0.4 HTTP/2" 200 1759 "https://www.goswiethq.com.my/product/mini-goswiet-tunjuk-langit-plus-softgel-1-botol-30-biji/" "Mozilla/5.0 (Windows NT 10.0; Win64; x64) AppleWebKit/537.36 (KHTML, like Gecko) Chrome/124.0.0.0 Safari/537.36"
135.181.115.164 - - [26/Sep/2026:12:54:24 +0800] "GET /wp-content/plugins/woocommerce/assets/css/photoswipe/photoswipe.min.css?ver=10.0.4 HTTP/2" 200 857 "https://www.goswiethq.com.my/product/mini-goswiet-tunjuk-langit-plus-softgel-1-botol-30-biji/" "Mozilla/5.0 (Windows NT 10.0; Win64; x64) AppleWebKit/537.36 (KHTML, like Gecko) Chrome/124.0.0.0 Safari/537.36"
135.181.115.164 - - [26/Sep/2026:12:54:25 +0800] "GET /wp-content/plugins/burst-statistics//assets/js/build/burst-goals.js?random_string=fvc7q HTTP/2" 200 903 "https://www.goswiethq.com.my/wp-content/plugins/burst-statistics/assets/js/build/burst.min.js?ver=1.5.0.2" "Mozilla/5.0 (Windows NT 10.0; Win64; x64) AppleWebKit/537.36 (KHTML, like Gecko) Chrome/124.0.0.0 Safari/537.36"
135.181.115.164 - - [26/Sep/2026:12:54:25 +0800] "GET /wp-content/plugins/woocommerce/assets/js/frontend/single-product.min.js?ver=10.0.4 HTTP/2" 200 2657 "https://www.goswiethq.com.my/product/mini-goswiet-tunjuk-langit-plus-softgel-1-botol-30-biji/" "Mozilla/5.0 (Windows NT 10.0; Win64; x64) AppleWebKit/537.36 (KHTML, like Gecko) Chrome/124.0.0.0 Safari/537.36"
135.181.115.164 - - [26/Sep/2026:12:54:25 +0800] "GET /wp-content/plugins/woocommerce/assets/js/zoom/jquery.zoom.min.js?ver=1.7.21-wc.10.0.4 HTTP/2" 200 1052 "https://www.goswiethq.com.my/product/mini-goswiet-tunjuk-langit-plus-softgel-1-botol-30-biji/" "Mozilla/5.0 (Windows NT 10.0; Win64; x64) AppleWebKit/537.36 (KHTML, like Gecko) Chrome/124.0.0.0 Safari/537.36"
135.181.115.164 - - [26/Sep/2026:12:54:25 +0800] "GET /wp-content/plugins/woocommerce/assets/js/photoswipe/photoswipe.min.js?ver=4.1.1-wc.10.0.4 HTTP/2" 200 11652 "https://www.goswiethq.com.my/product/mini-goswiet-tunjuk-langit-plus-softgel-1-botol-30-biji/" "Mozilla/5.0 (Windows NT 10.0; Win64; x64) AppleWebKit/537.36 (KHTML, like Gecko) Chrome/124.0.0.0 Safari/537.36"
135.181.115.164 - - [26/Sep/2026:12:54:25 +0800] "GET /wp-content/plugins/woocommerce/assets/js/photoswipe/photoswipe-ui-default.min.js?ver=4.1.1-wc.10.0.4 HTTP/2" 200 3478 "https://www.goswiethq.com.my/product/mini-goswiet-tunjuk-langit-plus-softgel-1-botol-30-biji/" "Mozilla/5.0 (Windows NT 10.0; Win64; x64) AppleWebKit/537.36 (KHTML, like Gecko) Chrome/124.0.0.0 Safari/537.36"
135.181.115.164 - - [26/Sep/2026:12:54:25 +0800] "GET /wp-content/plugins/woocommerce/assets/fonts/WooCommerce.woff2 HTTP/2" 200 6488 "https://www.goswiethq.com.my/wp-content/plugins/woocommerce/assets/css/woocommerce.css?ver=10.0.4" "Mozilla/5.0 (Windows NT 10.0; Win64; x64) AppleWebKit/537.36 (KHTML, like Gecko) Chrome/124.0.0.0 Safari/537.36"
135.181.115.164 - - [26/Sep/2026:12:54:25 +0800] "GET /wp-content/themes/cerato/assets/images/down-arrow.svg HTTP/2" 200 256 "https://www.goswiethq.com.my/wp-content/themes/cerato/assets/css/zoo-styles.css?ver=7.1.1" "Mozilla/5.0 (Windows NT 10.0; Win64; x64) AppleWebKit/537.36 (KHTML, like Gecko) Chrome/124.0.0.0 Safari/537.36"
135.181.115.164 - - [26/Sep/2026:12:54:25 +0800] "GET /wp-includes/js/comment-reply.min.js?ver=7.1.1 HTTP/2" 200 1224 "https://www.goswiethq.com.my/product/mini-goswiet-tunjuk-langit-plus-softgel-1-botol-30-biji/" "Mozilla/5.0 (Windows NT 10.0; Win64; x64) AppleWebKit/537.36 (KHTML, like Gecko) Chrome/124.0.0.0 Safari/537.36"
135.181.115.164 - - [26/Sep/2026:12:54:25 +0800] "POST /burst-statistics-endpoint.php HTTP/2" 200 0 "https://www.goswiethq.com.my/product/mini-goswiet-tunjuk-langit-plus-softgel-1-botol-30-biji/" "Mozilla/5.0 (Windows NT 10.0; Win64; x64) AppleWebKit/537.36 (KHTML, like Gecko) Chrome/124.0.0.0 Safari/537.36"
66.249.64.107 - - [26/Sep/2026:12:54:25 +0800] "GET /wp-content/plugins/elementor/assets/js/webpack.runtime.min.js?ver=3.14.0 HTTP/1.1" 200 2046 "https://www.goswiethq.com.my/" "Mozilla/5.0 AppleWebKit/537.36 (KHTML, like Gecko; compatible; Googlebot/2.1; +http://www.google.com/bot.html) Chrome/153.0.8010.36 Safari/537.36"
66.249.64.107 - - [26/Sep/2026:12:54:26 +0800] "GET /wp-content/plugins/elementor/assets/js/frontend-modules.min.js?ver=3.14.0 HTTP/1.1" 200 15162 "https://www.goswiethq.com.my/" "Mozilla/5.0 AppleWebKit/537.36 (KHTML, like Gecko; compatible; Googlebot/2.1; +http://www.google.com/bot.html) Chrome/153.0.8010.36 Safari/537.36"
66.249.64.107 - - [26/Sep/2026:12:54:27 +0800] "GET /wp-content/plugins/elementor-pro/assets/js/frontend.min.js?ver=3.14.0 HTTP/1.1" 200 6327 "https://www.goswiethq.com.my/" "Mozilla/5.0 AppleWebKit/537.36 (KHTML, like Gecko; compatible; Googlebot/2.1; +http://www.google.com/bot.html) Chrome/153.0.8010.36 Safari/537.36"
66.249.64.107 - - [26/Sep/2026:12:54:28 +0800] "GET /wp-content/plugins/elementor/assets/lib/share-link/share-link.min.js?ver=3.14.0 HTTP/1.1" 200 1047 "https://www.goswiethq.com.my/" "Mozilla/5.0 AppleWebKit/537.36 (KHTML, like Gecko; compatible; Googlebot/2.1; +http://www.google.com/bot.html) Chrome/153.0.8010.36 Safari/537.36"
66.249.64.107 - - [26/Sep/2026:12:54:29 +0800] "GET /wp-content/plugins/elementor/assets/lib/swiper/swiper.min.js?ver=5.3.6 HTTP/1.1" 200 34004 "https://www.goswiethq.com.my/" "Mozilla/5.0 AppleWebKit/537.36 (KHTML, like Gecko; compatible; Googlebot/2.1; +http://www.google.com/bot.html) Chrome/153.0.8010.36 Safari/537.36"
66.249.64.107 - - [26/Sep/2026:12:54:30 +0800] "GET /wp-content/plugins/elementor/assets/js/frontend.min.js?ver=3.14.0 HTTP/1.1" 200 11898 "https://www.goswiethq.com.my/" "Mozilla/5.0 AppleWebKit/537.36 (KHTML, like Gecko; compatible; Googlebot/2.1; +http://www.google.com/bot.html) Chrome/153.0.8010.36 Safari/537.36"
66.249.64.107 - - [26/Sep/2026:12:54:30 +0800] "GET /wp-content/plugins/elementor-pro/assets/js/preloaded-elements-handlers.min.js?ver=3.14.0 HTTP/1.1" 200 37607 "https://www.goswiethq.com.my/" "Mozilla/5.0 AppleWebKit/537.36 (KHTML, like Gecko; compatible; Googlebot/2.1; +http://www.google.com/bot.html) Chrome/153.0.8010.36 Safari/537.36"
66.249.64.107 - - [26/Sep/2026:12:54:31 +0800] "GET /wp-content/plugins/elementor/assets/js/preloaded-modules.min.js?ver=3.14.0 HTTP/1.1" 200 12224 "https://www.goswiethq.com.my/" "Mozilla/5.0 AppleWebKit/537.36 (KHTML, like Gecko; compatible; Googlebot/2.1; +http://www.google.com/bot.html) Chrome/153.0.8010.36 Safari/537.36"
66.249.64.107 - - [26/Sep/2026:12:54:32 +0800] "GET /wp-content/plugins/elementor-pro/assets/lib/sticky/jquery.sticky.min.js?ver=3.14.0 HTTP/1.1" 200 1442 "https://www.goswiethq.com.my/" "Mozilla/5.0 AppleWebKit/537.36 (KHTML, like Gecko; compatible; Googlebot/2.1; +http://www.google.com/bot.html) Chrome/153.0.8010.36 Safari/537.36"
66.249.64.107 - - [26/Sep/2026:12:54:33 +0800] "GET /wp-content/plugins/woocommerce/assets/js/selectWoo/selectWoo.full.min.js?ver=1.0.9-wc.10.0.4 HTTP/1.1" 200 20246 "https://www.goswiethq.com.my/" "Mozilla/5.0 AppleWebKit/537.36 (KHTML, like Gecko; compatible; Googlebot/2.1; +http://www.google.com/bot.html) Chrome/153.0.8010.36 Safari/537.36"
66.249.64.107 - - [26/Sep/2026:12:54:34 +0800] "GET /wp-content/plugins/woocommerce/assets/js/js-cookie/js.cookie.min.js?ver=2.1.4-wc.10.0.4 HTTP/1.1" 200 760 "https://www.goswiethq.com.my/" "Mozilla/5.0 AppleWebKit/537.36 (KHTML, like Gecko; compatible; Googlebot/2.1; +http://www.google.com/bot.html) Chrome/153.0.8010.36 Safari/537.36"
66.249.64.107 - - [26/Sep/2026:12:54:35 +0800] "GET /wp-content/plugins/woocommerce/assets/js/frontend/country-select.min.js?ver=10.0.4 HTTP/1.1" 200 989 "https://www.goswiethq.com.my/" "Mozilla/5.0 AppleWebKit/537.36 (KHTML, like Gecko; compatible; Googlebot/2.1; +http://www.google.com/bot.html) Chrome/153.0.8010.36 Safari/537.36"
135.181.115.164 - - [26/Sep/2026:12:54:24 +0800] "POST /wp-admin/admin-ajax.php HTTP/2" 200 0 "https://www.goswiethq.com.my/shop/" "Mozilla/5.0 (Windows NT 10.0; Win64; x64) AppleWebKit/537.36 (KHTML, like Gecko) Chrome/124.0.0.0 Safari/537.36"
135.181.115.164 - - [26/Sep/2026:12:54:25 +0800] "POST /wp-admin/admin-ajax.php HTTP/2" 200 0 "https://www.goswiethq.com.my/product/mini-goswiet-tunjuk-langit-plus-softgel-1-botol-30-biji/" "Mozilla/5.0 (Windows NT 10.0; Win64; x64) AppleWebKit/537.36 (KHTML, like Gecko) Chrome/124.0.0.0 Safari/537.36"
135.181.115.164 - - [26/Sep/2026:12:54:25 +0800] "POST /wp-admin/admin-ajax.php HTTP/2" 200 0 "https://www.goswiethq.com.my/product/mini-goswiet-tunjuk-langit-plus-softgel-1-botol-30-biji/" "Mozilla/5.0 (Windows NT 10.0; Win64; x64) AppleWebKit/537.36 (KHTML, like Gecko) Chrome/124.0.0.0 Safari/537.36"
135.181.115.164 - - [26/Sep/2026:12:54:27 +0800] "POST /burst-statistics-endpoint.php HTTP/2" 200 0 "https://www.goswiethq.com.my/product/mini-goswiet-tunjuk-langit-plus-softgel-1-botol-30-biji/" "Mozilla/5.0 (Windows NT 10.0; Win64; x64) AppleWebKit/537.36 (KHTML, like Gecko) Chrome/124.0.0.0 Safari/537.36"
135.181.115.164 - - [26/Sep/2026:12:54:24 +0800] "POST /wp-admin/admin-ajax.php HTTP/2" 200 5 "https://www.goswiethq.com.my/shop/" "Mozilla/5.0 (Windows NT 10.0; Win64; x64) AppleWebKit/537.36 (KHTML, like Gecko) Chrome/124.0.0.0 Safari/537.36"
135.181.115.164 - - [26/Sep/2026:12:54:29 +0800] "POST /burst-statistics-endpoint.php HTTP/2" 200 0 "https://www.goswiethq.com.my/shop/" "Mozilla/5.0 (Windows NT 10.0; Win64; x64) AppleWebKit/537.36 (KHTML, like Gecko) Chrome/124.0.0.0 Safari/537.36"
135.181.115.164 - - [26/Sep/2026:12:54:29 +0800] "GET /?add-to-cart=3381 HTTP/2" 200 41497 "-" "Mozilla/5.0 (Windows NT 10.0; Win64; x64) AppleWebKit/537.36 (KHTML, like Gecko) Chrome/124.0.0.0 Safari/537.36"
135.181.115.164 - - [26/Sep/2026:12:54:34 +0800] "GET /wp-content/plugins/burst-statistics//assets/js/build/burst-goals.js?random_string=ptly8 HTTP/2" 200 903 "https://www.goswiethq.com.my/wp-content/plugins/burst-statistics/assets/js/build/burst.min.js?ver=1.5.0.2" "Mozilla/5.0 (Windows NT 10.0; Win64; x64) AppleWebKit/537.36 (KHTML, like Gecko) Chrome/124.0.0.0 Safari/537.36"
135.181.115.164 - - [26/Sep/2026:12:54:34 +0800] "POST /burst-statistics-endpoint.php HTTP/2" 200 0 "https://www.goswiethq.com.my/?add-to-cart=3381" "Mozilla/5.0 (Windows NT 10.0; Win64; x64) AppleWebKit/537.36 (KHTML, like Gecko) Chrome/124.0.0.0 Safari/537.36"
135.181.115.164 - - [26/Sep/2026:12:54:34 +0800] "GET /wp-content/uploads/2025/06/intro-101.mp4 HTTP/2" 206 3013000 "https://www.goswiethq.com.my/?add-to-cart=3381" "Mozilla/5.0 (Windows NT 10.0; Win64; x64) AppleWebKit/537.36 (KHTML, like Gecko) Chrome/124.0.0.0 Safari/537.36"
135.181.115.164 - - [26/Sep/2026:12:54:34 +0800] "GET /wp-content/uploads/2023/09/Jaminan-600x544.png HTTP/2" 200 63774 "https://www.goswiethq.com.my/?add-to-cart=3381" "Mozilla/5.0 (Windows NT 10.0; Win64; x64) AppleWebKit/537.36 (KHTML, like Gecko) Chrome/124.0.0.0 Safari/537.36"
135.181.115.164 - - [26/Sep/2026:12:54:36 +0800] "GET /wp-content/uploads/2026/05/holo-kkm-600x406.png HTTP/2" 200 217006 "https://www.goswiethq.com.my/?add-to-cart=3381" "Mozilla/5.0 (Windows NT 10.0; Win64; x64) AppleWebKit/537.36 (KHTML, like Gecko) Chrome/124.0.0.0 Safari/537.36"
135.181.115.164 - - [26/Sep/2026:12:54:36 +0800] "POST /burst-statistics-endpoint.php HTTP/2" 200 0 "https://www.goswiethq.com.my/?add-to-cart=3381" "Mozilla/5.0 (Windows NT 10.0; Win64; x64) AppleWebKit/537.36 (KHTML, like Gecko) Chrome/124.0.0.0 Safari/537.36"
135.181.115.164 - - [26/Sep/2026:12:54:33 +0800] "POST /wp-admin/admin-ajax.php HTTP/2" 200 0 "https://www.goswiethq.com.my/?add-to-cart=3381" "Mozilla/5.0 (Windows NT 10.0; Win64; x64) AppleWebKit/537.36 (KHTML, like Gecko) Chrome/124.0.0.0 Safari/537.36"
135.181.115.164 - - [26/Sep/2026:12:54:34 +0800] "POST /?wc-ajax=update_order_review&wcf_checkout_id=2454 HTTP/2" 200 0 "https://www.goswiethq.com.my/?add-to-cart=3381" "Mozilla/5.0 (Windows NT 10.0; Win64; x64) AppleWebKit/537.36 (KHTML, like Gecko) Chrome/124.0.0.0 Safari/537.36"
135.181.115.164 - - [26/Sep/2026:12:54:34 +0800] "POST /wp-admin/admin-ajax.php HTTP/2" 200 0 "https://www.goswiethq.com.my/?add-to-cart=3381" "Mozilla/5.0 (Windows NT 10.0; Win64; x64) AppleWebKit/537.36 (KHTML, like Gecko) Chrome/124.0.0.0 Safari/537.36"
135.181.115.164 - - [26/Sep/2026:12:54:36 +0800] "GET /cart/ HTTP/2" 200 20139 "-" "Mozilla/5.0 (Windows NT 10.0; Win64; x64) AppleWebKit/537.36 (KHTML, like Gecko) Chrome/124.0.0.0 Safari/537.36"
135.181.115.164 - - [26/Sep/2026:12:54:39 +0800] "GET /wp-content/themes/cerato/assets/vendor/bootstrap/bootstrap-grid.min.css?ver=7.1.2 HTTP/2" 200 4722 "https://www.goswiethq.com.my/cart/" "Mozilla/5.0 (Windows NT 10.0; Win64; x64) AppleWebKit/537.36 (KHTML, like Gecko) Chrome/124.0.0.0 Safari/537.36"
135.181.115.164 - - [26/Sep/2026:12:54:39 +0800] "GET /wp-content/themes/cerato/assets/css/zoo-woocommerce.css?ver=7.1.2 HTTP/2" 200 18927 "https://www.goswiethq.com.my/cart/" "Mozilla/5.0 (Windows NT 10.0; Win64; x64) AppleWebKit/537.36 (KHTML, like Gecko) Chrome/124.0.0.0 Safari/537.36"
135.181.115.164 - - [26/Sep/2026:12:54:39 +0800] "GET /wp-content/themes/cerato/assets/css/zoo-styles.css?ver=7.1.2 HTTP/2" 200 18198 "https://www.goswiethq.com.my/cart/" "Mozilla/5.0 (Windows NT 10.0; Win64; x64) AppleWebKit/537.36 (KHTML, like Gecko) Chrome/124.0.0.0 Safari/537.36"
135.181.115.164 - - [26/Sep/2026:12:54:39 +0800] "GET /wp-content/themes/cerato-child/style.css?ver=7.1.2 HTTP/2" 200 184 "https://www.goswiethq.com.my/cart/" "Mozilla/5.0 (Windows NT 10.0; Win64; x64) AppleWebKit/537.36 (KHTML, like Gecko) Chrome/124.0.0.0 Safari/537.36"
135.181.115.164 - - [26/Sep/2026:12:54:39 +0800] "GET /wp-content/themes/cerato/assets/css/zoo-custom-style.css?ver=7.1.2 HTTP/2" 200 8907 "https://www.goswiethq.com.my/cart/" "Mozilla/5.0 (Windows NT 10.0; Win64; x64) AppleWebKit/537.36 (KHTML, like Gecko) Chrome/124.0.0.0 Safari/537.36"
135.181.115.164 - - [26/Sep/2026:12:54:39 +0800] "GET /wp-content/uploads/2023/09/set-1aa-300x300.jpg HTTP/2" 200 20342 "https://www.goswiethq.com.my/cart/" "Mozilla/5.0 (Windows NT 10.0; Win64; x64) AppleWebKit/537.36 (KHTML, like Gecko) Chrome/124.0.0.0 Safari/537.36"
135.181.115.164 - - [26/Sep/2026:12:54:39 +0800] "GET /wp-content/themes/cerato/assets/vendor/sticky-kit/jquery.sticky-kit.min.js?ver=7.1.2 HTTP/2" 200 1309 "https://www.goswiethq.com.my/cart/" "Mozilla/5.0 (Windows NT 10.0; Win64; x64) AppleWebKit/537.36 (KHTML, like Gecko) Chrome/124.0.0.0 Safari/537.36"
135.181.115.164 - - [26/Sep/2026:12:54:39 +0800] "GET /wp-content/themes/cerato/assets/vendor/countdown/countdown.js?ver=7.1.2 HTTP/2" 200 995 "https://www.goswiethq.com.my/cart/" "Mozilla/5.0 (Windows NT 10.0; Win64; x64) AppleWebKit/537.36 (KHTML, like Gecko) Chrome/124.0.0.0 Safari/537.36"
135.181.115.164 - - [26/Sep/2026:12:54:39 +0800] "GET /wp-content/themes/cerato/assets/js/zoo-woo-ajax.js?ver=7.1.2 HTTP/2" 200 3023 "https://www.goswiethq.com.my/cart/" "Mozilla/5.0 (Windows NT 10.0; Win64; x64) AppleWebKit/537.36 (KHTML, like Gecko) Chrome/124.0.0.0 Safari/537.36"
135.181.115.164 - - [26/Sep/2026:12:54:39 +0800] "GET /wp-content/themes/cerato/assets/js/zoo-woocommerce.js?ver=7.1.2 HTTP/2" 200 6756 "https://www.goswiethq.com.my/cart/" "Mozilla/5.0 (Windows NT 10.0; Win64; x64) AppleWebKit/537.36 (KHTML, like Gecko) Chrome/124.0.0.0 Safari/537.36"
135.181.115.164 - - [26/Sep/2026:12:54:39 +0800] "GET /wp-content/themes/cerato/assets/js/zoo-scripts.js?ver=7.1.2 HTTP/2" 200 2397 "https://www.goswiethq.com.my/cart/" "Mozilla/5.0 (Windows NT 10.0; Win64; x64) AppleWebKit/537.36 (KHTML, like Gecko) Chrome/124.0.0.0 Safari/537.36"
101.99.69.250 - - [26/Sep/2026:12:47:47 +0800] "POST /wp-cron.php?doing_wp_cron=1790398067.1417450904846191406250 HTTP/1.1" 200 0 "-" "WordPress/7.1.2; https://www.goswiethq.com.my"
176.31.139.10 - - [26/Sep/2026:12:47:45 +0800] "GET /sitemap_index.xml HTTP/2" 200 339 "-" "Mozilla/5.0 (compatible; AhrefsBot/7.0; +http://ahrefs.com/robot/)"
37.59.204.142 - - [26/Sep/2026:12:47:47 +0800] "GET /post-sitemap.xml HTTP/2" 200 667 "-" "Mozilla/5.0 (compatible; AhrefsBot/7.0; +http://ahrefs.com/robot/)"
101.99.69.250 - - [26/Sep/2026:12:47:50 +0800] "POST /wp-cron.php?doing_wp_cron=1790398070.9612491130828857421875 HTTP/1.1" 200 0 "-" "WordPress/7.1.2; https://www.goswiethq.com.my"
51.68.247.204 - - [26/Sep/2026:12:48:00 +0800] "GET /category-sitemap.xml HTTP/2" 200 320 "-" "Mozilla/5.0 (compatible; AhrefsBot/7.0; +http://ahrefs.com/robot/)"
57.141.14.15 - - [26/Sep/2026:12:52:19 +0800] "GET /wp-content/uploads/2025/06/intro-101.mp4 HTTP/2" 206 1310072 "https://goswietofficial.wnhsale.com/" "Mozilla/5.0 (Windows NT 10.0; Win64; x64) AppleWebKit/537.36 (KHTML, like Gecko) Chrome/139.0.0.0 Safari/537.36"
57.141.14.33 - - [26/Sep/2026:12:52:32 +0800] "GET /wp-content/uploads/2025/06/intro-101.mp4 HTTP/2" 206 1441072 "https://goswietofficial.wnhsale.com/" "Mozilla/5.0 (Windows NT 10.0; Win64; x64) AppleWebKit/537.36 (KHTML, like Gecko) Chrome/139.0.0.0 Safari/537.36"
66.249.64.108 - - [26/Sep/2026:12:52:52 +0800] "GET /wp-content/uploads/elementor/css/global.css?ver=1749198214 HTTP/1.1" 200 4634 "https://www.goswiethq.com.my/" "Mozilla/5.0 (Linux; Android 6.0.1; Nexus 5X Build/MMB29P) AppleWebKit/537.36 (KHTML, like Gecko) Chrome/153.0.8010.52 Mobile Safari/537.36 (compatible; Googlebot/2.1; +http://www.google.com/bot.html)"
66.249.64.108 - - [26/Sep/2026:12:52:55 +0800] "GET /wp-includes/js/jquery/jquery.min.js?ver=3.7.1 HTTP/1.1" 200 29744 "https://www.goswiethq.com.my/" "Mozilla/5.0 (Linux; Android 6.0.1; Nexus 5X Build/MMB29P) AppleWebKit/537.36 (KHTML, like Gecko) Chrome/153.0.8010.52 Mobile Safari/537.36 (compatible; Googlebot/2.1; +http://www.google.com/bot.html)"
66.249.64.107 - - [26/Sep/2026:12:53:06 +0800] "GET /wp-content/plugins/facebook-conversion-pixel/video.js?ver=7.1.2 HTTP/1.1" 200 2694 "https://www.goswiethq.com.my/" "Mozilla/5.0 (Linux; Android 6.0.1; Nexus 5X Build/MMB29P) AppleWebKit/537.36 (KHTML, like Gecko) Chrome/153.0.8010.52 Mobile Safari/537.36 (compatible; Googlebot/2.1; +http://www.google.com/bot.html)"
66.249.64.107 - - [26/Sep/2026:12:53:08 +0800] "GET /wp-content/plugins/elementor/assets/js/frontend-modules.min.js?ver=3.14.0 HTTP/1.1" 200 15162 "https://www.goswiethq.com.my/" "Mozilla/5.0 (Linux; Android 6.0.1; Nexus 5X Build/MMB29P) AppleWebKit/537.36 (KHTML, like Gecko) Chrome/153.0.8010.52 Mobile Safari/537.36 (compatible; Googlebot/2.1; +http://www.google.com/bot.html)"
101.99.69.250 - - [26/Sep/2026:12:54:28 +0800] "POST /wp-cron.php?doing_wp_cron=1790398468.9013819694519042968750 HTTP/1.1" 200 0 "-" "WordPress/7.1.2; https://www.goswiethq.com.my"
101.99.69.250 - - [26/Sep/2026:12:54:33 +0800] "POST /wp-cron.php?doing_wp_cron=1790398473.4779810905456542968750 HTTP/1.1" 200 0 "-" "WordPress/7.1.2; https://www.goswiethq.com.my"
135.181.115.164 - - [26/Sep/2026:12:54:39 +0800] "GET /wp-content/plugins/woocommerce/assets/js/frontend/cart.min.js?ver=10.0.4 HTTP/2" 200 2287 "https://www.goswiethq.com.my/cart/" "Mozilla/5.0 (Windows NT 10.0; Win64; x64) AppleWebKit/537.36 (KHTML, like Gecko) Chrome/124.0.0.0 Safari/537.36"
135.181.115.164 - - [26/Sep/2026:12:54:40 +0800] "GET /wp-content/plugins/burst-statistics//assets/js/build/burst-goals.js?random_string=g543l HTTP/2" 200 903 "https://www.goswiethq.com.my/wp-content/plugins/burst-statistics/assets/js/build/burst.min.js?ver=1.5.0.2" "Mozilla/5.0 (Windows NT 10.0; Win64; x64) AppleWebKit/537.36 (KHTML, like Gecko) Chrome/124.0.0.0 Safari/537.36"
135.181.115.164 - - [26/Sep/2026:12:54:40 +0800] "POST /burst-statistics-endpoint.php HTTP/2" 200 0 "https://www.goswiethq.com.my/cart/" "Mozilla/5.0 (Windows NT 10.0; Win64; x64) AppleWebKit/537.36 (KHTML, like Gecko) Chrome/124.0.0.0 Safari/537.36"
135.181.115.164 - - [26/Sep/2026:12:54:40 +0800] "POST /wp-admin/admin-ajax.php HTTP/2" 200 3984 "https://www.goswiethq.com.my/cart/" "Mozilla/5.0 (Windows NT 10.0; Win64; x64) AppleWebKit/537.36 (KHTML, like Gecko) Chrome/124.0.0.0 Safari/537.36"
135.181.115.164 - - [26/Sep/2026:12:54:39 +0800] "POST /wp-admin/admin-ajax.php HTTP/2" 200 0 "https://www.goswiethq.com.my/cart/" "Mozilla/5.0 (Windows NT 10.0; Win64; x64) AppleWebKit/537.36 (KHTML, like Gecko) Chrome/124.0.0.0 Safari/537.36"
135.181.115.164 - - [26/Sep/2026:12:54:42 +0800] "POST /burst-statistics-endpoint.php HTTP/2" 200 0 "https://www.goswiethq.com.my/cart/" "Mozilla/5.0 (Windows NT 10.0; Win64; x64) AppleWebKit/537.36 (KHTML, like Gecko) Chrome/124.0.0.0 Safari/537.36"
135.181.115.164 - - [26/Sep/2026:12:54:42 +0800] "GET /checkout/ HTTP/2" 200 24801 "-" "Mozilla/5.0 (Windows NT 10.0; Win64; x64) AppleWebKit/537.36 (KHTML, like Gecko) Chrome/124.0.0.0 Safari/537.36"
135.181.115.164 - - [26/Sep/2026:12:54:45 +0800] "GET /wp-content/plugins/burst-statistics//assets/js/build/burst-goals.js?random_string=nv1sx HTTP/2" 200 903 "https://www.goswiethq.com.my/wp-content/plugins/burst-statistics/assets/js/build/burst.min.js?ver=1.5.0.2" "Mozilla/5.0 (Windows NT 10.0; Win64; x64) AppleWebKit/537.36 (KHTML, like Gecko) Chrome/124.0.0.0 Safari/537.36"
135.181.115.164 - - [26/Sep/2026:12:54:45 +0800] "POST /burst-statistics-endpoint.php HTTP/2" 200 0 "https://www.goswiethq.com.my/checkout/" "Mozilla/5.0 (Windows NT 10.0; Win64; x64) AppleWebKit/537.36 (KHTML, like Gecko) Chrome/124.0.0.0 Safari/537.36"
135.181.115.164 - - [26/Sep/2026:12:54:44 +0800] "POST /wp-admin/admin-ajax.php HTTP/2" 200 0 "https://www.goswiethq.com.my/checkout/" "Mozilla/5.0 (Windows NT 10.0; Win64; x64) AppleWebKit/537.36 (KHTML, like Gecko) Chrome/124.0.0.0 Safari/537.36"
135.181.115.164 - - [26/Sep/2026:12:54:45 +0800] "POST /?wc-ajax=update_order_review HTTP/2" 200 1825 "https://www.goswiethq.com.my/checkout/" "Mozilla/5.0 (Windows NT 10.0; Win64; x64) AppleWebKit/537.36 (KHTML, like Gecko) Chrome/124.0.0.0 Safari/537.36"
135.181.115.164 - - [26/Sep/2026:12:54:45 +0800] "POST /wp-admin/admin-ajax.php HTTP/2" 200 3987 "https://www.goswiethq.com.my/checkout/" "Mozilla/5.0 (Windows NT 10.0; Win64; x64) AppleWebKit/537.36 (KHTML, like Gecko) Chrome/124.0.0.0 Safari/537.36"
135.181.115.164 - - [26/Sep/2026:12:54:51 +0800] "POST /burst-statistics-endpoint.php HTTP/2" 200 0 "https://www.goswiethq.com.my/checkout/" "Mozilla/5.0 (Windows NT 10.0; Win64; x64) AppleWebKit/537.36 (KHTML, like Gecko) Chrome/124.0.0.0 Safari/537.36"
5.39.109.160 - - [26/Sep/2026:12:47:56 +0800] "GET /product-sitemap.xml HTTP/2" 200 479 "-" "Mozilla/5.0 (compatible; AhrefsBot/7.0; +http://ahrefs.com/robot/)"
115.134.169.166 - - [26/Sep/2026:12:50:45 +0800] "GET /wp-content/uploads/2025/06/intro-101.mp4 HTTP/3" 206 242396 "https://goswietofficial.wnhsale.com/" "Mozilla/5.0 (Linux; Android 13; V2025 Build/TP1A.220624.014) AppleWebKit/537.36 (KHTML, like Gecko) Version/4.0 Chrome/153.0.8010.44 Mobile Safari/537.36 [FB_IAB/FB4A;FBAV/579.0.0.52.74;IABMV/1;]"
101.99.69.250 - - [26/Sep/2026:12:51:10 +0800] "POST /wp-cron.php?doing_wp_cron=1790398270.1312689781188964843750 HTTP/1.1" 200 0 "-" "WordPress/7.1.2; https://www.goswiethq.com.my"
66.249.64.109 - - [26/Sep/2026:12:53:07 +0800] "GET /wp-content/plugins/woocommerce-gateway-stripe/assets/images/cards.svg HTTP/1.1" 200 330 "https://www.goswiethq.com.my/" "Mozilla/5.0 (Linux; Android 6.0.1; Nexus 5X Build/MMB29P) AppleWebKit/537.36 (KHTML, like Gecko) Chrome/153.0.8010.52 Mobile Safari/537.36 (compatible; Googlebot/2.1; +http://www.google.com/bot.html)"
66.249.64.107 - - [26/Sep/2026:12:54:35 +0800] "GET /wp-content/plugins/woocommerce/assets/js/frontend/checkout.min.js?ver=10.0.4 HTTP/1.1" 200 4515 "https://www.goswiethq.com.my/" "Mozilla/5.0 AppleWebKit/537.36 (KHTML, like Gecko; compatible; Googlebot/2.1; +http://www.google.com/bot.html) Chrome/153.0.8010.36 Safari/537.36"
66.249.64.107 - - [26/Sep/2026:12:54:36 +0800] "GET /wp-content/plugins/woocommerce-gateway-stripe/assets/images/cards.svg HTTP/1.1" 200 330 "https://www.goswiethq.com.my/" "Mozilla/5.0 AppleWebKit/537.36 (KHTML, like Gecko; compatible; Googlebot/2.1; +http://www.google.com/bot.html) Chrome/153.0.8010.36 Safari/537.36"
66.249.64.107 - - [26/Sep/2026:12:54:37 +0800] "GET /wp-content/plugins/woocommerce/assets/js/flexslider/jquery.flexslider.min.js?ver=2.7.2-wc.10.0.4 HTTP/1.1" 200 6017 "https://www.goswiethq.com.my/" "Mozilla/5.0 AppleWebKit/537.36 (KHTML, like Gecko; compatible; Googlebot/2.1; +http://www.google.com/bot.html) Chrome/153.0.8010.36 Safari/537.36"
66.249.64.108 - - [26/Sep/2026:13:08:36 +0800] "GET /robots.txt HTTP/1.1" 200 147 "-" "Mozilla/5.0 (compatible; Googlebot/2.1; +http://www.google.com/bot.html)"
66.249.64.107 - - [26/Sep/2026:13:08:39 +0800] "GET /product/mini-goswiet-tunjuk-langit-plus-softgel-1-botol-30-biji/ HTTP/1.1" 200 22474 "-" "Mozilla/5.0 (Linux; Android 6.0.1; Nexus 5X Build/MMB29P) AppleWebKit/537.36 (KHTML, like Gecko) Chrome/153.0.8010.52 Mobile Safari/537.36 (compatible; Googlebot/2.1; +http://www.google.com/bot.html)"
101.99.69.250 - - [26/Sep/2026:13:12:06 +0800] "POST /wp-cron.php?doing_wp_cron=1790399526.8676390647888183593750 HTTP/1.1" 200 0 "-" "WordPress/7.1.2; https://www.goswiethq.com.my"
66.249.64.107 - - [26/Sep/2026:13:27:47 +0800] "GET /wp-content/themes/cerato/assets/css/zoo-woocommerce.css?ver=7.1.1 HTTP/1.1" 200 18927 "https://www.goswiethq.com.my/product/mini-goswiet-tunjuk-langit-plus-softgel-1-botol-30-biji/" "Mozilla/5.0 (Linux; Android 6.0.1; Nexus 5X Build/MMB29P) AppleWebKit/537.36 (KHTML, like Gecko) Chrome/153.0.8010.52 Mobile Safari/537.36 (compatible; Googlebot/2.1; +http://www.google.com/bot.html)"
66.249.64.108 - - [26/Sep/2026:13:28:18 +0800] "GET /product/goswiet-tunjuk-langit-plus-softgel-2/ HTTP/1.1" 200 26235 "-" "Mozilla/5.0 (Linux; Android 6.0.1; Nexus 5X Build/MMB29P) AppleWebKit/537.36 (KHTML, like Gecko) Chrome/153.0.8010.52 Mobile Safari/537.36 (compatible; Googlebot/2.1; +http://www.google.com/bot.html)"
66.249.64.107 - - [26/Sep/2026:13:28:52 +0800] "GET /wp-content/themes/cerato/assets/vendor/defer/defer.min.js?ver=1.1.8 HTTP/1.1" 200 861 "https://www.goswiethq.com.my/product/goswiet-tunjuk-langit-plus-softgel-2/" "Mozilla/5.0 (Linux; Android 6.0.1; Nexus 5X Build/MMB29P) AppleWebKit/537.36 (KHTML, like Gecko) Chrome/153.0.8010.52 Mobile Safari/537.36 (compatible; Googlebot/2.1; +http://www.google.com/bot.html)"
66.249.64.107 - - [26/Sep/2026:13:28:53 +0800] "GET /wp-content/themes/cerato/assets/vendor/sticky-kit/jquery.sticky-kit.min.js?ver=7.1.2 HTTP/1.1" 200 1309 "https://www.goswiethq.com.my/product/goswiet-tunjuk-langit-plus-softgel-2/" "Mozilla/5.0 (Linux; Android 6.0.1; Nexus 5X Build/MMB29P) AppleWebKit/537.36 (KHTML, like Gecko) Chrome/153.0.8010.52 Mobile Safari/537.36 (compatible; Googlebot/2.1; +http://www.google.com/bot.html)"
66.249.64.107 - - [26/Sep/2026:13:28:54 +0800] "GET /wp-content/themes/cerato/assets/vendor/countdown/countdown.js?ver=7.1.2 HTTP/1.1" 200 995 "https://www.goswiethq.com.my/product/goswiet-tunjuk-langit-plus-softgel-2/" "Mozilla/5.0 (Linux; Android 6.0.1; Nexus 5X Build/MMB29P) AppleWebKit/537.36 (KHTML, like Gecko) Chrome/153.0.8010.52 Mobile Safari/537.36 (compatible; Googlebot/2.1; +http://www.google.com/bot.html)"
66.249.64.107 - - [26/Sep/2026:13:28:56 +0800] "GET /wp-content/plugins/woocommerce/assets/js/frontend/add-to-cart-variation.min.js?ver=10.0.4 HTTP/1.1" 200 3712 "https://www.goswiethq.com.my/product/goswiet-tunjuk-langit-plus-softgel-2/" "Mozilla/5.0 (Linux; Android 6.0.1; Nexus 5X Build/MMB29P) AppleWebKit/537.36 (KHTML, like Gecko) Chrome/153.0.8010.52 Mobile Safari/537.36 (compatible; Googlebot/2.1; +http://www.google.com/bot.html)"
66.249.64.107 - - [26/Sep/2026:13:29:00 +0800] "GET /wp-content/themes/cerato/assets/js/zoo-woo-ajax.js?ver=7.1.2 HTTP/1.1" 200 3023 "https://www.goswiethq.com.my/product/goswiet-tunjuk-langit-plus-softgel-2/" "Mozilla/5.0 (Linux; Android 6.0.1; Nexus 5X Build/MMB29P) AppleWebKit/537.36 (KHTML, like Gecko) Chrome/153.0.8010.52 Mobile Safari/537.36 (compatible; Googlebot/2.1; +http://www.google.com/bot.html)"
66.249.64.107 - - [26/Sep/2026:13:29:01 +0800] "GET /wp-content/themes/cerato/assets/js/zoo-woocommerce.js?ver=7.1.2 HTTP/1.1" 200 6756 "https://www.goswiethq.com.my/product/goswiet-tunjuk-langit-plus-softgel-2/" "Mozilla/5.0 (Linux; Android 6.0.1; Nexus 5X Build/MMB29P) AppleWebKit/537.36 (KHTML, like Gecko) Chrome/153.0.8010.52 Mobile Safari/537.36 (compatible; Googlebot/2.1; +http://www.google.com/bot.html)"
66.249.64.107 - - [26/Sep/2026:13:29:02 +0800] "GET /wp-content/themes/cerato/assets/js/zoo-scripts.js?ver=7.1.2 HTTP/1.1" 200 2397 "https://www.goswiethq.com.my/product/goswiet-tunjuk-langit-plus-softgel-2/" "Mozilla/5.0 (Linux; Android 6.0.1; Nexus 5X Build/MMB29P) AppleWebKit/537.36 (KHTML, like Gecko) Chrome/153.0.8010.52 Mobile Safari/537.36 (compatible; Googlebot/2.1; +http://www.google.com/bot.html)"
27.125.249.135 - - [26/Sep/2026:13:12:02 +0800] "GET / HTTP/2" 200 41531 "-" "Mozilla/5.0 (Linux; Android 10; K) AppleWebKit/537.36 (KHTML, like Gecko) Chrome/153.0.0.0 Mobile Safari/537.36"
27.125.249.135 - - [26/Sep/2026:13:12:04 +0800] "GET /wp-content/plugins/bayarcash-wc/includes/admin/checkout.css?ver=4.3.3c2026092605 HTTP/2" 200 257 "https://www.goswiethq.com.my/" "Mozilla/5.0 (Linux; Android 10; K) AppleWebKit/537.36 (KHTML, like Gecko) Chrome/153.0.0.0 Mobile Safari/537.36"
