JezK
Edit File: goswietofficial.com.susukambingalmas.com-ssl_log
9.129.57.147 - - [25/Sep/2026:20:47:40 +0800] "GET / HTTP/2" 200 0 "-" "Mozilla/5.0 AppleWebKit/537.36 (KHTML, like Gecko); compatible; ChatGPT-User/1.0; +https://openai.com/bot"
66.249.74.132 - - [25/Sep/2026:20:38:49 +0800] "GET /wp-content/uploads/2022/01/GoSwiet-Sept-x1-1.png HTTP/1.1" 200 538050 "-" "Googlebot-Image/1.0"
101.99.69.250 - - [25/Sep/2026:20:47:45 +0800] "POST /wp-cron.php?doing_wp_cron=1790340465.4682319164276123046875 HTTP/1.1" 200 0 "-" "WordPress/7.1.2; https://goswietofficial.com"
43.160.241.129 - - [25/Sep/2026:21:31:52 +0800] "GET / HTTP/1.1" 200 67271 "http://goswietofficial.com" "Mozilla/5.0 (iPhone; CPU iPhone OS 13_2_3 like Mac OS X) AppleWebKit/605.1.15 (KHTML, like Gecko) Version/13.0.3 Mobile/15E148 Safari/604.1"
43.166.247.155 - - [25/Sep/2026:22:21:35 +0800] "GET / HTTP/1.1" 200 67262 "http://www.goswietofficial.com" "Mozilla/5.0 (iPhone; CPU iPhone OS 13_2_3 like Mac OS X) AppleWebKit/605.1.15 (KHTML, like Gecko) Version/13.0.3 Mobile/15E148 Safari/604.1"
101.99.69.250 - - [25/Sep/2026:22:30:41 +0800] "POST /wp-cron.php?doing_wp_cron=1790346641.9336040019989013671875 HTTP/1.1" 200 0 "-" "WordPress/7.1.2; https://goswietofficial.com"
51.8.102.170 - - [25/Sep/2026:22:30:40 +0800] "GET /robots.txt HTTP/2" 200 100 "-" "Mozilla/5.0 (Macintosh; Intel Mac OS X 10_15_7) AppleWebKit/537.36 (KHTML, like Gecko) Chrome/131.0.0.0 Safari/537.36; compatible; OAI-SearchBot/1.0; +https://openai.com/searchbot"
47.79.13.168 - - [25/Sep/2026:22:30:04 +0800] "GET /robots.txt HTTP/1.1" 401 53 "-" "Mozilla/5.0 (Macintosh; Intel Mac OS X 10_15_7) AppleWebKit/537.36 (KHTML, like Gecko) Chrome/128.0.0.0 Safari/537.36"
47.79.13.168 - - [25/Sep/2026:22:30:08 +0800] "GET /sitemap_news.xml.gz HTTP/1.1" 401 53 "-" "Mozilla/5.0 (Macintosh; Intel Mac OS X 10_15_7) AppleWebKit/537.36 (KHTML, like Gecko) Chrome/128.0.0.0 Safari/537.36"
172.236.132.241 - - [25/Sep/2026:23:40:06 +0800] "GET / HTTP/1.1" 200 67261 "-" "Mozilla/5.0 (Windows NT 10.0; Win64; x64) AppleWebKit/537.36 (KHTML, like Gecko) Chrome/126.0.0.0 Safari/537.36"
172.236.132.241 - - [25/Sep/2026:23:40:03 +0800] "GET / HTTP/1.1" 301 0 "-" "Mozilla/5.0 (Windows NT 10.0; Win64; x64) AppleWebKit/537.36 (KHTML, like Gecko) Chrome/126.0.0.0 Safari/537.36"
101.99.69.250 - - [25/Sep/2026:23:50:28 +0800] "POST /wp-cron.php?doing_wp_cron=1790351428.8698410987854003906250 HTTP/1.1" 200 0 "-" "WordPress/7.1.2; https://goswietofficial.com"
88.223.215.108 - - [25/Sep/2026:23:50:27 +0800] "GET /product/swiet-derm/ HTTP/1.1" 200 19011 "-" "Mozilla/5.0 (Macintosh; Intel Mac OS X 10_15_7) AppleWebKit/537.36 (KHTML, like Gecko) Chrome/119.0.0.0 Safari/537.36"
101.99.69.250 - - [25/Sep/2026:23:40:05 +0800] "POST /wp-cron.php?doing_wp_cron=1790350805.4951190948486328125000 HTTP/1.1" 200 0 "-" "WordPress/7.1.2; https://goswietofficial.com"
101.99.69.250 - - [26/Sep/2026:00:03:02 +0800] "POST /wp-cron.php?doing_wp_cron=1790352182.4002830982208251953125 HTTP/1.1" 200 0 "-" "WordPress/7.1.2; https://goswietofficial.com"
62.83.32.159 - - [26/Sep/2026:00:04:06 +0800] "GET /wp-content/uploads/2022/07/swietderm-new-300x300.jpg HTTP/2" 200 20110 "-" "tphotobot/0.1 (+https://crawler.estidraft.com/bot)"
62.83.32.159 - - [26/Sep/2026:00:04:06 +0800] "GET /wp-content/uploads/2021/04/promo-2023-2-botol-300x300.jpg HTTP/2" 200 21350 "-" "tphotobot/0.1 (+https://crawler.estidraft.com/bot)"
62.83.32.159 - - [26/Sep/2026:00:04:06 +0800] "GET /wp-content/uploads/2021/04/gs-new-1-300x300.png HTTP/2" 200 45119 "-" "tphotobot/0.1 (+https://crawler.estidraft.com/bot)"
62.83.32.159 - - [26/Sep/2026:00:04:06 +0800] "GET /wp-content/uploads/2021/04/promo-2023-1-botol-300x300.jpg HTTP/2" 200 20340 "-" "tphotobot/0.1 (+https://crawler.estidraft.com/bot)"
62.83.35.64 - - [26/Sep/2026:00:03:00 +0800] "GET /robots.txt HTTP/2" 200 100 "-" "tphotobot/0.1 (+https://crawler.estidraft.com/bot)"
172.203.190.134 - - [26/Sep/2026:00:33:59 +0800] "GET /robots.txt HTTP/2" 200 100 "-" "Mozilla/5.0 (Macintosh; Intel Mac OS X 10_15_7) AppleWebKit/537.36 (KHTML, like Gecko) Chrome/131.0.0.0 Safari/537.36; compatible; OAI-SearchBot/1.0; +https://openai.com/searchbot"
101.99.69.250 - - [26/Sep/2026:00:34:01 +0800] "POST /wp-cron.php?doing_wp_cron=1790354041.4627890586853027343750 HTTP/1.1" 200 0 "-" "WordPress/7.1.2; https://goswietofficial.com"
47.79.13.149 - - [26/Sep/2026:01:20:37 +0800] "GET /post-sitemap.xml HTTP/1.1" 200 364 "-" "Mozilla/5.0 (Macintosh; Intel Mac OS X 10_15_7) AppleWebKit/537.36 (KHTML, like Gecko) Chrome/128.0.0.0 Safari/537.36"
47.79.13.149 - - [26/Sep/2026:01:20:41 +0800] "GET /nx_bar-sitemap.xml HTTP/1.1" 200 357 "-" "Mozilla/5.0 (Macintosh; Intel Mac OS X 10_15_7) AppleWebKit/537.36 (KHTML, like Gecko) Chrome/128.0.0.0 Safari/537.36"
101.99.69.250 - - [26/Sep/2026:01:20:45 +0800] "POST /wp-cron.php?doing_wp_cron=1790356845.5730810165405273437500 HTTP/1.1" 200 0 "-" "WordPress/7.1.2; https://goswietofficial.com"
66.17.202.50 - - [26/Sep/2026:01:21:51 +0800] "GET /product/jimat-goswiet-tunjuk-langit-plus-softgel/ HTTP/1.1" 200 20360 "-" "Mozilla/5.0 (Macintosh; Intel Mac OS X 10_15_7) AppleWebKit/537.36 (KHTML, like Gecko) Chrome/119.0.0.0 Safari/537.36"
47.79.13.149 - - [26/Sep/2026:01:20:37 +0800] "GET /sitemap_index.xml HTTP/1.1" 200 357 "-" "Mozilla/5.0 (Macintosh; Intel Mac OS X 10_15_7) AppleWebKit/537.36 (KHTML, like Gecko) Chrome/128.0.0.0 Safari/537.36"
47.79.13.149 - - [26/Sep/2026:01:20:41 +0800] "GET /page-sitemap.xml HTTP/1.1" 200 1282 "-" "Mozilla/5.0 (Macintosh; Intel Mac OS X 10_15_7) AppleWebKit/537.36 (KHTML, like Gecko) Chrome/128.0.0.0 Safari/537.36"
47.79.13.149 - - [26/Sep/2026:01:20:41 +0800] "GET /product-sitemap.xml HTTP/1.1" 200 427 "-" "Mozilla/5.0 (Macintosh; Intel Mac OS X 10_15_7) AppleWebKit/537.36 (KHTML, like Gecko) Chrome/128.0.0.0 Safari/537.36"
101.99.69.250 - - [26/Sep/2026:01:14:53 +0800] "POST /wp-cron.php?doing_wp_cron=1790356493.8542909622192382812500 HTTP/1.1" 200 0 "-" "WordPress/7.1.2; https://goswietofficial.com"
88.188.154.196 - - [26/Sep/2026:01:14:45 +0800] "POST /xmlrpc.php HTTP/2" 200 728 "-" "Go-http-client/2.0"
88.188.154.196 - - [26/Sep/2026:01:14:45 +0800] "GET /wp-login.php HTTP/2" 200 2546 "-" "Mozilla/5.0 (Windows NT 6.1; WOW64; Trident/7.0; rv:11.0) like Gecko"
88.188.154.196 - admingoswietofficial [26/Sep/2026:01:14:45 +0800] "GET /wp-json/wp/v2/users/me HTTP/2" 401 102 "-" "Mozilla/5.0"
88.188.154.196 - - [26/Sep/2026:01:14:54 +0800] "POST /wp-login.php HTTP/2" 200 0 "https://goswietofficial.com/wp-login.php" "Mozilla/5.0 (Windows NT 6.1; WOW64; Trident/7.0; rv:11.0) like Gecko"
88.188.154.196 - - [26/Sep/2026:01:14:54 +0800] "POST /xmlrpc.php HTTP/2" 200 0 "-" "Go-http-client/2.0"
47.79.13.149 - - [26/Sep/2026:01:20:45 +0800] "GET /category-sitemap.xml HTTP/1.1" 200 317 "-" "Mozilla/5.0 (Macintosh; Intel Mac OS X 10_15_7) AppleWebKit/537.36 (KHTML, like Gecko) Chrome/128.0.0.0 Safari/537.36"
47.79.13.149 - - [26/Sep/2026:01:20:45 +0800] "GET /local-sitemap.xml HTTP/1.1" 200 264 "-" "Mozilla/5.0 (Macintosh; Intel Mac OS X 10_15_7) AppleWebKit/537.36 (KHTML, like Gecko) Chrome/128.0.0.0 Safari/537.36"
101.99.69.250 - - [26/Sep/2026:01:21:52 +0800] "POST /wp-cron.php?doing_wp_cron=1790356912.1124830245971679687500 HTTP/1.1" 200 0 "-" "WordPress/7.1.2; https://goswietofficial.com"
13.70.4.78 - - [26/Sep/2026:01:39:27 +0800] "GET /wp-content/plugins/hellopress/wp_filemanager.php HTTP/1.1" 404 5749 "-" "-"
13.70.4.78 - - [26/Sep/2026:01:39:27 +0800] "GET /alfa.php HTTP/1.1" 404 5749 "-" "-"
13.70.4.78 - - [26/Sep/2026:01:39:28 +0800] "GET /media.php HTTP/1.1" 404 5749 "-" "-"
13.70.4.78 - - [26/Sep/2026:01:39:28 +0800] "GET /ops.php HTTP/1.1" 404 5749 "-" "-"
13.70.4.78 - - [26/Sep/2026:01:39:29 +0800] "GET /chosen.php HTTP/1.1" 404 5749 "-" "-"
13.70.4.78 - - [26/Sep/2026:01:39:29 +0800] "GET /min.php HTTP/1.1" 404 5749 "-" "-"
13.70.4.78 - - [26/Sep/2026:01:39:29 +0800] "GET /crgio.php HTTP/1.1" 404 5749 "-" "-"
13.70.4.78 - - [26/Sep/2026:01:39:30 +0800] "GET /gigi.php HTTP/1.1" 404 5749 "-" "-"
13.70.4.78 - - [26/Sep/2026:01:39:31 +0800] "GET /ba.php HTTP/1.1" 404 5749 "-" "-"
13.70.4.78 - - [26/Sep/2026:01:39:32 +0800] "GET /mga.php HTTP/1.1" 404 5749 "-" "-"
13.70.4.78 - - [26/Sep/2026:01:39:33 +0800] "GET /modules.php HTTP/1.1" 404 5749 "-" "-"
13.70.4.78 - - [26/Sep/2026:01:39:33 +0800] "GET /wp-22.php HTTP/1.1" 404 5749 "-" "-"
13.70.4.78 - - [26/Sep/2026:01:39:33 +0800] "GET /NewFile.php HTTP/1.1" 404 5749 "-" "-"
13.70.4.78 - - [26/Sep/2026:01:39:33 +0800] "GET /indo.php HTTP/1.1" 404 5749 "-" "-"
13.70.4.78 - - [26/Sep/2026:01:39:34 +0800] "GET /zpcutwcq.php HTTP/1.1" 404 5749 "-" "-"
13.70.4.78 - - [26/Sep/2026:01:39:35 +0800] "GET /simple.php HTTP/1.1" 404 5749 "-" "-"
13.70.4.78 - - [26/Sep/2026:01:39:36 +0800] "GET /fs.php HTTP/1.1" 404 5749 "-" "-"
13.70.4.78 - - [26/Sep/2026:01:39:38 +0800] "GET /about.php HTTP/1.1" 404 5749 "-" "-"
13.70.4.78 - - [26/Sep/2026:01:39:38 +0800] "GET /asw.php HTTP/1.1" 404 5749 "-" "-"
13.70.4.78 - - [26/Sep/2026:01:39:38 +0800] "GET /hao.php?p= HTTP/1.1" 404 5749 "-" "-"
13.70.4.78 - - [26/Sep/2026:01:39:39 +0800] "GET /yuca_cytgi.php HTTP/1.1" 404 5749 "-" "-"
13.70.4.78 - - [26/Sep/2026:01:39:39 +0800] "GET /33.php HTTP/1.1" 404 5749 "-" "-"
13.70.4.78 - - [26/Sep/2026:01:39:40 +0800] "GET /2.php HTTP/1.1" 404 5749 "-" "-"
13.70.4.78 - - [26/Sep/2026:01:39:40 +0800] "GET /11.php?p= HTTP/1.1" 404 5749 "-" "-"
101.99.69.250 - - [26/Sep/2026:01:41:38 +0800] "POST /wp-cron.php?doing_wp_cron=1790358098.4219129085540771484375 HTTP/1.1" 200 0 "-" "WordPress/7.1.2; https://goswietofficial.com"
13.70.4.78 - - [26/Sep/2026:01:39:27 +0800] "GET /this_is_a_new_hello_world.php HTTP/1.1" 404 5749 "-" "-"
13.70.4.78 - - [26/Sep/2026:01:39:27 +0800] "GET /222.php HTTP/1.1" 404 5749 "-" "-"
13.70.4.78 - - [26/Sep/2026:01:39:29 +0800] "GET /hur.php HTTP/1.1" 404 5749 "-" "-"
13.70.4.78 - - [26/Sep/2026:01:39:30 +0800] "GET /ff1.php HTTP/1.1" 404 5749 "-" "-"
13.70.4.78 - - [26/Sep/2026:01:39:30 +0800] "GET /BDKR28WP.php HTTP/1.1" 404 5749 "-" "-"
13.70.4.78 - - [26/Sep/2026:01:39:30 +0800] "GET /admin.php HTTP/1.1" 404 5749 "-" "-"
13.70.4.78 - - [26/Sep/2026:01:39:30 +0800] "GET /prv8.php HTTP/1.1" 404 5749 "-" "-"
13.70.4.78 - - [26/Sep/2026:01:39:31 +0800] "GET /vpn.php HTTP/1.1" 404 5749 "-" "-"
13.70.4.78 - - [26/Sep/2026:01:39:32 +0800] "GET /wp-admin/css/colors/modern/ HTTP/1.1" 404 5749 "-" "-"
13.70.4.78 - - [26/Sep/2026:01:39:32 +0800] "GET /wp-admin/css/colors/sunrise/ HTTP/1.1" 404 5749 "-" "-"
13.70.4.78 - - [26/Sep/2026:01:39:33 +0800] "GET /elements.php HTTP/1.1" 404 5749 "-" "-"
13.70.4.78 - - [26/Sep/2026:01:39:33 +0800] "GET /ded.php HTTP/1.1" 404 5749 "-" "-"
13.70.4.78 - - [26/Sep/2026:01:39:34 +0800] "GET /sitemap.php HTTP/1.1" 404 5749 "-" "-"
13.70.4.78 - - [26/Sep/2026:01:39:34 +0800] "GET /mk.php HTTP/1.1" 404 5749 "-" "-"
13.70.4.78 - - [26/Sep/2026:01:39:34 +0800] "GET /zwso.php HTTP/1.1" 404 5749 "-" "-"
13.70.4.78 - - [26/Sep/2026:01:39:35 +0800] "GET /tiny.php?p= HTTP/1.1" 404 5749 "-" "-"
13.70.4.78 - - [26/Sep/2026:01:39:35 +0800] "GET /buy.php HTTP/1.1" 404 5749 "-" "-"
13.70.4.78 - - [26/Sep/2026:01:39:35 +0800] "GET /ioxi-o.php HTTP/1.1" 404 5749 "-" "-"
13.70.4.78 - - [26/Sep/2026:01:39:36 +0800] "GET /ol.php HTTP/1.1" 404 5749 "-" "-"
13.70.4.78 - - [26/Sep/2026:01:39:36 +0800] "GET /ans.php HTTP/1.1" 404 5749 "-" "-"
13.70.4.78 - - [26/Sep/2026:01:39:39 +0800] "GET /a.php HTTP/1.1" 404 5749 "-" "-"
13.70.4.78 - - [26/Sep/2026:01:39:40 +0800] "GET /wp-links-opml.php?p= HTTP/1.1" 404 5749 "-" "-"
74.7.227.12 - - [26/Sep/2026:01:41:36 +0800] "GET /sitemap_index.xml HTTP/2" 200 357 "-" "Mozilla/5.0 AppleWebKit/537.36 (KHTML, like Gecko; compatible; GPTBot/1.4; +https://openai.com/gptbot)"
74.7.244.10 - - [26/Sep/2026:01:31:35 +0800] "GET /robots.txt HTTP/2" 200 100 "-" "Mozilla/5.0 (Macintosh; Intel Mac OS X 10_15_7) AppleWebKit/537.36 (KHTML, like Gecko) Chrome/131.0.0.0 Safari/537.36; compatible; OAI-SearchBot/1.4; robots.txt; +https://openai.com/searchbot"
13.70.4.78 - - [26/Sep/2026:01:39:27 +0800] "GET /3PJcpMFsD8B.php HTTP/1.1" 404 5749 "-" "-"
13.70.4.78 - - [26/Sep/2026:01:39:27 +0800] "GET /images.php HTTP/1.1" 404 5749 "-" "-"
13.70.4.78 - - [26/Sep/2026:01:39:29 +0800] "GET /wp-admin/css/ HTTP/1.1" 404 5749 "-" "-"
13.70.4.78 - - [26/Sep/2026:01:39:32 +0800] "GET /fix.php HTTP/1.1" 404 5749 "-" "-"
13.70.4.78 - - [26/Sep/2026:01:39:32 +0800] "GET /admin.php?attempt=1 HTTP/1.1" 404 5749 "-" "-"
13.70.4.78 - - [26/Sep/2026:01:39:32 +0800] "GET /file.php HTTP/1.1" 404 5749 "-" "-"
13.70.4.78 - - [26/Sep/2026:01:39:33 +0800] "GET /ugmlxqxz.php HTTP/1.1" 404 5749 "-" "-"
13.70.4.78 - - [26/Sep/2026:01:39:34 +0800] "GET /blacks.php HTTP/1.1" 404 5749 "-" "-"
13.70.4.78 - - [26/Sep/2026:01:39:34 +0800] "GET /h2.php HTTP/1.1" 404 5749 "-" "-"
13.70.4.78 - - [26/Sep/2026:01:39:35 +0800] "GET /upgrtfg.php HTTP/1.1" 404 5749 "-" "-"
13.70.4.78 - - [26/Sep/2026:01:39:35 +0800] "GET /sallu.php HTTP/1.1" 404 5749 "-" "-"
13.70.4.78 - - [26/Sep/2026:01:39:35 +0800] "GET /kgb.php HTTP/1.1" 404 5749 "-" "-"
13.70.4.78 - - [26/Sep/2026:01:39:36 +0800] "GET /vast.php HTTP/1.1" 404 5749 "-" "-"
13.70.4.78 - - [26/Sep/2026:01:39:37 +0800] "GET /gf.php HTTP/1.1" 404 5749 "-" "-"
13.70.4.78 - - [26/Sep/2026:01:39:37 +0800] "GET /olpsa.php HTTP/1.1" 404 5749 "-" "-"
13.70.4.78 - - [26/Sep/2026:01:39:38 +0800] "GET /txets.php HTTP/1.1" 404 5749 "-" "-"
13.70.4.78 - - [26/Sep/2026:01:39:39 +0800] "GET /adminner.php HTTP/1.1" 404 5749 "-" "-"
13.70.4.78 - - [26/Sep/2026:01:39:39 +0800] "GET /wp-login.php HTTP/1.1" 404 5749 "-" "-"
13.70.4.78 - - [26/Sep/2026:01:39:40 +0800] "GET /sid.php HTTP/1.1" 404 5749 "-" "-"
101.99.69.250 - - [26/Sep/2026:01:31:36 +0800] "POST /wp-cron.php?doing_wp_cron=1790357496.3402431011199951171875 HTTP/1.1" 200 0 "-" "WordPress/7.1.2; https://goswietofficial.com"
13.70.4.78 - - [26/Sep/2026:01:39:27 +0800] "GET /goods.php HTTP/1.1" 404 5749 "-" "-"
13.70.4.78 - - [26/Sep/2026:01:39:28 +0800] "GET /k.php?p= HTTP/1.1" 404 5749 "-" "-"
13.70.4.78 - - [26/Sep/2026:01:39:28 +0800] "GET /mac.php HTTP/1.1" 404 5749 "-" "-"
13.70.4.78 - - [26/Sep/2026:01:39:28 +0800] "GET /1.php HTTP/1.1" 404 5749 "-" "-"
13.70.4.78 - - [26/Sep/2026:01:39:28 +0800] "GET /aaa.php?p= HTTP/1.1" 404 5749 "-" "-"
13.70.4.78 - - [26/Sep/2026:01:39:29 +0800] "GET /2P.php HTTP/1.1" 404 5749 "-" "-"
13.70.4.78 - - [26/Sep/2026:01:39:29 +0800] "GET /great.php HTTP/1.1" 404 5749 "-" "-"
13.70.4.78 - - [26/Sep/2026:01:39:30 +0800] "GET /images2.php HTTP/1.1" 404 5749 "-" "-"
13.70.4.78 - - [26/Sep/2026:01:39:30 +0800] "GET /0.php HTTP/1.1" 404 5749 "-" "-"
13.70.4.78 - - [26/Sep/2026:01:39:31 +0800] "GET /mds.php HTTP/1.1" 404 5749 "-" "-"
13.70.4.78 - - [26/Sep/2026:01:39:32 +0800] "GET /ant.php HTTP/1.1" 404 5749 "-" "-"
13.70.4.78 - - [26/Sep/2026:01:39:32 +0800] "GET /uejvv.php HTTP/1.1" 404 5749 "-" "-"
13.70.4.78 - - [26/Sep/2026:01:39:33 +0800] "GET /mpwkxnos.php HTTP/1.1" 404 5749 "-" "-"
13.70.4.78 - - [26/Sep/2026:01:39:34 +0800] "GET /xetmolxr.php HTTP/1.1" 404 5749 "-" "-"
13.70.4.78 - - [26/Sep/2026:01:39:34 +0800] "GET /mini.php HTTP/1.1" 404 5749 "-" "-"
13.70.4.78 - - [26/Sep/2026:01:39:36 +0800] "GET /ega7IvFSLKi.php HTTP/1.1" 404 5749 "-" "-"
13.70.4.78 - - [26/Sep/2026:01:39:37 +0800] "GET /man.php HTTP/1.1" 404 5749 "-" "-"
13.70.4.78 - - [26/Sep/2026:01:39:38 +0800] "GET /dev.php?p= HTTP/1.1" 404 5749 "-" "-"
13.70.4.78 - - [26/Sep/2026:01:39:38 +0800] "GET /ms-edit.php HTTP/1.1" 404 5749 "-" "-"
13.70.4.78 - - [26/Sep/2026:01:39:38 +0800] "GET /settings.php HTTP/1.1" 404 5749 "-" "-"
13.70.4.78 - - [26/Sep/2026:01:39:38 +0800] "GET /cae.php HTTP/1.1" 404 5749 "-" "-"
13.70.4.78 - - [26/Sep/2026:01:39:39 +0800] "GET /wp-signup.php HTTP/1.1" 404 5749 "-" "-"
13.70.4.78 - - [26/Sep/2026:01:39:39 +0800] "GET /thoms.php HTTP/1.1" 404 5749 "-" "-"
13.70.4.78 - - [26/Sep/2026:01:39:40 +0800] "GET /b8.php HTTP/1.1" 404 5749 "-" "-"
13.70.4.78 - - [26/Sep/2026:01:39:40 +0800] "GET /function.php HTTP/1.1" 404 5749 "-" "-"
143.198.237.13 - - [26/Sep/2026:01:56:01 +0800] "GET /favicon.ico HTTP/1.1" 404 1251 "https://mail.goswietofficial.com/" "Mozilla/5.0 (X11; Linux x86_64) AppleWebKit/537.36 (KHTML, like Gecko) Chrome/153.0.0.0 Safari/537.36"
143.198.237.13 - - [26/Sep/2026:01:55:55 +0800] "GET / HTTP/1.1" 301 0 "-" "Mozilla/5.0 (X11; Linux x86_64) AppleWebKit/537.36 (KHTML, like Gecko) Chrome/153.0.0.0 Safari/537.36"
101.99.69.250 - - [26/Sep/2026:01:52:05 +0800] "POST /wp-cron.php?doing_wp_cron=1790358725.8808410167694091796875 HTTP/1.1" 200 0 "-" "WordPress/7.1.2; https://goswietofficial.com"
172.93.48.103 - - [26/Sep/2026:01:52:02 +0800] "POST /wp-login.php HTTP/1.1" 401 1531 "-" "Mozilla/5.0 (Windows NT 10.0; WOW64; rv:141.0) Gecko/20100101 Firefox/141.0"
52.172.226.14 - - [26/Sep/2026:02:05:48 +0800] "GET /wp-login.php?registration=disabled HTTP/1.1" 200 8369 "-" "-"
52.172.226.14 - - [26/Sep/2026:02:05:47 +0800] "GET /wp-login.php HTTP/1.1" 200 8177 "-" "-"
52.172.226.14 - - [26/Sep/2026:02:05:47 +0800] "GET /wp-login.php?action=register HTTP/1.1" 302 0 "-" "-"
127.0.0.1 - - [26/Sep/2026:02:14:25 +0800] "GET /.git/config HTTP/1.1" 403 1242 "-" "Mozilla/5.0 (Windows NT 10.0; Win64; x64) AppleWebKit/537.36 Chrome/127.0 Safari/537.36"
101.99.69.250 - - [26/Sep/2026:02:39:16 +0800] "POST /wp-cron.php?doing_wp_cron=1790361556.6309800148010253906250 HTTP/1.1" 200 0 "-" "WordPress/7.1.2; https://goswietofficial.com"
210.10.76.16 - - [26/Sep/2026:02:48:08 +0800] "GET /wp-login.php HTTP/1.1" 200 2546 "-" "iPhone; CPU iPhone OS 13_2_3 like Mac OS X) AppleWebKit/605.1.15 (KHTML, like Gecko) Version/13.0.3 Mobile/15E148 Safari/604.1)"
210.10.76.16 - - [26/Sep/2026:02:48:11 +0800] "POST /wp-login.php HTTP/1.1" 302 0 "-" "iPhone; CPU iPhone OS 13_2_3 like Mac OS X) AppleWebKit/605.1.15 (KHTML, like Gecko) Version/13.0.3 Mobile/15E148 Safari/604.1)"
101.99.69.250 - - [26/Sep/2026:02:48:15 +0800] "POST /wp-cron.php?doing_wp_cron=1790362095.7410409450531005859375 HTTP/1.1" 200 0 "-" "WordPress/7.1.2; https://goswietofficial.com"
210.10.76.16 - - [26/Sep/2026:02:48:14 +0800] "GET /wp-admin/ HTTP/1.1" 200 76212 "-" "iPhone; CPU iPhone OS 13_2_3 like Mac OS X) AppleWebKit/605.1.15 (KHTML, like Gecko) Version/13.0.3 Mobile/15E148 Safari/604.1)"
210.10.76.16 - - [26/Sep/2026:02:48:23 +0800] "GET /wp-admin/plugin-install.php?tab=upload HTTP/1.1" 200 55632 "-" "iPhone; CPU iPhone OS 13_2_3 like Mac OS X) AppleWebKit/605.1.15 (KHTML, like Gecko) Version/13.0.3 Mobile/15E148 Safari/604.1)"
210.10.76.16 - - [26/Sep/2026:02:48:28 +0800] "POST /wp-admin/update.php?action=upload-plugin HTTP/1.1" 403 1242 "-" "iPhone; CPU iPhone OS 13_2_3 like Mac OS X) AppleWebKit/605.1.15 (KHTML, like Gecko) Version/13.0.3 Mobile/15E148 Safari/604.1)"
101.99.69.250 - - [26/Sep/2026:02:48:30 +0800] "POST /wp-cron.php?doing_wp_cron=1790362110.1783928871154785156250 HTTP/1.1" 200 0 "-" "WordPress/7.1.2; https://goswietofficial.com"
210.10.76.16 - - [26/Sep/2026:02:48:28 +0800] "GET /wp-content/plugins/litespeed-cache-7kvzd/readme.php HTTP/1.1" 404 23526 "-" "iPhone; CPU iPhone OS 13_2_3 like Mac OS X) AppleWebKit/605.1.15 (KHTML, like Gecko) Version/13.0.3 Mobile/15E148 Safari/604.1)"
210.10.76.16 - - [26/Sep/2026:02:48:30 +0800] "GET /wp-admin/theme-install.php?tab=upload HTTP/1.1" 200 59190 "-" "iPhone; CPU iPhone OS 13_2_3 like Mac OS X) AppleWebKit/605.1.15 (KHTML, like Gecko) Version/13.0.3 Mobile/15E148 Safari/604.1)"
210.10.76.16 - - [26/Sep/2026:02:48:32 +0800] "POST /wp-admin/update.php?action=upload-theme HTTP/1.1" 403 1242 "-" "iPhone; CPU iPhone OS 13_2_3 like Mac OS X) AppleWebKit/605.1.15 (KHTML, like Gecko) Version/13.0.3 Mobile/15E148 Safari/604.1)"
210.10.76.16 - - [26/Sep/2026:02:48:33 +0800] "GET /wp-content/themes/litespeed-cache-wkqy5/readme.php HTTP/1.1" 404 23525 "-" "iPhone; CPU iPhone OS 13_2_3 like Mac OS X) AppleWebKit/605.1.15 (KHTML, like Gecko) Version/13.0.3 Mobile/15E148 Safari/604.1)"
101.99.69.250 - - [26/Sep/2026:02:48:36 +0800] "POST /wp-cron.php?doing_wp_cron=1790362116.5138959884643554687500 HTTP/1.1" 200 0 "-" "WordPress/7.1.2; https://goswietofficial.com"
210.10.76.16 - - [26/Sep/2026:02:48:35 +0800] "GET /wp-admin/plugin-editor.php HTTP/1.1" 200 61501 "-" "iPhone; CPU iPhone OS 13_2_3 like Mac OS X) AppleWebKit/605.1.15 (KHTML, like Gecko) Version/13.0.3 Mobile/15E148 Safari/604.1)"
210.10.76.16 - - [26/Sep/2026:02:48:37 +0800] "GET /wp-admin/plugin-editor.php?file=akismet/akismet.php&plugin=akismet/akismet.php HTTP/1.1" 200 61683 "-" "iPhone; CPU iPhone OS 13_2_3 like Mac OS X) AppleWebKit/605.1.15 (KHTML, like Gecko) Version/13.0.3 Mobile/15E148 Safari/604.1)"
101.99.69.250 - - [26/Sep/2026:02:48:40 +0800] "POST /wp-cron.php?doing_wp_cron=1790362120.8205349445343017578125 HTTP/1.1" 200 0 "-" "WordPress/7.1.2; https://goswietofficial.com"
210.10.76.16 - - [26/Sep/2026:02:48:39 +0800] "POST /wp-admin/plugin-editor.php HTTP/1.1" 302 0 "-" "iPhone; CPU iPhone OS 13_2_3 like Mac OS X) AppleWebKit/605.1.15 (KHTML, like Gecko) Version/13.0.3 Mobile/15E148 Safari/604.1)"
210.10.76.16 - - [26/Sep/2026:02:48:41 +0800] "GET /wp-admin/plugin-editor.php?a=1&plugin=akismet/akismet.php&file=akismet/akismet.php HTTP/1.1" 200 65272 "-" "iPhone; CPU iPhone OS 13_2_3 like Mac OS X) AppleWebKit/605.1.15 (KHTML, like Gecko) Version/13.0.3 Mobile/15E148 Safari/604.1)"
210.10.76.16 - - [26/Sep/2026:02:48:43 +0800] "GET /wp-content/plugins/akismet/akismet.php HTTP/1.1" 403 1242 "-" "iPhone; CPU iPhone OS 13_2_3 like Mac OS X) AppleWebKit/605.1.15 (KHTML, like Gecko) Version/13.0.3 Mobile/15E148 Safari/604.1)"
101.99.69.250 - - [26/Sep/2026:02:48:10 +0800] "POST /wp-cron.php?doing_wp_cron=1790362090.8879690170288085937500 HTTP/1.1" 200 0 "-" "WordPress/7.1.2; https://goswietofficial.com"
101.99.69.250 - - [26/Sep/2026:02:48:22 +0800] "POST /wp-cron.php?doing_wp_cron=1790362102.7665801048278808593750 HTTP/1.1" 200 0 "-" "WordPress/7.1.2; https://goswietofficial.com"
122.51.236.174 - - [26/Sep/2026:02:51:48 +0800] "GET / HTTP/1.1" 200 67271 "http://www.goswietofficial.com" "Mozilla/5.0 (iPhone; CPU iPhone OS 13_2_3 like Mac OS X) AppleWebKit/605.1.15 (KHTML, like Gecko) Version/13.0.3 Mobile/15E148 Safari/604.1"
43.134.68.29 - - [26/Sep/2026:03:20:53 +0800] "GET / HTTP/1.1" 200 67271 "http://goswietofficial.com" "Mozilla/5.0 (iPhone; CPU iPhone OS 13_2_3 like Mac OS X) AppleWebKit/605.1.15 (KHTML, like Gecko) Version/13.0.3 Mobile/15E148 Safari/604.1"
31.76.142.79 - - [26/Sep/2026:03:27:14 +0800] "GET /wp-content/uploads/2021/04/Whatsapp.gif HTTP/1.1" 200 15139 "-" "Mozilla/5.0 (compatible; crawler)"
209.101.49.243 - - [26/Sep/2026:03:51:38 +0800] "GET /wp-content/uploads/2022/03/25-576x1024.png HTTP/1.1" 200 393247 "-" "Mozilla/5.0 (compatible; crawler)"
69.165.68.216 - - [26/Sep/2026:04:22:39 +0800] "GET /index.php?rest_route=/wp/v2/posts&per_page=100&_fields=id%2Ccomment_status&page=1 HTTP/1.1" 200 54 "https://mail.goswietofficial.com" "Mozilla/5.0 (iPhone; CPU iPhone OS 18_3_2 like Mac OS X) AppleWebKit/605.1.15 (KHTML, like Gecko) Version/18.3.1 Mobile/15E148 Safari/604.1"
101.99.69.250 - - [26/Sep/2026:04:22:41 +0800] "POST /wp-cron.php?doing_wp_cron=1790367761.3543100357055664062500 HTTP/1.1" 200 0 "-" "WordPress/7.1.2; https://goswietofficial.com"
69.165.68.216 - - [26/Sep/2026:04:22:41 +0800] "POST /wp-comments-post.php HTTP/1.1" 302 0 "https://mail.goswietofficial.com" "Mozilla/5.0 (iPhone; CPU iPhone OS 18_3_2 like Mac OS X) AppleWebKit/605.1.15 (KHTML, like Gecko) Version/18.3.1 Mobile/15E148 Safari/604.1"
209.97.172.200 - - [26/Sep/2026:04:44:45 +0800] "POST /wp-login.php HTTP/1.1" 401 1534 "-" "Mozilla/5.0 (Windows NT 10.0; Win64; x64) AppleWebKit/537.36 (KHTML, like Gecko) Chrome/142.0.0.0 Safari/537.36 Edg/142.0.0.0"
101.99.69.250 - - [26/Sep/2026:04:41:22 +0800] "POST /wp-cron.php?doing_wp_cron=1790368882.0883579254150390625000 HTTP/1.1" 200 0 "-" "WordPress/7.1.2; https://goswietofficial.com"
77.68.122.32 - - [26/Sep/2026:04:41:20 +0800] "POST /wp-login.php HTTP/1.1" 401 1533 "-" "Mozilla/5.0 (Windows NT 10.0) AppleWebKit/537.36 (KHTML, like Gecko) Chrome/138.0.0.0 Safari/537.36 Edg/138.0.0.0"
101.99.69.250 - - [26/Sep/2026:04:44:48 +0800] "POST /wp-cron.php?doing_wp_cron=1790369088.2677900791168212890625 HTTP/1.1" 200 0 "-" "WordPress/7.1.2; https://goswietofficial.com"
103.59.161.151 - - [26/Sep/2026:05:00:45 +0800] "GET /wp-admin/admin-ajax.php HTTP/1.1" 401 53 "-" "Mozilla/5.0"
103.59.161.151 - - [26/Sep/2026:05:00:49 +0800] "GET / HTTP/1.1" 401 53 "-" "Mozilla/5.0"
103.59.161.151 - - [26/Sep/2026:05:00:54 +0800] "GET /wp-admin/admin-ajax.php HTTP/1.1" 401 53 "-" "Mozilla/5.0"
189.81.187.91 - - [26/Sep/2026:04:49:40 +0800] "GET /wp-content/uploads/2022/03/29-576x1024.png HTTP/1.1" 200 457647 "-" "Mozilla/5.0 (compatible; crawler)"
103.59.161.151 - - [26/Sep/2026:05:01:29 +0800] "GET / HTTP/1.1" 401 53 "-" "Mozilla/5.0"
103.59.161.151 - - [26/Sep/2026:05:00:32 +0800] "GET /wp-admin/admin-ajax.php HTTP/1.1" 401 53 "-" "Mozilla/5.0"
103.59.161.151 - - [26/Sep/2026:05:01:03 +0800] "GET / HTTP/1.1" 401 53 "-" "Mozilla/5.0"
103.59.161.151 - - [26/Sep/2026:05:01:15 +0800] "GET /wp-admin/admin-ajax.php HTTP/1.1" 401 53 "-" "Mozilla/5.0"
101.99.69.250 - - [26/Sep/2026:05:19:26 +0800] "POST /wp-cron.php?doing_wp_cron=1790371166.0325999259948730468750 HTTP/1.1" 200 0 "-" "WordPress/7.1.2; https://goswietofficial.com"
216.73.217.104 - - [26/Sep/2026:05:19:25 +0800] "GET /robots.txt HTTP/2" 200 100 "-" "Mozilla/5.0 AppleWebKit/537.36 (KHTML, like Gecko; compatible; ClaudeBot/1.0; +claudebot@anthropic.com)"
216.73.217.104 - - [26/Sep/2026:05:19:26 +0800] "GET / HTTP/2" 200 59454 "-" "Mozilla/5.0 AppleWebKit/537.36 (KHTML, like Gecko; compatible; ClaudeBot/1.0; +claudebot@anthropic.com)"
43.162.95.192 - - [26/Sep/2026:05:21:48 +0800] "GET / HTTP/1.1" 200 67271 "http://www.goswietofficial.com" "Mozilla/5.0 (iPhone; CPU iPhone OS 13_2_3 like Mac OS X) AppleWebKit/605.1.15 (KHTML, like Gecko) Version/13.0.3 Mobile/15E148 Safari/604.1"
176.20.201.120 - - [26/Sep/2026:05:20:31 +0800] "GET /wp-content/uploads/2022/07/cod-ninjavan-logo-450x450.png HTTP/1.1" 200 83410 "-" "Mozilla/5.0 (compatible; crawler)"
193.22.147.129 - - [26/Sep/2026:05:38:32 +0800] "GET /wp-content/uploads/2021/04/SPecial-Merdeka-2022-3-300x300.jpg HTTP/2" 200 19030 "-" "Mozilla/5.0 (Macintosh; Intel Mac OS X 10_15_7) AppleWebKit/537.36 (KHTML, like Gecko) Chrome/123.0.0.0 Safari/537.36"
74.7.227.12 - - [26/Sep/2026:05:40:57 +0800] "GET / HTTP/2" 429 0 "-" "Mozilla/5.0 AppleWebKit/537.36 (KHTML, like Gecko; compatible; GPTBot/1.4; +https://openai.com/gptbot)"
142.252.47.28 - - [26/Sep/2026:06:09:14 +0800] "GET /wp-content/uploads/2021/04/promo-2023-1-botol-300x300.jpg HTTP/1.1" 200 20340 "-" "Mozilla/5.0 (compatible; crawler)"
74.7.244.28 - - [26/Sep/2026:06:28:40 +0800] "GET /robots.txt HTTP/2" 200 100 "-" "Mozilla/5.0 (Macintosh; Intel Mac OS X 10_15_7) AppleWebKit/537.36 (KHTML, like Gecko) Chrome/131.0.0.0 Safari/537.36; compatible; OAI-SearchBot/1.4; robots.txt; +https://openai.com/searchbot"
101.99.69.250 - - [26/Sep/2026:06:28:43 +0800] "POST /wp-cron.php?doing_wp_cron=1790375323.3201880455017089843750 HTTP/1.1" 200 0 "-" "WordPress/7.1.2; https://goswietofficial.com"
101.99.69.250 - - [26/Sep/2026:06:31:45 +0800] "POST /wp-cron.php?doing_wp_cron=1790375505.6901540756225585937500 HTTP/1.1" 200 0 "-" "WordPress/7.1.2; https://goswietofficial.com"
101.99.69.250 - - [26/Sep/2026:06:39:56 +0800] "POST /wp-cron.php?doing_wp_cron=1790375996.8720479011535644531250 HTTP/1.1" 200 0 "-" "WordPress/7.1.2; https://goswietofficial.com"
212.125.10.252 - - [26/Sep/2026:06:39:57 +0800] "GET / HTTP/1.1" 200 67357 "-" "WordPress-ReadOnly-Detector/2.0"
212.125.10.252 - - [26/Sep/2026:06:40:02 +0800] "GET /?rest_route=/ HTTP/1.1" 200 113967 "-" "WordPress-ReadOnly-Detector/2.0"
212.125.10.252 - - [26/Sep/2026:06:39:54 +0800] "GET / HTTP/1.1" 200 59380 "-" "WordPress-ReadOnly-Detector/2.0"
212.125.10.252 - - [26/Sep/2026:06:40:00 +0800] "GET /wp-json/ HTTP/1.1" 200 113967 "-" "WordPress-ReadOnly-Detector/2.0"
207.46.13.141 - - [26/Sep/2026:06:31:44 +0800] "GET /sitemap_index.xml HTTP/2" 200 357 "-" "Mozilla/5.0 AppleWebKit/537.36 (KHTML, like Gecko; compatible; bingbot/2.0; +http://www.bing.com/bingbot.htm) Chrome/116.0.1938.76 Safari/537.36"
216.73.217.104 - - [26/Sep/2026:07:00:01 +0800] "GET / HTTP/2" 200 59454 "-" "Mozilla/5.0 AppleWebKit/537.36 (KHTML, like Gecko; compatible; ClaudeBot/1.0; +claudebot@anthropic.com)"
101.99.69.250 - - [26/Sep/2026:06:55:49 +0800] "POST /wp-cron.php?doing_wp_cron=1790376949.1504769325256347656250 HTTP/1.1" 200 0 "-" "WordPress/7.1.2; https://goswietofficial.com"
101.99.69.250 - - [26/Sep/2026:07:00:03 +0800] "POST /wp-cron.php?doing_wp_cron=1790377203.4985189437866210937500 HTTP/1.1" 200 0 "-" "WordPress/7.1.2; https://goswietofficial.com"
216.73.217.104 - - [26/Sep/2026:06:55:47 +0800] "GET /robots.txt HTTP/2" 200 100 "-" "Mozilla/5.0 AppleWebKit/537.36 (KHTML, like Gecko; compatible; ClaudeBot/1.0; +claudebot@anthropic.com)"
216.73.217.104 - - [26/Sep/2026:06:55:49 +0800] "GET /sitemap_index.xml HTTP/2" 200 357 "-" "Mozilla/5.0 AppleWebKit/537.36 (KHTML, like Gecko; compatible; ClaudeBot/1.0; +claudebot@anthropic.com)"
64.144.235.100 - - [26/Sep/2026:07:16:16 +0800] "GET /wp-content/uploads/2021/05/6-kebaikan-1-rnd-450x450.jpg HTTP/1.1" 200 47297 "-" "Mozilla/5.0 (compatible; crawler)"
154.217.200.51 - - [26/Sep/2026:07:11:31 +0800] "GET /wp-content/uploads/2021/05/6-kebaikan-3-rnd-1022x1024.jpg HTTP/1.1" 200 127453 "-" "Mozilla/5.0 (compatible; crawler)"
172.197.203.19 - - [26/Sep/2026:07:23:08 +0800] "GET / HTTP/2" 200 59452 "-" "Mozilla/5.0 AppleWebKit/537.36 (KHTML, like Gecko); compatible; ChatGPT-User/1.0; +https://openai.com/bot"
157.55.39.205 - - [26/Sep/2026:07:22:08 +0800] "GET /sitemap_index.xml HTTP/2" 200 357 "-" "Mozilla/5.0 AppleWebKit/537.36 (KHTML, like Gecko; compatible; bingbot/2.0; +http://www.bing.com/bingbot.htm) Chrome/116.0.1938.76 Safari/537.36"
101.99.69.250 - - [26/Sep/2026:07:22:08 +0800] "POST /wp-cron.php?doing_wp_cron=1790378528.7041060924530029296875 HTTP/1.1" 200 0 "-" "WordPress/7.1.2; https://goswietofficial.com"
101.99.69.250 - - [26/Sep/2026:07:23:10 +0800] "POST /wp-cron.php?doing_wp_cron=1790378590.5466558933258056640625 HTTP/1.1" 200 0 "-" "WordPress/7.1.2; https://goswietofficial.com"
114.119.130.96 - - [26/Sep/2026:07:46:11 +0800] "GET /robots.txt HTTP/1.1" 200 100 "https://goswietofficial.com/robots.txt" "Mozilla/5.0 (compatible;PetalBot;+https://webmaster.petalsearch.com/site/petalbot)"
101.99.69.250 - - [26/Sep/2026:07:46:12 +0800] "POST /wp-cron.php?doing_wp_cron=1790379971.9874498844146728515625 HTTP/1.1" 200 0 "-" "WordPress/7.1.2; https://goswietofficial.com"
157.55.39.62 - - [26/Sep/2026:07:46:41 +0800] "GET /wp-content/uploads/2021/04/promo-2023-1-botol-600x600.jpg HTTP/2" 200 61127 "-" "Mozilla/5.0 AppleWebKit/537.36 (KHTML, like Gecko; compatible; bingbot/2.0; +http://www.bing.com/bingbot.htm) Chrome/116.0.1938.76 Safari/537.36"
42.189.13.58 - - [26/Sep/2026:08:24:56 +0800] "GET /wp-content/uploads/2022/03/new-home-gs-official-3-spsed-1024x855.png HTTP/2" 200 800736 "https://www.google.com/" "Mozilla/5.0 (Windows NT 10.0; Win64; x64) AppleWebKit/537.36 (KHTML, like Gecko) Chrome/153.0.0.0 Safari/537.36"
101.99.69.250 - - [26/Sep/2026:09:03:17 +0800] "POST /wp-cron.php?doing_wp_cron=1790384597.0342619419097900390625 HTTP/1.1" 200 0 "-" "WordPress/7.1.2; https://goswietofficial.com"
113.211.213.14 - - [26/Sep/2026:09:03:14 +0800] "GET / HTTP/2" 200 59340 "https://www.google.com/" "Mozilla/5.0 (Linux; Android 10; K) AppleWebKit/537.36 (KHTML, like Gecko) Chrome/153.0.0.0 Mobile Safari/537.36"
113.211.213.14 - - [26/Sep/2026:09:03:17 +0800] "GET /wp-content/plugins/clever-whatsapp/assets/css/auto-generated-cleverwa.css?ver=1618201790 HTTP/2" 200 323 "https://goswietofficial.com/" "Mozilla/5.0 (Linux; Android 10; K) AppleWebKit/537.36 (KHTML, like Gecko) Chrome/153.0.0.0 Mobile Safari/537.36"
113.211.213.14 - - [26/Sep/2026:09:03:17 +0800] "GET /wp-content/plugins/clever-whatsapp/assets/css/public.css?ver=1.0.0 HTTP/2" 200 2361 "https://goswietofficial.com/" "Mozilla/5.0 (Linux; Android 10; K) AppleWebKit/537.36 (KHTML, like Gecko) Chrome/153.0.0.0 Mobile Safari/537.36"
113.211.213.14 - - [26/Sep/2026:09:03:17 +0800] "GET /wp-content/plugins/clever-swatches/assets/css/clever-swatches-style.css?ver=7.1.2 HTTP/2" 200 1782 "https://goswietofficial.com/" "Mozilla/5.0 (Linux; Android 10; K) AppleWebKit/537.36 (KHTML, like Gecko) Chrome/153.0.0.0 Mobile Safari/537.36"
113.211.213.14 - - [26/Sep/2026:09:03:17 +0800] "GET /wp-content/plugins/bayarcash-wc/includes/admin/checkout.css?ver=4.3.3c2026092601 HTTP/2" 200 257 "https://goswietofficial.com/" "Mozilla/5.0 (Linux; Android 10; K) AppleWebKit/537.36 (KHTML, like Gecko) Chrome/153.0.0.0 Mobile Safari/537.36"
113.211.213.14 - - [26/Sep/2026:09:03:17 +0800] "GET /wp-content/plugins/clever-woocommerce-product-filter/assets/css/cwpf-fonts.css?ver=1.0.6 HTTP/2" 200 2645 "https://goswietofficial.com/" "Mozilla/5.0 (Linux; Android 10; K) AppleWebKit/537.36 (KHTML, like Gecko) Chrome/153.0.0.0 Mobile Safari/537.36"
113.211.213.14 - - [26/Sep/2026:09:03:17 +0800] "GET /wp-content/plugins/clever-woocommerce-product-filter/assets/js/chosen/chosen.min.css?ver=1.0.6 HTTP/2" 200 1908 "https://goswietofficial.com/" "Mozilla/5.0 (Linux; Android 10; K) AppleWebKit/537.36 (KHTML, like Gecko) Chrome/153.0.0.0 Mobile Safari/537.36"
113.211.213.14 - - [26/Sep/2026:09:03:17 +0800] "GET /wp-content/plugins/woocommerce/assets/css/photoswipe/photoswipe.min.css?ver=6.8.0 HTTP/2" 200 857 "https://goswietofficial.com/" "Mozilla/5.0 (Linux; Android 10; K) AppleWebKit/537.36 (KHTML, like Gecko) Chrome/153.0.0.0 Mobile Safari/537.36"
113.211.213.14 - - [26/Sep/2026:09:03:17 +0800] "GET /wp-content/plugins/clever-woocommerce-product-filter/assets/css/front.css?ver=1.0.6 HTTP/2" 200 1696 "https://goswietofficial.com/" "Mozilla/5.0 (Linux; Android 10; K) AppleWebKit/537.36 (KHTML, like Gecko) Chrome/153.0.0.0 Mobile Safari/537.36"
113.211.213.14 - - [26/Sep/2026:09:03:17 +0800] "GET /wp-content/plugins/contact-form-7/includes/css/styles.css?ver=5.4 HTTP/2" 200 824 "https://goswietofficial.com/" "Mozilla/5.0 (Linux; Android 10; K) AppleWebKit/537.36 (KHTML, like Gecko) Chrome/153.0.0.0 Mobile Safari/537.36"
113.211.213.14 - - [26/Sep/2026:09:03:17 +0800] "GET /wp-content/plugins/woocommerce/assets/css/select2.css?ver=6.8.0 HTTP/2" 200 1706 "https://goswietofficial.com/" "Mozilla/5.0 (Linux; Android 10; K) AppleWebKit/537.36 (KHTML, like Gecko) Chrome/153.0.0.0 Mobile Safari/537.36"
113.211.213.14 - - [26/Sep/2026:09:03:17 +0800] "GET /wp-content/plugins/woocommerce/assets/css/woocommerce.css?ver=6.8.0 HTTP/2" 200 8432 "https://goswietofficial.com/" "Mozilla/5.0 (Linux; Android 10; K) AppleWebKit/537.36 (KHTML, like Gecko) Chrome/153.0.0.0 Mobile Safari/537.36"
113.211.213.14 - - [26/Sep/2026:09:03:17 +0800] "GET /wp-content/plugins/elementor/assets/lib/eicons/css/elementor-icons.min.css?ver=5.11.0 HTTP/2" 200 3296 "https://goswietofficial.com/" "Mozilla/5.0 (Linux; Android 10; K) AppleWebKit/537.36 (KHTML, like Gecko) Chrome/153.0.0.0 Mobile Safari/537.36"
113.211.213.14 - - [26/Sep/2026:09:03:17 +0800] "GET /wp-content/plugins/elementor/assets/lib/animations/animations.min.css?ver=3.1.4 HTTP/3" 200 2442 "https://goswietofficial.com/" "Mozilla/5.0 (Linux; Android 10; K) AppleWebKit/537.36 (KHTML, like Gecko) Chrome/153.0.0.0 Mobile Safari/537.36"
113.211.213.14 - - [26/Sep/2026:09:03:17 +0800] "GET /wp-content/plugins/elementor/assets/css/frontend.min.css?ver=3.1.4 HTTP/3" 200 15219 "https://goswietofficial.com/" "Mozilla/5.0 (Linux; Android 10; K) AppleWebKit/537.36 (KHTML, like Gecko) Chrome/153.0.0.0 Mobile Safari/537.36"
113.211.213.14 - - [26/Sep/2026:09:03:17 +0800] "GET /wp-content/plugins/clever-mega-menu-pro-for-elementor/assets/vendor/cleverfont/style.min.css?ver=1.9 HTTP/3" 200 2447 "https://goswietofficial.com/" "Mozilla/5.0 (Linux; Android 10; K) AppleWebKit/537.36 (KHTML, like Gecko) Chrome/153.0.0.0 Mobile Safari/537.36"
113.211.213.14 - - [26/Sep/2026:09:03:17 +0800] "GET /wp-content/uploads/elementor/css/post-7.css?ver=1629087851 HTTP/3" 200 308 "https://goswietofficial.com/" "Mozilla/5.0 (Linux; Android 10; K) AppleWebKit/537.36 (KHTML, like Gecko) Chrome/153.0.0.0 Mobile Safari/537.36"
113.211.213.14 - - [26/Sep/2026:09:03:17 +0800] "GET /wp-content/themes/zoo-cerato-extract-first/cerato/assets/vendor/cleverfont/style.min.css?ver=2.2.6 HTTP/3" 200 2478 "https://goswietofficial.com/" "Mozilla/5.0 (Linux; Android 10; K) AppleWebKit/537.36 (KHTML, like Gecko) Chrome/153.0.0.0 Mobile Safari/537.36"
113.211.213.14 - - [26/Sep/2026:09:03:17 +0800] "GET /wp-content/uploads/elementor/css/post-629.css?ver=1788788281 HTTP/3" 200 2343 "https://goswietofficial.com/" "Mozilla/5.0 (Linux; Android 10; K) AppleWebKit/537.36 (KHTML, like Gecko) Chrome/153.0.0.0 Mobile Safari/537.36"
113.211.213.14 - - [26/Sep/2026:09:03:17 +0800] "GET /wp-content/plugins/woocommerce-one-page-checkout/css/one-page-checkout.css?ver=7.1.2 HTTP/3" 200 1220 "https://goswietofficial.com/" "Mozilla/5.0 (Linux; Android 10; K) AppleWebKit/537.36 (KHTML, like Gecko) Chrome/153.0.0.0 Mobile Safari/537.36"
113.211.213.14 - - [26/Sep/2026:09:03:17 +0800] "GET /wp-content/plugins/woocommerce-gateway-stripe/assets/css/stripe-styles.css?ver=6.5.1 HTTP/3" 200 899 "https://goswietofficial.com/" "Mozilla/5.0 (Linux; Android 10; K) AppleWebKit/537.36 (KHTML, like Gecko) Chrome/153.0.0.0 Mobile Safari/537.36"
113.211.213.14 - - [26/Sep/2026:09:03:17 +0800] "GET /wp-content/plugins/cafe-lite/assets/css/frontend.min.css?ver=2.1.0 HTTP/3" 200 23252 "https://goswietofficial.com/" "Mozilla/5.0 (Linux; Android 10; K) AppleWebKit/537.36 (KHTML, like Gecko) Chrome/153.0.0.0 Mobile Safari/537.36"
113.211.213.14 - - [26/Sep/2026:09:03:17 +0800] "GET /wp-content/plugins/elementor-pro/assets/css/frontend.min.css?ver=3.2.1 HTTP/3" 200 21735 "https://goswietofficial.com/" "Mozilla/5.0 (Linux; Android 10; K) AppleWebKit/537.36 (KHTML, like Gecko) Chrome/153.0.0.0 Mobile Safari/537.36"
113.211.213.14 - - [26/Sep/2026:09:03:17 +0800] "GET /wp-content/uploads/elementor/css/global.css?ver=1629087852 HTTP/3" 200 4243 "https://goswietofficial.com/" "Mozilla/5.0 (Linux; Android 10; K) AppleWebKit/537.36 (KHTML, like Gecko) Chrome/153.0.0.0 Mobile Safari/537.36"
113.211.213.14 - - [26/Sep/2026:09:03:17 +0800] "GET /wp-content/plugins/notificationx/public/assets/css/notificationx-public.min.css?ver=1.9.3 HTTP/3" 200 7409 "https://goswietofficial.com/" "Mozilla/5.0 (Linux; Android 10; K) AppleWebKit/537.36 (KHTML, like Gecko) Chrome/153.0.0.0 Mobile Safari/537.36"
113.211.213.14 - - [26/Sep/2026:09:03:17 +0800] "GET /wp-content/plugins/elementor/assets/lib/font-awesome/css/solid.min.css?ver=5.15.1 HTTP/3" 200 286 "https://goswietofficial.com/" "Mozilla/5.0 (Linux; Android 10; K) AppleWebKit/537.36 (KHTML, like Gecko) Chrome/153.0.0.0 Mobile Safari/537.36"
113.211.213.14 - - [26/Sep/2026:09:03:17 +0800] "GET /wp-content/plugins/clever-portfolio/assets/vendors/slick/slick.css?ver=1.0.3 HTTP/3" 200 481 "https://goswietofficial.com/" "Mozilla/5.0 (Linux; Android 10; K) AppleWebKit/537.36 (KHTML, like Gecko) Chrome/153.0.0.0 Mobile Safari/537.36"
113.211.213.14 - - [26/Sep/2026:09:03:17 +0800] "GET /wp-content/plugins/clever-woocommerce-product-filter/assets/js/tooltip/css/plugins/tooltipster/sideTip/themes/tooltipster-sideTip-noir.min.css?ver=1.0.6 HTTP/3" 200 245 "https://goswietofficial.com/" "Mozilla/5.0 (Linux; Android 10; K) AppleWebKit/537.36 (KHTML, like Gecko) Chrome/153.0.0.0 Mobile Safari/537.36"
113.211.213.14 - - [26/Sep/2026:09:03:17 +0800] "GET /wp-content/themes/cerato-child/style.css?ver=7.1.2 HTTP/3" 200 134 "https://goswietofficial.com/" "Mozilla/5.0 (Linux; Android 10; K) AppleWebKit/537.36 (KHTML, like Gecko) Chrome/153.0.0.0 Mobile Safari/537.36"
113.211.213.14 - - [26/Sep/2026:09:03:17 +0800] "GET /wp-content/plugins/elementor/assets/lib/font-awesome/css/regular.min.css?ver=5.15.1 HTTP/3" 200 282 "https://goswietofficial.com/" "Mozilla/5.0 (Linux; Android 10; K) AppleWebKit/537.36 (KHTML, like Gecko) Chrome/153.0.0.0 Mobile Safari/537.36"
113.211.213.14 - - [26/Sep/2026:09:03:17 +0800] "GET /wp-content/plugins/clever-woocommerce-product-filter/assets/js/tooltip/css/tooltipster.bundle.min.css?ver=1.0.6 HTTP/3" 200 989 "https://goswietofficial.com/" "Mozilla/5.0 (Linux; Android 10; K) AppleWebKit/537.36 (KHTML, like Gecko) Chrome/153.0.0.0 Mobile Safari/537.36"
113.211.213.14 - - [26/Sep/2026:09:03:17 +0800] "GET /wp-content/plugins/clever-portfolio/assets/vendors/bootstrap/bootstrap.min.css?ver=1.0.3 HTTP/3" 200 2739 "https://goswietofficial.com/" "Mozilla/5.0 (Linux; Android 10; K) AppleWebKit/537.36 (KHTML, like Gecko) Chrome/153.0.0.0 Mobile Safari/537.36"
113.211.213.14 - - [26/Sep/2026:09:03:17 +0800] "GET /wp-content/plugins/woocommerce-gateway-stripe/assets/js/jquery.mask.min.js?ver=6.5.1 HTTP/3" 200 2758 "https://goswietofficial.com/" "Mozilla/5.0 (Linux; Android 10; K) AppleWebKit/537.36 (KHTML, like Gecko) Chrome/153.0.0.0 Mobile Safari/537.36"
113.211.213.14 - - [26/Sep/2026:09:03:17 +0800] "GET /wp-content/plugins/woocommerce/assets/js/frontend/tokenization-form.min.js?ver=6.8.0 HTTP/3" 200 595 "https://goswietofficial.com/" "Mozilla/5.0 (Linux; Android 10; K) AppleWebKit/537.36 (KHTML, like Gecko) Chrome/153.0.0.0 Mobile Safari/537.36"
113.211.213.14 - - [26/Sep/2026:09:03:17 +0800] "GET /wp-content/themes/zoo-cerato-extract-first/cerato/assets/css/zoo-woocommerce.css?ver=7.1.2 HTTP/3" 200 18927 "https://goswietofficial.com/" "Mozilla/5.0 (Linux; Android 10; K) AppleWebKit/537.36 (KHTML, like Gecko) Chrome/153.0.0.0 Mobile Safari/537.36"
113.211.213.14 - - [26/Sep/2026:09:03:17 +0800] "GET /wp-content/themes/zoo-cerato-extract-first/cerato/assets/css/zoo-styles.css?ver=7.1.2 HTTP/3" 200 18198 "https://goswietofficial.com/" "Mozilla/5.0 (Linux; Android 10; K) AppleWebKit/537.36 (KHTML, like Gecko) Chrome/153.0.0.0 Mobile Safari/537.36"
113.211.213.14 - - [26/Sep/2026:09:03:17 +0800] "GET /wp-content/themes/zoo-cerato-extract-first/cerato/assets/css/zoo-custom-style.css?ver=7.1.2 HTTP/3" 200 8907 "https://goswietofficial.com/" "Mozilla/5.0 (Linux; Android 10; K) AppleWebKit/537.36 (KHTML, like Gecko) Chrome/153.0.0.0 Mobile Safari/537.36"
113.211.213.14 - - [26/Sep/2026:09:03:17 +0800] "GET /wp-content/plugins/elementor/assets/lib/font-awesome/css/fontawesome.min.css?ver=5.15.1 HTTP/3" 200 12133 "https://goswietofficial.com/" "Mozilla/5.0 (Linux; Android 10; K) AppleWebKit/537.36 (KHTML, like Gecko) Chrome/153.0.0.0 Mobile Safari/537.36"
113.211.213.14 - - [26/Sep/2026:09:03:17 +0800] "GET /wp-content/plugins/jetpack/css/jetpack.css?ver=10.0 HTTP/3" 200 16149 "https://goswietofficial.com/" "Mozilla/5.0 (Linux; Android 10; K) AppleWebKit/537.36 (KHTML, like Gecko) Chrome/153.0.0.0 Mobile Safari/537.36"
113.211.213.14 - - [26/Sep/2026:09:03:17 +0800] "GET /wp-includes/js/jquery/jquery-migrate.min.js?ver=3.4.1 HTTP/3" 200 4678 "https://goswietofficial.com/" "Mozilla/5.0 (Linux; Android 10; K) AppleWebKit/537.36 (KHTML, like Gecko) Chrome/153.0.0.0 Mobile Safari/537.36"
113.211.213.14 - - [26/Sep/2026:09:03:17 +0800] "GET /wp-includes/js/jquery/jquery.min.js?ver=3.7.1 HTTP/3" 200 29744 "https://goswietofficial.com/" "Mozilla/5.0 (Linux; Android 10; K) AppleWebKit/537.36 (KHTML, like Gecko) Chrome/153.0.0.0 Mobile Safari/537.36"
113.211.213.14 - - [26/Sep/2026:09:03:17 +0800] "GET /wp-content/uploads/2022/03/logo-group-baru.png HTTP/3" 200 292108 "https://goswietofficial.com/" "Mozilla/5.0 (Linux; Android 10; K) AppleWebKit/537.36 (KHTML, like Gecko) Chrome/153.0.0.0 Mobile Safari/537.36"
113.211.213.14 - - [26/Sep/2026:09:03:17 +0800] "GET /wp-content/uploads/2022/04/new-home-gs-official-2-jp-1024x860.jpg HTTP/3" 200 125806 "https://goswietofficial.com/" "Mozilla/5.0 (Linux; Android 10; K) AppleWebKit/537.36 (KHTML, like Gecko) Chrome/153.0.0.0 Mobile Safari/537.36"
113.211.213.14 - - [26/Sep/2026:09:03:19 +0800] "GET /wp-content/uploads/2022/03/award-logo-with-tm.png HTTP/3" 200 511113 "https://goswietofficial.com/" "Mozilla/5.0 (Linux; Android 10; K) AppleWebKit/537.36 (KHTML, like Gecko) Chrome/153.0.0.0 Mobile Safari/537.36"
113.211.213.14 - - [26/Sep/2026:09:03:17 +0800] "GET /wp-content/uploads/2022/03/new-home-gs-official-3-spsed-1024x855.png HTTP/3" 200 800736 "https://goswietofficial.com/" "Mozilla/5.0 (Linux; Android 10; K) AppleWebKit/537.36 (KHTML, like Gecko) Chrome/153.0.0.0 Mobile Safari/537.36"
113.211.213.14 - - [26/Sep/2026:09:03:20 +0800] "GET /wp-includes/js/underscore.min.js?ver=1.13.8 HTTP/3" 200 7228 "https://goswietofficial.com/" "Mozilla/5.0 (Linux; Android 10; K) AppleWebKit/537.36 (KHTML, like Gecko) Chrome/153.0.0.0 Mobile Safari/537.36"
113.211.213.14 - - [26/Sep/2026:09:03:20 +0800] "GET /wp-content/uploads/2021/04/press-conference.jpg HTTP/3" 200 98950 "https://goswietofficial.com/" "Mozilla/5.0 (Linux; Android 10; K) AppleWebKit/537.36 (KHTML, like Gecko) Chrome/153.0.0.0 Mobile Safari/537.36"
113.211.213.14 - - [26/Sep/2026:09:03:20 +0800] "GET /wp-includes/js/wp-util.min.js?ver=7.1.2 HTTP/3" 200 693 "https://goswietofficial.com/" "Mozilla/5.0 (Linux; Android 10; K) AppleWebKit/537.36 (KHTML, like Gecko) Chrome/153.0.0.0 Mobile Safari/537.36"
113.211.213.14 - - [26/Sep/2026:09:03:20 +0800] "GET /wp-content/plugins/clever-swatches/assets/js/single-product-page-swatch.js?ver=2.2.3 HTTP/3" 200 4774 "https://goswietofficial.com/" "Mozilla/5.0 (Linux; Android 10; K) AppleWebKit/537.36 (KHTML, like Gecko) Chrome/153.0.0.0 Mobile Safari/537.36"
113.211.213.14 - - [26/Sep/2026:09:03:20 +0800] "GET /wp-content/plugins/clever-whatsapp/assets/js/public.js?ver=1.0.0 HTTP/3" 200 3997 "https://goswietofficial.com/" "Mozilla/5.0 (Linux; Android 10; K) AppleWebKit/537.36 (KHTML, like Gecko) Chrome/153.0.0.0 Mobile Safari/537.36"
113.211.213.14 - - [26/Sep/2026:09:03:21 +0800] "GET /wp-includes/js/dist/i18n.min.js?ver=1dfe7db3940c23ea9216 HTTP/3" 200 2379 "https://goswietofficial.com/" "Mozilla/5.0 (Linux; Android 10; K) AppleWebKit/537.36 (KHTML, like Gecko) Chrome/153.0.0.0 Mobile Safari/537.36"
113.211.213.14 - - [26/Sep/2026:09:03:21 +0800] "GET /wp-includes/js/dist/hooks.min.js?ver=f0f188028580e8dc1255 HTTP/3" 200 1759 "https://goswietofficial.com/" "Mozilla/5.0 (Linux; Android 10; K) AppleWebKit/537.36 (KHTML, like Gecko) Chrome/153.0.0.0 Mobile Safari/537.36"
113.211.213.14 - - [26/Sep/2026:09:03:21 +0800] "GET /wp-content/plugins/checkout-fees-for-woocommerce/includes/js/checkout-fees.js?ver=2.7.0 HTTP/3" 200 821 "https://goswietofficial.com/" "Mozilla/5.0 (Linux; Android 10; K) AppleWebKit/537.36 (KHTML, like Gecko) Chrome/153.0.0.0 Mobile Safari/537.36"
113.211.213.14 - - [26/Sep/2026:09:03:21 +0800] "GET /wp-includes/js/dist/private-apis.min.js?ver=eb85f28c4c729bb4f002 HTTP/3" 200 1068 "https://goswietofficial.com/" "Mozilla/5.0 (Linux; Android 10; K) AppleWebKit/537.36 (KHTML, like Gecko) Chrome/153.0.0.0 Mobile Safari/537.36"
113.211.213.14 - - [26/Sep/2026:09:03:21 +0800] "GET /wp-includes/js/dist/url.min.js?ver=7b0de086d4ae11d55704 HTTP/3" 200 3654 "https://goswietofficial.com/" "Mozilla/5.0 (Linux; Android 10; K) AppleWebKit/537.36 (KHTML, like Gecko) Chrome/153.0.0.0 Mobile Safari/537.36"
113.211.213.14 - - [26/Sep/2026:09:03:21 +0800] "GET /wp-includes/js/dist/api-fetch.min.js?ver=6f2a4faeee3c722b1e57 HTTP/3" 200 3151 "https://goswietofficial.com/" "Mozilla/5.0 (Linux; Android 10; K) AppleWebKit/537.36 (KHTML, like Gecko) Chrome/153.0.0.0 Mobile Safari/537.36"
113.211.213.14 - - [26/Sep/2026:09:03:21 +0800] "GET /wp-content/plugins/contact-form-7/includes/js/index.js?ver=5.4 HTTP/3" 200 3026 "https://goswietofficial.com/" "Mozilla/5.0 (Linux; Android 10; K) AppleWebKit/537.36 (KHTML, like Gecko) Chrome/153.0.0.0 Mobile Safari/537.36"
113.211.213.14 - - [26/Sep/2026:09:03:21 +0800] "GET /wp-content/plugins/woocommerce/assets/js/jquery-blockui/jquery.blockUI.min.js?ver=2.7.0-wc.6.8.0 HTTP/3" 200 3245 "https://goswietofficial.com/" "Mozilla/5.0 (Linux; Android 10; K) AppleWebKit/537.36 (KHTML, like Gecko) Chrome/153.0.0.0 Mobile Safari/537.36"
113.211.213.14 - - [26/Sep/2026:09:03:21 +0800] "GET /wp-includes/js/dist/vendor/wp-polyfill.min.js?ver=3.15.0 HTTP/3" 200 10454 "https://goswietofficial.com/" "Mozilla/5.0 (Linux; Android 10; K) AppleWebKit/537.36 (KHTML, like Gecko) Chrome/153.0.0.0 Mobile Safari/537.36"
113.211.213.14 - - [26/Sep/2026:09:03:21 +0800] "GET /wp-content/plugins/woocommerce/assets/js/frontend/add-to-cart.min.js?ver=6.8.0 HTTP/3" 200 974 "https://goswietofficial.com/" "Mozilla/5.0 (Linux; Android 10; K) AppleWebKit/537.36 (KHTML, like Gecko) Chrome/153.0.0.0 Mobile Safari/537.36"
113.211.213.14 - - [26/Sep/2026:09:03:21 +0800] "GET /wp-content/plugins/woocommerce/assets/js/frontend/woocommerce.min.js?ver=6.8.0 HTTP/3" 200 677 "https://goswietofficial.com/" "Mozilla/5.0 (Linux; Android 10; K) AppleWebKit/537.36 (KHTML, like Gecko) Chrome/153.0.0.0 Mobile Safari/537.36"
113.211.213.14 - - [26/Sep/2026:09:03:21 +0800] "GET /wp-content/plugins/woocommerce/assets/js/js-cookie/js.cookie.min.js?ver=2.1.4-wc.6.8.0 HTTP/3" 200 899 "https://goswietofficial.com/" "Mozilla/5.0 (Linux; Android 10; K) AppleWebKit/537.36 (KHTML, like Gecko) Chrome/153.0.0.0 Mobile Safari/537.36"
113.211.213.14 - - [26/Sep/2026:09:03:21 +0800] "GET /wp-content/plugins/woocommerce/assets/js/frontend/country-select.min.js?ver=6.8.0 HTTP/3" 200 949 "https://goswietofficial.com/" "Mozilla/5.0 (Linux; Android 10; K) AppleWebKit/537.36 (KHTML, like Gecko) Chrome/153.0.0.0 Mobile Safari/537.36"
