151.115.100.28 - - [26/Sep/2026:12:06:08 +0800] "GET /wp-content/plugins/cafe-lite/assets/js/frontend.min.js?ver=2.1.0 HTTP/2" 200 17136 "https://goswietofficial.com/" "Mozilla/5.0 (X11; Linux x86_64) AppleWebKit/537.36 (KHTML, like Gecko) Chrome/134.0.0.0 Safari/537.3"
151.115.100.28 - - [26/Sep/2026:12:06:08 +0800] "GET /wp-content/plugins/elementor-pro/assets/js/frontend.min.js?ver=3.2.1 HTTP/2" 200 15489 "https://goswietofficial.com/" "Mozilla/5.0 (X11; Linux x86_64) AppleWebKit/537.36 (KHTML, like Gecko) Chrome/134.0.0.0 Safari/537.3"
151.115.100.28 - - [26/Sep/2026:12:06:08 +0800] "GET /wp-content/plugins/elementor-pro/assets/lib/sticky/jquery.sticky.min.js?ver=3.2.1 HTTP/2" 200 1767 "https://goswietofficial.com/" "Mozilla/5.0 (X11; Linux x86_64) AppleWebKit/537.36 (KHTML, like Gecko) Chrome/134.0.0.0 Safari/537.3"
151.115.100.28 - - [26/Sep/2026:12:06:08 +0800] "GET /wp-includes/js/jquery/ui/core.min.js?ver=1.14.2 HTTP/2" 200 6276 "https://goswietofficial.com/" "Mozilla/5.0 (X11; Linux x86_64) AppleWebKit/537.36 (KHTML, like Gecko) Chrome/134.0.0.0 Safari/537.3"
151.115.100.28 - - [26/Sep/2026:12:06:08 +0800] "GET /wp-content/plugins/elementor/assets/lib/share-link/share-link.min.js?ver=3.1.4 HTTP/2" 200 1023 "https://goswietofficial.com/" "Mozilla/5.0 (X11; Linux x86_64) AppleWebKit/537.36 (KHTML, like Gecko) Chrome/134.0.0.0 Safari/537.3"
151.115.100.28 - - [26/Sep/2026:12:06:08 +0800] "GET /wp-content/plugins/elementor/assets/lib/waypoints/waypoints.min.js?ver=4.0.2 HTTP/2" 200 2867 "https://goswietofficial.com/" "Mozilla/5.0 (X11; Linux x86_64) AppleWebKit/537.36 (KHTML, like Gecko) Chrome/134.0.0.0 Safari/537.3"
151.115.100.28 - - [26/Sep/2026:12:06:08 +0800] "GET /wp-content/uploads/2021/04/promo-2023-1-botol-150x150.jpg HTTP/2" 200 6836 "https://goswietofficial.com/" "Mozilla/5.0 (X11; Linux x86_64) AppleWebKit/537.36 (KHTML, like Gecko) Chrome/134.0.0.0 Safari/537.3"
151.115.100.28 - - [26/Sep/2026:12:06:08 +0800] "GET /wp-content/uploads/2021/04/promo-2023-2-botol-150x150.jpg HTTP/2" 200 7127 "https://goswietofficial.com/" "Mozilla/5.0 (X11; Linux x86_64) AppleWebKit/537.36 (KHTML, like Gecko) Chrome/134.0.0.0 Safari/537.3"
151.115.100.28 - - [26/Sep/2026:12:06:09 +0800] "GET /wp-content/uploads/2021/07/promo-2023-3-botol-150x150.jpg HTTP/2" 200 7322 "https://goswietofficial.com/" "Mozilla/5.0 (X11; Linux x86_64) AppleWebKit/537.36 (KHTML, like Gecko) Chrome/134.0.0.0 Safari/537.3"
151.115.100.28 - - [26/Sep/2026:12:06:09 +0800] "GET /wp-content/themes/zoo-cerato-extract-first/cerato/assets/images/down-arrow.svg HTTP/2" 200 256 "https://goswietofficial.com/wp-content/themes/zoo-cerato-extract-first/cerato/assets/css/zoo-styles.css?ver=7.1.2" "Mozilla/5.0 (X11; Linux x86_64) AppleWebKit/537.36 (KHTML, like Gecko) Chrome/134.0.0.0 Safari/537.3"
151.115.100.28 - - [26/Sep/2026:12:06:08 +0800] "GET /wp-content/plugins/elementor/assets/lib/swiper/swiper.min.js?ver=5.3.6 HTTP/2" 200 34004 "https://goswietofficial.com/" "Mozilla/5.0 (X11; Linux x86_64) AppleWebKit/537.36 (KHTML, like Gecko) Chrome/134.0.0.0 Safari/537.3"
151.115.100.28 - - [26/Sep/2026:12:06:08 +0800] "GET /wp-content/plugins/elementor/assets/js/preloaded-elements-handlers.min.js?ver=3.1.4 HTTP/2" 200 11284 "https://goswietofficial.com/" "Mozilla/5.0 (X11; Linux x86_64) AppleWebKit/537.36 (KHTML, like Gecko) Chrome/134.0.0.0 Safari/537.3"
151.115.100.28 - - [26/Sep/2026:12:06:08 +0800] "GET /wp-content/plugins/elementor-pro/assets/js/preloaded-elements-handlers.min.js?ver=3.2.1 HTTP/2" 200 35828 "https://goswietofficial.com/" "Mozilla/5.0 (X11; Linux x86_64) AppleWebKit/537.36 (KHTML, like Gecko) Chrome/134.0.0.0 Safari/537.3"
151.115.100.28 - - [26/Sep/2026:12:06:13 +0800] "GET /wp-content/plugins/woocommerce/assets/images/icons/loader.svg HTTP/2" 200 158 "https://goswietofficial.com/wp-content/plugins/woocommerce/assets/css/woocommerce.css?ver=6.8.0" "Mozilla/5.0 (X11; Linux x86_64) AppleWebKit/537.36 (KHTML, like Gecko) Chrome/134.0.0.0 Safari/537.3"
151.115.100.28 - - [26/Sep/2026:12:06:09 +0800] "GET /wp-content/plugins/bayarcash-wc/includes/admin/img/fpx/fpx-online-banking.png HTTP/2" 200 62674 "https://goswietofficial.com/" "Mozilla/5.0 (X11; Linux x86_64) AppleWebKit/537.36 (KHTML, like Gecko) Chrome/134.0.0.0 Safari/537.3"
151.115.100.28 - - [26/Sep/2026:12:06:08 +0800] "GET /wp-content/uploads/2022/03/30-576x1024.png HTTP/2" 200 67086 "https://goswietofficial.com/" "Mozilla/5.0 (X11; Linux x86_64) AppleWebKit/537.36 (KHTML, like Gecko) Chrome/134.0.0.0 Safari/537.3"
151.115.100.28 - - [26/Sep/2026:12:06:11 +0800] "POST /wp-admin/admin-ajax.php HTTP/2" 200 0 "https://goswietofficial.com/" "Mozilla/5.0 (X11; Linux x86_64) AppleWebKit/537.36 (KHTML, like Gecko) Chrome/134.0.0.0 Safari/537.3"
151.115.100.28 - - [26/Sep/2026:12:06:11 +0800] "POST /?wc-ajax=update_order_review HTTP/2" 200 0 "https://goswietofficial.com/" "Mozilla/5.0 (X11; Linux x86_64) AppleWebKit/537.36 (KHTML, like Gecko) Chrome/134.0.0.0 Safari/537.3"
151.115.100.28 - - [26/Sep/2026:12:06:08 +0800] "GET /wp-content/uploads/2022/03/21-576x1024.png HTTP/2" 200 128322 "https://goswietofficial.com/" "Mozilla/5.0 (X11; Linux x86_64) AppleWebKit/537.36 (KHTML, like Gecko) Chrome/134.0.0.0 Safari/537.3"
74.7.229.100 - - [26/Sep/2026:11:16:31 +0800] "GET /product-category/number-1-selling/ HTTP/2" 200 36653 "-" "Mozilla/5.0 (Macintosh; Intel Mac OS X 10_15_7) AppleWebKit/537.36 (KHTML, like Gecko) Chrome/131.0.0.0 Safari/537.36; compatible; OAI-SearchBot/1.4; +https://openai.com/searchbot"
74.7.229.185 - - [26/Sep/2026:11:16:34 +0800] "GET / HTTP/2" 200 59455 "https://goswietofficial.com/product-category/number-1-selling/" "Mozilla/5.0 (Macintosh; Intel Mac OS X 10_15_7) AppleWebKit/537.36 (KHTML, like Gecko) Chrome/131.0.0.0 Safari/537.36; compatible; OAI-SearchBot/1.4; +https://openai.com/searchbot"
57.141.14.36 - - [26/Sep/2026:12:03:09 +0800] "GET /nx_bar-sitemap.xml HTTP/2" 200 395 "-" "Mozilla/5.0 (X11; Linux x86_64) AppleWebKit/537.36 (KHTML, like Gecko) Chrome/145.0.0.0 Safari/537.36 (compatible; meta-webindexer/1.1 (+https://developers.facebook.com/docs/sharing/webmasters/crawler))"
101.99.69.250 - - [26/Sep/2026:12:04:41 +0800] "POST /wp-cron.php?doing_wp_cron=1790395481.3965520858764648437500 HTTP/1.1" 200 0 "-" "WordPress/7.1.2; https://goswietofficial.com"
151.115.100.28 - - [26/Sep/2026:12:06:01 +0800] "GET /wp-content/uploads/2021/04/gs-new-1.png HTTP/1.1" 200 480134 "https://goswietofficial.com/" "Mozilla/5.0 (X11; Linux x86_64) AppleWebKit/537.36 (KHTML, like Gecko) Chrome/134.0.0.0 Safari/537.3"
151.115.100.28 - - [26/Sep/2026:12:06:08 +0800] "GET /favicon.ico HTTP/1.1" 404 1251 "-" "Mozilla/5.0 (X11; Linux x86_64) AppleWebKit/537.36 (KHTML, like Gecko) Chrome/134.0.0.0 Safari/537.3"
151.115.100.28 - - [26/Sep/2026:12:06:32 +0800] "GET /app-ads.txt HTTP/1.1" 404 13791 "-" "python-requests/2.34.2"
154.196.216.246 - - [26/Sep/2026:12:09:14 +0800] "GET /wp-content/uploads/2021/04/promo-2023-2-botol-150x150.jpg HTTP/1.1" 200 7127 "-" "Mozilla/5.0 (compatible; crawler)"
151.115.100.28 - - [26/Sep/2026:12:05:56 +0800] "GET /wp-content/plugins/elementor/assets/lib/swiper/swiper.min.js?ver=5.3.6 HTTP/1.1" 200 34004 "https://goswietofficial.com/" "Mozilla/5.0 (X11; Linux x86_64) AppleWebKit/537.36 (KHTML, like Gecko) Chrome/134.0.0.0 Safari/537.3"
151.115.100.28 - - [26/Sep/2026:12:05:56 +0800] "GET /wp-content/plugins/elementor/assets/js/preloaded-elements-handlers.min.js?ver=3.1.4 HTTP/1.1" 200 11284 "https://goswietofficial.com/" "Mozilla/5.0 (X11; Linux x86_64) AppleWebKit/537.36 (KHTML, like Gecko) Chrome/134.0.0.0 Safari/537.3"
151.115.100.28 - - [26/Sep/2026:12:05:56 +0800] "GET /wp-content/uploads/2022/07/cod-ninjavan-logo-1024x1024.png HTTP/1.1" 200 240642 "https://goswietofficial.com/" "Mozilla/5.0 (X11; Linux x86_64) AppleWebKit/537.36 (KHTML, like Gecko) Chrome/134.0.0.0 Safari/537.3"
151.115.100.28 - - [26/Sep/2026:12:05:56 +0800] "GET /wp-content/uploads/2022/03/27-576x1024.png HTTP/1.1" 200 392311 "https://goswietofficial.com/" "Mozilla/5.0 (X11; Linux x86_64) AppleWebKit/537.36 (KHTML, like Gecko) Chrome/134.0.0.0 Safari/537.3"
151.115.100.28 - - [26/Sep/2026:12:05:57 +0800] "POST /?wc-ajax=get_refreshed_fragments HTTP/1.1" 200 284 "https://goswietofficial.com/" "Mozilla/5.0 (X11; Linux x86_64) AppleWebKit/537.36 (KHTML, like Gecko) Chrome/134.0.0.0 Safari/537.3"
151.115.100.28 - - [26/Sep/2026:12:05:57 +0800] "POST /wp-admin/admin-ajax.php HTTP/1.1" 200 767 "https://goswietofficial.com/" "Mozilla/5.0 (X11; Linux x86_64) AppleWebKit/537.36 (KHTML, like Gecko) Chrome/134.0.0.0 Safari/537.3"
151.115.100.28 - - [26/Sep/2026:12:05:59 +0800] "GET /wp-content/uploads/2022/03/30-576x1024.png HTTP/1.1" 200 306110 "https://goswietofficial.com/" "Mozilla/5.0 (X11; Linux x86_64) AppleWebKit/537.36 (KHTML, like Gecko) Chrome/134.0.0.0 Safari/537.3"
151.115.100.28 - - [26/Sep/2026:12:05:59 +0800] "GET /wp-content/uploads/2021/04/promo-2023-1-botol-150x150.jpg HTTP/1.1" 200 6836 "https://goswietofficial.com/" "Mozilla/5.0 (X11; Linux x86_64) AppleWebKit/537.36 (KHTML, like Gecko) Chrome/134.0.0.0 Safari/537.3"
151.115.100.28 - - [26/Sep/2026:12:05:59 +0800] "GET /wp-content/uploads/2021/04/promo-2023-2-botol-150x150.jpg HTTP/1.1" 200 7127 "https://goswietofficial.com/" "Mozilla/5.0 (X11; Linux x86_64) AppleWebKit/537.36 (KHTML, like Gecko) Chrome/134.0.0.0 Safari/537.3"
151.115.100.28 - - [26/Sep/2026:12:06:00 +0800] "GET /wp-content/plugins/bayarcash-wc/includes/admin/img/fpx/fpx-online-banking.png HTTP/1.1" 200 62674 "https://goswietofficial.com/" "Mozilla/5.0 (X11; Linux x86_64) AppleWebKit/537.36 (KHTML, like Gecko) Chrome/134.0.0.0 Safari/537.3"
151.115.100.28 - - [26/Sep/2026:12:06:00 +0800] "GET /wp-content/uploads/2022/03/cover-tv-alhijrah.jpg HTTP/1.1" 200 93736 "https://goswietofficial.com/" "Mozilla/5.0 (X11; Linux x86_64) AppleWebKit/537.36 (KHTML, like Gecko) Chrome/134.0.0.0 Safari/537.3"
151.115.100.28 - - [26/Sep/2026:12:06:00 +0800] "GET /wp-content/themes/zoo-cerato-extract-first/cerato/assets/images/down-arrow.svg HTTP/1.1" 200 256 "https://goswietofficial.com/wp-content/themes/zoo-cerato-extract-first/cerato/assets/css/zoo-styles.css?ver=7.1.2" "Mozilla/5.0 (X11; Linux x86_64) AppleWebKit/537.36 (KHTML, like Gecko) Chrome/134.0.0.0 Safari/537.3"
151.115.100.28 - - [26/Sep/2026:12:06:01 +0800] "GET /wp-content/uploads/2021/04/Ads-1-Apr.mp4 HTTP/1.1" 206 132079 "https://goswietofficial.com/" "Mozilla/5.0 (X11; Linux x86_64) AppleWebKit/537.36 (KHTML, like Gecko) Chrome/134.0.0.0 Safari/537.3"
151.115.100.28 - - [26/Sep/2026:12:06:00 +0800] "GET /wp-content/uploads/2022/01/GoSwiet-Sept-x1-1.png HTTP/1.1" 200 538050 "https://goswietofficial.com/" "Mozilla/5.0 (X11; Linux x86_64) AppleWebKit/537.36 (KHTML, like Gecko) Chrome/134.0.0.0 Safari/537.3"
151.115.100.28 - - [26/Sep/2026:12:06:36 +0800] "GET /security.txt HTTP/1.1" 404 13789 "-" "python-requests/2.34.2"
101.99.69.250 - - [26/Sep/2026:12:14:58 +0800] "POST /wp-cron.php?doing_wp_cron=1790396098.3857278823852539062500 HTTP/1.1" 200 0 "-" "WordPress/7.1.2; https://goswietofficial.com"
151.115.100.28 - - [26/Sep/2026:12:05:59 +0800] "GET /wp-content/uploads/2021/07/promo-2023-3-botol-150x150.jpg HTTP/1.1" 200 7322 "https://goswietofficial.com/" "Mozilla/5.0 (X11; Linux x86_64) AppleWebKit/537.36 (KHTML, like Gecko) Chrome/134.0.0.0 Safari/537.3"
151.115.100.28 - - [26/Sep/2026:12:06:00 +0800] "GET /wp-content/uploads/2021/04/Ads-1-Apr.mp4 HTTP/1.1" 206 343781 "https://goswietofficial.com/" "Mozilla/5.0 (X11; Linux x86_64) AppleWebKit/537.36 (KHTML, like Gecko) Chrome/134.0.0.0 Safari/537.3"
151.115.100.28 - - [26/Sep/2026:12:06:07 +0800] "GET /wp-content/uploads/2022/07/cropped-GoSwiet-LOGO-with-R-192x192.png HTTP/1.1" 200 19147 "-" "Mozilla/5.0 (X11; Linux x86_64) AppleWebKit/537.36 (KHTML, like Gecko) Chrome/134.0.0.0 Safari/537.3"
151.115.100.28 - - [26/Sep/2026:12:06:34 +0800] "GET /.well-known/security.txt HTTP/1.1" 404 13808 "-" "python-requests/2.34.2"
216.73.217.104 - - [26/Sep/2026:12:14:57 +0800] "GET /robots.txt HTTP/2" 200 100 "-" "Mozilla/5.0 AppleWebKit/537.36 (KHTML, like Gecko; compatible; ClaudeBot/1.0; +claudebot@anthropic.com)"
216.73.217.104 - - [26/Sep/2026:12:14:58 +0800] "GET /sitemap_index.xml HTTP/2" 200 357 "-" "Mozilla/5.0 AppleWebKit/537.36 (KHTML, like Gecko; compatible; ClaudeBot/1.0; +claudebot@anthropic.com)"
151.115.100.28 - - [26/Sep/2026:12:06:08 +0800] "GET /wp-content/uploads/2022/03/27-576x1024.png HTTP/2" 200 90369 "https://goswietofficial.com/" "Mozilla/5.0 (X11; Linux x86_64) AppleWebKit/537.36 (KHTML, like Gecko) Chrome/134.0.0.0 Safari/537.3"
151.115.100.28 - - [26/Sep/2026:12:06:08 +0800] "GET /wp-content/uploads/2022/07/cod-ninjavan-logo-1024x1024.png HTTP/2" 200 106815 "https://goswietofficial.com/" "Mozilla/5.0 (X11; Linux x86_64) AppleWebKit/537.36 (KHTML, like Gecko) Chrome/134.0.0.0 Safari/537.3"
151.115.100.28 - - [26/Sep/2026:12:06:08 +0800] "GET /wp-content/uploads/2022/03/25-576x1024.png HTTP/2" 200 92816 "https://goswietofficial.com/" "Mozilla/5.0 (X11; Linux x86_64) AppleWebKit/537.36 (KHTML, like Gecko) Chrome/134.0.0.0 Safari/537.3"
151.115.100.28 - - [26/Sep/2026:12:06:08 +0800] "GET /wp-content/uploads/2022/03/ezgif-frame-001-576x1024.png HTTP/2" 200 125787 "https://goswietofficial.com/" "Mozilla/5.0 (X11; Linux x86_64) AppleWebKit/537.36 (KHTML, like Gecko) Chrome/134.0.0.0 Safari/537.3"
151.115.100.28 - - [26/Sep/2026:12:06:08 +0800] "GET /wp-content/uploads/2022/03/26-576x1024.png HTTP/2" 200 35652 "https://goswietofficial.com/" "Mozilla/5.0 (X11; Linux x86_64) AppleWebKit/537.36 (KHTML, like Gecko) Chrome/134.0.0.0 Safari/537.3"
151.115.100.28 - - [26/Sep/2026:12:06:08 +0800] "GET /wp-content/uploads/2022/03/29-576x1024.png HTTP/2" 200 54699 "https://goswietofficial.com/" "Mozilla/5.0 (X11; Linux x86_64) AppleWebKit/537.36 (KHTML, like Gecko) Chrome/134.0.0.0 Safari/537.3"
151.115.100.28 - - [26/Sep/2026:12:06:09 +0800] "GET /wp-content/uploads/2022/01/GoSwiet-Sept-x1-1.png HTTP/2" 200 99422 "https://goswietofficial.com/" "Mozilla/5.0 (X11; Linux x86_64) AppleWebKit/537.36 (KHTML, like Gecko) Chrome/134.0.0.0 Safari/537.3"
151.115.100.28 - - [26/Sep/2026:12:06:09 +0800] "GET /wp-content/uploads/2022/03/cover-tv-alhijrah.jpg HTTP/2" 200 37455 "https://goswietofficial.com/" "Mozilla/5.0 (X11; Linux x86_64) AppleWebKit/537.36 (KHTML, like Gecko) Chrome/134.0.0.0 Safari/537.3"
151.115.100.28 - - [26/Sep/2026:12:06:09 +0800] "GET /wp-content/uploads/2021/04/Ads-1-Apr.mp4 HTTP/2" 206 44525 "https://goswietofficial.com/" "Mozilla/5.0 (X11; Linux x86_64) AppleWebKit/537.36 (KHTML, like Gecko) Chrome/134.0.0.0 Safari/537.3"
151.115.100.28 - - [26/Sep/2026:12:06:11 +0800] "POST /?wc-ajax=get_refreshed_fragments HTTP/2" 200 0 "https://goswietofficial.com/" "Mozilla/5.0 (X11; Linux x86_64) AppleWebKit/537.36 (KHTML, like Gecko) Chrome/134.0.0.0 Safari/537.3"
151.115.100.28 - - [26/Sep/2026:12:06:26 +0800] "GET /ads.txt HTTP/1.1" 404 13798 "-" "python-requests/2.34.2"
151.115.100.28 - - [26/Sep/2026:12:06:26 +0800] "GET /sellers.json HTTP/1.1" 404 13792 "-" "python-requests/2.34.2"
66.249.71.195 - - [26/Sep/2026:13:00:23 +0800] "GET /robots.txt HTTP/1.1" 200 100 "-" "Mozilla/5.0 (compatible; Googlebot/2.1; +http://www.google.com/bot.html)"
101.99.69.250 - - [26/Sep/2026:13:02:35 +0800] "POST /wp-cron.php?doing_wp_cron=1790398955.1956999301910400390625 HTTP/1.1" 200 0 "-" "WordPress/7.1.2; https://goswietofficial.com"
66.249.74.132 - - [26/Sep/2026:13:02:41 +0800] "GET /wp-content/themes/zoo-cerato-extract-first/cerato/assets/css/zoo-styles.css?ver=7.1.2 HTTP/1.1" 200 18198 "https://goswietofficial.com/" "Mozilla/5.0 (Linux; Android 6.0.1; Nexus 5X Build/MMB29P) AppleWebKit/537.36 (KHTML, like Gecko) Chrome/153.0.8010.52 Mobile Safari/537.36 (compatible; Googlebot/2.1; +http://www.google.com/bot.html)"
66.249.74.132 - - [26/Sep/2026:13:02:41 +0800] "GET /wp-content/uploads/elementor/css/global.css?ver=1629087852 HTTP/1.1" 200 4243 "https://goswietofficial.com/" "Mozilla/5.0 (Linux; Android 6.0.1; Nexus 5X Build/MMB29P) AppleWebKit/537.36 (KHTML, like Gecko) Chrome/153.0.8010.52 Mobile Safari/537.36 (compatible; Googlebot/2.1; +http://www.google.com/bot.html)"
66.249.74.132 - - [26/Sep/2026:13:02:41 +0800] "GET /wp-content/plugins/woocommerce-one-page-checkout/css/one-page-checkout.css?ver=7.1.2 HTTP/1.1" 200 1220 "https://goswietofficial.com/" "Mozilla/5.0 (Linux; Android 6.0.1; Nexus 5X Build/MMB29P) AppleWebKit/537.36 (KHTML, like Gecko) Chrome/153.0.8010.52 Mobile Safari/537.36 (compatible; Googlebot/2.1; +http://www.google.com/bot.html)"
66.249.74.131 - - [26/Sep/2026:13:02:42 +0800] "GET /wp-content/plugins/clever-woocommerce-product-filter/assets/js/chosen/chosen.min.css?ver=1.0.6 HTTP/1.1" 200 1908 "https://goswietofficial.com/" "Mozilla/5.0 (Linux; Android 6.0.1; Nexus 5X Build/MMB29P) AppleWebKit/537.36 (KHTML, like Gecko) Chrome/153.0.8010.52 Mobile Safari/537.36 (compatible; Googlebot/2.1; +http://www.google.com/bot.html)"
66.249.74.132 - - [26/Sep/2026:13:02:43 +0800] "GET /wp-content/plugins/clever-woocommerce-product-filter/assets/js/tooltip/css/tooltipster.bundle.min.css?ver=1.0.6 HTTP/1.1" 200 989 "https://goswietofficial.com/" "Mozilla/5.0 (Linux; Android 6.0.1; Nexus 5X Build/MMB29P) AppleWebKit/537.36 (KHTML, like Gecko) Chrome/153.0.8010.52 Mobile Safari/537.36 (compatible; Googlebot/2.1; +http://www.google.com/bot.html)"
66.249.74.132 - - [26/Sep/2026:13:02:44 +0800] "GET /wp-content/themes/zoo-cerato-extract-first/cerato/assets/css/zoo-woocommerce.css?ver=7.1.2 HTTP/1.1" 200 18927 "https://goswietofficial.com/" "Mozilla/5.0 (Linux; Android 6.0.1; Nexus 5X Build/MMB29P) AppleWebKit/537.36 (KHTML, like Gecko) Chrome/153.0.8010.52 Mobile Safari/537.36 (compatible; Googlebot/2.1; +http://www.google.com/bot.html)"
66.249.74.131 - - [26/Sep/2026:13:02:45 +0800] "GET /wp-content/plugins/bayarcash-wc/includes/admin/checkout.css?ver=4.3.3c2026092605 HTTP/1.1" 200 257 "https://goswietofficial.com/" "Mozilla/5.0 (Linux; Android 6.0.1; Nexus 5X Build/MMB29P) AppleWebKit/537.36 (KHTML, like Gecko) Chrome/153.0.8010.52 Mobile Safari/537.36 (compatible; Googlebot/2.1; +http://www.google.com/bot.html)"
66.249.74.131 - - [26/Sep/2026:13:02:46 +0800] "GET /wp-content/themes/zoo-cerato-extract-first/cerato/assets/css/zoo-custom-style.css?ver=7.1.2 HTTP/1.1" 200 8907 "https://goswietofficial.com/" "Mozilla/5.0 (Linux; Android 6.0.1; Nexus 5X Build/MMB29P) AppleWebKit/537.36 (KHTML, like Gecko) Chrome/153.0.8010.52 Mobile Safari/537.36 (compatible; Googlebot/2.1; +http://www.google.com/bot.html)"
66.249.74.131 - - [26/Sep/2026:13:02:46 +0800] "GET /wp-content/themes/cerato-child/style.css?ver=7.1.2 HTTP/1.1" 200 134 "https://goswietofficial.com/" "Mozilla/5.0 (Linux; Android 6.0.1; Nexus 5X Build/MMB29P) AppleWebKit/537.36 (KHTML, like Gecko) Chrome/153.0.8010.52 Mobile Safari/537.36 (compatible; Googlebot/2.1; +http://www.google.com/bot.html)"
66.249.65.194 - - [26/Sep/2026:13:00:27 +0800] "GET / HTTP/1.1" 301 0 "-" "Mozilla/5.0 (Linux; Android 6.0.1; Nexus 5X Build/MMB29P) AppleWebKit/537.36 (KHTML, like Gecko) Chrome/153.0.8010.52 Mobile Safari/537.36 (compatible; Googlebot/2.1; +http://www.google.com/bot.html)"
66.249.71.195 - - [26/Sep/2026:13:02:43 +0800] "GET /wp-content/plugins/woocommerce/assets/css/woocommerce.css?ver=6.8.0 HTTP/1.1" 200 8432 "https://goswietofficial.com/" "Mozilla/5.0 (Linux; Android 6.0.1; Nexus 5X Build/MMB29P) AppleWebKit/537.36 (KHTML, like Gecko) Chrome/153.0.8010.52 Mobile Safari/537.36 (compatible; Googlebot/2.1; +http://www.google.com/bot.html)"
66.249.71.195 - - [26/Sep/2026:13:02:43 +0800] "GET /wp-includes/js/dist/hooks.min.js?ver=f0f188028580e8dc1255 HTTP/1.1" 200 1759 "https://goswietofficial.com/" "Mozilla/5.0 (Linux; Android 6.0.1; Nexus 5X Build/MMB29P) AppleWebKit/537.36 (KHTML, like Gecko) Chrome/153.0.8010.52 Mobile Safari/537.36 (compatible; Googlebot/2.1; +http://www.google.com/bot.html)"
66.249.71.195 - - [26/Sep/2026:13:02:43 +0800] "GET /wp-content/plugins/clever-whatsapp/assets/css/public.css?ver=1.0.0 HTTP/1.1" 200 2361 "https://goswietofficial.com/" "Mozilla/5.0 (Linux; Android 6.0.1; Nexus 5X Build/MMB29P) AppleWebKit/537.36 (KHTML, like Gecko) Chrome/153.0.8010.52 Mobile Safari/537.36 (compatible; Googlebot/2.1; +http://www.google.com/bot.html)"
66.249.71.195 - - [26/Sep/2026:13:02:44 +0800] "GET /wp-includes/js/wp-util.min.js?ver=7.1.2 HTTP/1.1" 200 693 "https://goswietofficial.com/" "Mozilla/5.0 (Linux; Android 6.0.1; Nexus 5X Build/MMB29P) AppleWebKit/537.36 (KHTML, like Gecko) Chrome/153.0.8010.52 Mobile Safari/537.36 (compatible; Googlebot/2.1; +http://www.google.com/bot.html)"
66.249.71.195 - - [26/Sep/2026:13:02:45 +0800] "GET /wp-content/plugins/clever-portfolio/assets/vendors/slick/slick.css?ver=1.0.3 HTTP/1.1" 200 481 "https://goswietofficial.com/" "Mozilla/5.0 (Linux; Android 6.0.1; Nexus 5X Build/MMB29P) AppleWebKit/537.36 (KHTML, like Gecko) Chrome/153.0.8010.52 Mobile Safari/537.36 (compatible; Googlebot/2.1; +http://www.google.com/bot.html)"
66.249.71.195 - - [26/Sep/2026:13:02:47 +0800] "GET /wp-content/themes/zoo-cerato-extract-first/cerato/assets/vendor/defer/defer.min.js?ver=1.1.8 HTTP/1.1" 200 861 "https://goswietofficial.com/" "Mozilla/5.0 (Linux; Android 6.0.1; Nexus 5X Build/MMB29P) AppleWebKit/537.36 (KHTML, like Gecko) Chrome/153.0.8010.52 Mobile Safari/537.36 (compatible; Googlebot/2.1; +http://www.google.com/bot.html)"
66.249.71.195 - - [26/Sep/2026:13:02:48 +0800] "GET /wp-content/plugins/clever-woocommerce-product-filter/assets/js/chosen/chosen.jquery.min.js?ver=1.0.6 HTTP/1.1" 200 8142 "https://goswietofficial.com/" "Mozilla/5.0 (Linux; Android 6.0.1; Nexus 5X Build/MMB29P) AppleWebKit/537.36 (KHTML, like Gecko) Chrome/153.0.8010.52 Mobile Safari/537.36 (compatible; Googlebot/2.1; +http://www.google.com/bot.html)"
66.249.71.195 - - [26/Sep/2026:13:02:49 +0800] "GET /wp-content/plugins/clever-woocommerce-product-filter/assets/js/html_types/radio.js?ver=1.0.6 HTTP/1.1" 200 768 "https://goswietofficial.com/" "Mozilla/5.0 (Linux; Android 6.0.1; Nexus 5X Build/MMB29P) AppleWebKit/537.36 (KHTML, like Gecko) Chrome/153.0.8010.52 Mobile Safari/537.36 (compatible; Googlebot/2.1; +http://www.google.com/bot.html)"
66.249.71.195 - - [26/Sep/2026:13:02:49 +0800] "GET /wp-content/plugins/woocommerce/assets/js/frontend/woocommerce.min.js?ver=6.8.0 HTTP/1.1" 200 677 "https://goswietofficial.com/" "Mozilla/5.0 (Linux; Android 6.0.1; Nexus 5X Build/MMB29P) AppleWebKit/537.36 (KHTML, like Gecko) Chrome/153.0.8010.52 Mobile Safari/537.36 (compatible; Googlebot/2.1; +http://www.google.com/bot.html)"
101.99.69.250 - - [26/Sep/2026:12:48:04 +0800] "POST /wp-cron.php?doing_wp_cron=1790398084.0488049983978271484375 HTTP/1.1" 200 0 "-" "WordPress/7.1.2; https://goswietofficial.com"
51.81.164.198 - - [26/Sep/2026:12:48:01 +0800] "GET /robots.txt HTTP/2" 200 100 "-" "Mozilla/5.0 (compatible; AhrefsBot/7.0; +http://ahrefs.com/robot/)"
198.244.226.97 - - [26/Sep/2026:12:48:04 +0800] "GET /product/swiet-derm/ HTTP/2" 200 19009 "-" "Mozilla/5.0 (compatible; AhrefsBot/7.0; +http://ahrefs.com/robot/)"
66.249.74.131 - - [26/Sep/2026:13:02:42 +0800] "GET /wp-content/plugins/clever-whatsapp/assets/css/auto-generated-cleverwa.css?ver=1618201790 HTTP/1.1" 200 323 "https://goswietofficial.com/" "Mozilla/5.0 (Linux; Android 6.0.1; Nexus 5X Build/MMB29P) AppleWebKit/537.36 (KHTML, like Gecko) Chrome/153.0.8010.52 Mobile Safari/537.36 (compatible; Googlebot/2.1; +http://www.google.com/bot.html)"
66.249.74.131 - - [26/Sep/2026:13:02:48 +0800] "GET /wp-content/plugins/woocommerce/assets/js/frontend/credit-card-form.min.js?ver=6.8.0 HTTP/1.1" 200 139 "https://goswietofficial.com/" "Mozilla/5.0 (Linux; Android 6.0.1; Nexus 5X Build/MMB29P) AppleWebKit/537.36 (KHTML, like Gecko) Chrome/153.0.8010.52 Mobile Safari/537.36 (compatible; Googlebot/2.1; +http://www.google.com/bot.html)"
66.249.74.131 - - [26/Sep/2026:13:02:49 +0800] "GET /wp-content/themes/zoo-cerato-extract-first/cerato/assets/js/zoo-woocommerce.js?ver=7.1.2 HTTP/1.1" 200 6756 "https://goswietofficial.com/" "Mozilla/5.0 (Linux; Android 6.0.1; Nexus 5X Build/MMB29P) AppleWebKit/537.36 (KHTML, like Gecko) Chrome/153.0.8010.52 Mobile Safari/537.36 (compatible; Googlebot/2.1; +http://www.google.com/bot.html)"
66.249.74.131 - - [26/Sep/2026:13:02:50 +0800] "GET /wp-content/plugins/elementor-pro/assets/js/preloaded-elements-handlers.min.js?ver=3.2.1 HTTP/1.1" 200 35828 "https://goswietofficial.com/" "Mozilla/5.0 (Linux; Android 6.0.1; Nexus 5X Build/MMB29P) AppleWebKit/537.36 (KHTML, like Gecko) Chrome/153.0.8010.52 Mobile Safari/537.36 (compatible; Googlebot/2.1; +http://www.google.com/bot.html)"
66.249.74.131 - - [26/Sep/2026:13:02:51 +0800] "GET /wp-content/plugins/bayarcash-wc/includes/admin/bayarcash-wc-checkout.js?ver=4.3.3h2026092605 HTTP/1.1" 200 237 "https://goswietofficial.com/" "Mozilla/5.0 (Linux; Android 6.0.1; Nexus 5X Build/MMB29P) AppleWebKit/537.36 (KHTML, like Gecko) Chrome/153.0.8010.52 Mobile Safari/537.36 (compatible; Googlebot/2.1; +http://www.google.com/bot.html)"
66.249.74.131 - - [26/Sep/2026:13:02:51 +0800] "GET /wp-content/plugins/woocommerce/assets/js/frontend/single-product.min.js?ver=6.8.0 HTTP/1.1" 200 1713 "https://goswietofficial.com/" "Mozilla/5.0 (Linux; Android 6.0.1; Nexus 5X Build/MMB29P) AppleWebKit/537.36 (KHTML, like Gecko) Chrome/153.0.8010.52 Mobile Safari/537.36 (compatible; Googlebot/2.1; +http://www.google.com/bot.html)"
66.249.74.131 - - [26/Sep/2026:13:02:52 +0800] "GET /wp-content/plugins/woocommerce/assets/js/frontend/country-select.min.js?ver=6.8.0 HTTP/1.1" 200 949 "https://goswietofficial.com/" "Mozilla/5.0 (Linux; Android 6.0.1; Nexus 5X Build/MMB29P) AppleWebKit/537.36 (KHTML, like Gecko) Chrome/153.0.8010.52 Mobile Safari/537.36 (compatible; Googlebot/2.1; +http://www.google.com/bot.html)"
66.249.74.131 - - [26/Sep/2026:13:02:53 +0800] "GET /wp-content/plugins/contact-form-7/includes/js/index.js?ver=5.4 HTTP/1.1" 200 3026 "https://goswietofficial.com/" "Mozilla/5.0 (Linux; Android 6.0.1; Nexus 5X Build/MMB29P) AppleWebKit/537.36 (KHTML, like Gecko) Chrome/153.0.8010.52 Mobile Safari/537.36 (compatible; Googlebot/2.1; +http://www.google.com/bot.html)"
66.249.74.131 - - [26/Sep/2026:13:02:54 +0800] "GET /wp-content/plugins/notificationx/public/assets/js/Cookies.js?ver=1.9.3 HTTP/1.1" 200 338 "https://goswietofficial.com/" "Mozilla/5.0 (Linux; Android 6.0.1; Nexus 5X Build/MMB29P) AppleWebKit/537.36 (KHTML, like Gecko) Chrome/153.0.8010.52 Mobile Safari/537.36 (compatible; Googlebot/2.1; +http://www.google.com/bot.html)"
66.249.71.195 - - [26/Sep/2026:13:02:50 +0800] "GET /wp-content/themes/zoo-cerato-extract-first/cerato/assets/vendor/sticky-kit/jquery.sticky-kit.min.js?ver=7.1.2 HTTP/1.1" 200 1309 "https://goswietofficial.com/" "Mozilla/5.0 (Linux; Android 6.0.1; Nexus 5X Build/MMB29P) AppleWebKit/537.36 (KHTML, like Gecko) Chrome/153.0.8010.52 Mobile Safari/537.36 (compatible; Googlebot/2.1; +http://www.google.com/bot.html)"
66.249.71.195 - - [26/Sep/2026:13:02:51 +0800] "GET /wp-content/plugins/elementor/assets/lib/share-link/share-link.min.js?ver=3.1.4 HTTP/1.1" 200 1023 "https://goswietofficial.com/" "Mozilla/5.0 (Linux; Android 6.0.1; Nexus 5X Build/MMB29P) AppleWebKit/537.36 (KHTML, like Gecko) Chrome/153.0.8010.52 Mobile Safari/537.36 (compatible; Googlebot/2.1; +http://www.google.com/bot.html)"
66.249.71.195 - - [26/Sep/2026:13:02:52 +0800] "GET /wp-content/plugins/woocommerce/assets/js/frontend/add-to-cart.min.js?ver=6.8.0 HTTP/1.1" 200 974 "https://goswietofficial.com/" "Mozilla/5.0 (Linux; Android 6.0.1; Nexus 5X Build/MMB29P) AppleWebKit/537.36 (KHTML, like Gecko) Chrome/153.0.8010.52 Mobile Safari/537.36 (compatible; Googlebot/2.1; +http://www.google.com/bot.html)"
66.249.71.195 - - [26/Sep/2026:13:02:52 +0800] "GET /wp-content/themes/zoo-cerato-extract-first/cerato/assets/js/zoo-woo-ajax.js?ver=7.1.2 HTTP/1.1" 200 2995 "https://goswietofficial.com/" "Mozilla/5.0 (Linux; Android 6.0.1; Nexus 5X Build/MMB29P) AppleWebKit/537.36 (KHTML, like Gecko) Chrome/153.0.8010.52 Mobile Safari/537.36 (compatible; Googlebot/2.1; +http://www.google.com/bot.html)"
66.249.71.195 - - [26/Sep/2026:13:02:53 +0800] "GET /wp-content/plugins/clever-woocommerce-product-filter/assets/js/front.js?ver=1.0.6 HTTP/1.1" 200 10914 "https://goswietofficial.com/" "Mozilla/5.0 (Linux; Android 6.0.1; Nexus 5X Build/MMB29P) AppleWebKit/537.36 (KHTML, like Gecko) Chrome/153.0.8010.52 Mobile Safari/537.36 (compatible; Googlebot/2.1; +http://www.google.com/bot.html)"
66.249.71.195 - - [26/Sep/2026:13:02:54 +0800] "GET /wp-content/plugins/woocommerce-gateway-stripe/assets/js/stripe.min.js?ver=6.5.1 HTTP/1.1" 200 3833 "https://goswietofficial.com/" "Mozilla/5.0 (Linux; Android 6.0.1; Nexus 5X Build/MMB29P) AppleWebKit/537.36 (KHTML, like Gecko) Chrome/153.0.8010.52 Mobile Safari/537.36 (compatible; Googlebot/2.1; +http://www.google.com/bot.html)"
66.249.74.131 - - [26/Sep/2026:13:02:46 +0800] "GET /wp-includes/js/dist/api-fetch.min.js?ver=6f2a4faeee3c722b1e57 HTTP/1.1" 200 3151 "https://goswietofficial.com/" "Mozilla/5.0 (Linux; Android 6.0.1; Nexus 5X Build/MMB29P) AppleWebKit/537.36 (KHTML, like Gecko) Chrome/153.0.8010.52 Mobile Safari/537.36 (compatible; Googlebot/2.1; +http://www.google.com/bot.html)"
66.249.74.131 - - [26/Sep/2026:13:02:47 +0800] "GET /wp-content/plugins/elementor-pro/assets/js/frontend.min.js?ver=3.2.1 HTTP/1.1" 200 15489 "https://goswietofficial.com/" "Mozilla/5.0 (Linux; Android 6.0.1; Nexus 5X Build/MMB29P) AppleWebKit/537.36 (KHTML, like Gecko) Chrome/153.0.8010.52 Mobile Safari/537.36 (compatible; Googlebot/2.1; +http://www.google.com/bot.html)"
101.99.69.250 - - [26/Sep/2026:13:02:57 +0800] "POST /wp-cron.php?doing_wp_cron=1790398977.4624478816986083984375 HTTP/1.1" 200 0 "-" "WordPress/7.1.2; https://goswietofficial.com"
66.249.74.131 - - [26/Sep/2026:13:02:56 +0800] "POST /?wc-ajax=get_refreshed_fragments HTTP/1.1" 200 284 "https://goswietofficial.com/" "Mozilla/5.0 (Linux; Android 6.0.1; Nexus 5X Build/MMB29P) AppleWebKit/537.36 (KHTML, like Gecko) Chrome/153.0.8010.52 Mobile Safari/537.36 (compatible; Googlebot/2.1; +http://www.google.com/bot.html)"
66.249.74.131 - - [26/Sep/2026:13:02:59 +0800] "POST /wp-admin/admin-ajax.php HTTP/1.1" 200 779 "https://goswietofficial.com/" "Mozilla/5.0 (Linux; Android 6.0.1; Nexus 5X Build/MMB29P) AppleWebKit/537.36 (KHTML, like Gecko) Chrome/153.0.8010.52 Mobile Safari/537.36 (compatible; Googlebot/2.1; +http://www.google.com/bot.html)"
101.99.69.250 - - [26/Sep/2026:13:00:22 +0800] "POST /wp-cron.php?doing_wp_cron=1790398822.5605731010437011718750 HTTP/1.1" 200 0 "-" "WordPress/7.1.2; https://goswietofficial.com"
66.249.65.194 - - [26/Sep/2026:13:00:21 +0800] "GET /robots.txt HTTP/1.1" 301 0 "-" "Mozilla/5.0 (compatible; Googlebot/2.1; +http://www.google.com/bot.html)"
66.249.74.133 - - [26/Sep/2026:13:02:32 +0800] "GET / HTTP/1.1" 200 59336 "-" "Mozilla/5.0 (Linux; Android 6.0.1; Nexus 5X Build/MMB29P) AppleWebKit/537.36 (KHTML, like Gecko) Chrome/153.0.8010.52 Mobile Safari/537.36 (compatible; Googlebot/2.1; +http://www.google.com/bot.html)"
66.249.74.132 - - [26/Sep/2026:13:02:41 +0800] "GET /wp-content/plugins/clever-swatches/assets/css/clever-swatches-style.css?ver=7.1.2 HTTP/1.1" 200 1782 "https://goswietofficial.com/" "Mozilla/5.0 (Linux; Android 6.0.1; Nexus 5X Build/MMB29P) AppleWebKit/537.36 (KHTML, like Gecko) Chrome/153.0.8010.52 Mobile Safari/537.36 (compatible; Googlebot/2.1; +http://www.google.com/bot.html)"
74.7.228.31 - - [26/Sep/2026:13:17:33 +0800] "GET /robots.txt HTTP/2" 200 100 "-" "Mozilla/5.0 (Macintosh; Intel Mac OS X 10_15_7) AppleWebKit/537.36 (KHTML, like Gecko) Chrome/131.0.0.0 Safari/537.36; compatible; OAI-SearchBot/1.4; robots.txt; +https://openai.com/searchbot"
101.99.69.250 - - [26/Sep/2026:13:17:34 +0800] "POST /wp-cron.php?doing_wp_cron=1790399854.8560650348663330078125 HTTP/1.1" 200 0 "-" "WordPress/7.1.2; https://goswietofficial.com"
101.99.69.250 - - [26/Sep/2026:13:21:43 +0800] "POST /wp-cron.php?doing_wp_cron=1790400102.9969949722290039062500 HTTP/1.1" 200 0 "-" "WordPress/7.1.2; https://goswietofficial.com"
216.73.217.104 - - [26/Sep/2026:13:21:41 +0800] "GET /robots.txt HTTP/2" 200 100 "-" "Mozilla/5.0 AppleWebKit/537.36 (KHTML, like Gecko; compatible; ClaudeBot/1.0; +claudebot@anthropic.com)"
216.73.217.104 - - [26/Sep/2026:13:21:43 +0800] "GET /sitemap_index.xml HTTP/2" 200 357 "-" "Mozilla/5.0 AppleWebKit/537.36 (KHTML, like Gecko; compatible; ClaudeBot/1.0; +claudebot@anthropic.com)"
101.99.69.250 - - [26/Sep/2026:14:24:59 +0800] "POST /wp-cron.php?doing_wp_cron=1790403899.4317638874053955078125 HTTP/1.1" 200 0 "-" "WordPress/7.1.2; https://goswietofficial.com"
101.99.69.250 - - [26/Sep/2026:14:31:20 +0800] "POST /wp-cron.php?doing_wp_cron=1790404280.2080070972442626953125 HTTP/1.1" 200 0 "-" "WordPress/7.1.2; https://goswietofficial.com"
216.73.217.104 - - [26/Sep/2026:14:24:57 +0800] "GET /robots.txt HTTP/2" 200 100 "-" "Mozilla/5.0 AppleWebKit/537.36 (KHTML, like Gecko; compatible; ClaudeBot/1.0; +claudebot@anthropic.com)"
216.73.217.104 - - [26/Sep/2026:14:24:59 +0800] "GET /sitemap_index.xml HTTP/2" 200 357 "-" "Mozilla/5.0 AppleWebKit/537.36 (KHTML, like Gecko; compatible; ClaudeBot/1.0; +claudebot@anthropic.com)"
51.8.102.6 - - [26/Sep/2026:14:31:19 +0800] "GET /robots.txt HTTP/2" 200 100 "-" "Mozilla/5.0 (Macintosh; Intel Mac OS X 10_15_7) AppleWebKit/537.36 (KHTML, like Gecko) Chrome/131.0.0.0 Safari/537.36; compatible; OAI-SearchBot/1.0; +https://openai.com/searchbot"