JezK
Edit File: rtosewabeli.com.my.susukambingalmas.com-ssl_log
101.99.69.250 - - [25/Sep/2026:20:26:13 +0800] "POST /wp-cron.php?doing_wp_cron=1790339173.6978180408477783203125 HTTP/1.1" 200 0 "-" "WordPress/7.1.2; https://www.rtosewabeli.com.my"
216.73.217.130 - - [25/Sep/2026:20:26:18 +0800] "GET /robots.txt HTTP/2" 200 61 "https://rtosewabeli.com.my/robots.txt" "Mozilla/5.0 AppleWebKit/537.36 (KHTML, like Gecko; compatible; ClaudeBot/1.0; +claudebot@anthropic.com)"
216.73.217.130 - - [25/Sep/2026:20:26:19 +0800] "GET /sitemaps.xml HTTP/2" 200 190 "https://rtosewabeli.com.my/sitemap.xml" "Mozilla/5.0 AppleWebKit/537.36 (KHTML, like Gecko; compatible; ClaudeBot/1.0; +claudebot@anthropic.com)"
216.73.217.130 - - [25/Sep/2026:20:26:13 +0800] "GET /robots.txt HTTP/2" 301 0 "-" "Mozilla/5.0 AppleWebKit/537.36 (KHTML, like Gecko; compatible; ClaudeBot/1.0; +claudebot@anthropic.com)"
216.73.217.130 - - [25/Sep/2026:20:26:18 +0800] "GET /sitemap.xml HTTP/2" 301 0 "-" "Mozilla/5.0 AppleWebKit/537.36 (KHTML, like Gecko; compatible; ClaudeBot/1.0; +claudebot@anthropic.com)"
216.73.216.135 - - [25/Sep/2026:20:43:52 +0800] "GET /sitemap.xml HTTP/2" 301 0 "-" "Mozilla/5.0 AppleWebKit/537.36 (KHTML, like Gecko; compatible; ClaudeBot/1.0; +claudebot@anthropic.com)"
216.73.216.135 - - [25/Sep/2026:21:08:53 +0800] "GET /robots.txt HTTP/2" 200 61 "-" "Mozilla/5.0 AppleWebKit/537.36 (KHTML, like Gecko; compatible; ClaudeBot/1.0; +claudebot@anthropic.com)"
216.73.216.135 - - [25/Sep/2026:21:08:54 +0800] "GET /sitemap.xml HTTP/2" 301 0 "-" "Mozilla/5.0 AppleWebKit/537.36 (KHTML, like Gecko; compatible; ClaudeBot/1.0; +claudebot@anthropic.com)"
216.73.217.130 - - [25/Sep/2026:21:25:44 +0800] "GET /robots.txt HTTP/2" 200 61 "-" "Mozilla/5.0 AppleWebKit/537.36 (KHTML, like Gecko; compatible; ClaudeBot/1.0; +claudebot@anthropic.com)"
216.73.217.130 - - [25/Sep/2026:21:25:45 +0800] "GET /sitemap.xml HTTP/2" 301 0 "-" "Mozilla/5.0 AppleWebKit/537.36 (KHTML, like Gecko; compatible; ClaudeBot/1.0; +claudebot@anthropic.com)"
216.73.217.130 - - [25/Sep/2026:21:25:46 +0800] "GET /sitemaps.xml HTTP/2" 200 190 "https://www.rtosewabeli.com.my/sitemap.xml" "Mozilla/5.0 AppleWebKit/537.36 (KHTML, like Gecko; compatible; ClaudeBot/1.0; +claudebot@anthropic.com)"
101.99.69.250 - - [25/Sep/2026:21:25:45 +0800] "POST /wp-cron.php?doing_wp_cron=1790342745.0217370986938476562500 HTTP/1.1" 200 0 "-" "WordPress/7.1.2; https://www.rtosewabeli.com.my"
114.119.143.213 - - [25/Sep/2026:22:03:12 +0800] "GET /robots.txt HTTP/1.1" 301 0 "https://rtosewabeli.com.my/robots.txt" "Mozilla/5.0 (compatible;PetalBot;+https://webmaster.petalsearch.com/site/petalbot)"
114.119.143.213 - - [25/Sep/2026:22:03:13 +0800] "GET /robots.txt HTTP/1.1" 200 61 "https://rtosewabeli.com.my/robots.txt" "Mozilla/5.0 (compatible;PetalBot;+https://webmaster.petalsearch.com/site/petalbot)"
216.73.216.135 - - [25/Sep/2026:21:58:09 +0800] "GET /sitemap.xml HTTP/2" 301 0 "-" "Mozilla/5.0 AppleWebKit/537.36 (KHTML, like Gecko; compatible; ClaudeBot/1.0; +claudebot@anthropic.com)"
101.99.69.250 - - [25/Sep/2026:22:25:04 +0800] "POST /wp-cron.php?doing_wp_cron=1790346304.6999280452728271484375 HTTP/1.1" 200 0 "-" "WordPress/7.1.2; https://www.rtosewabeli.com.my"
216.73.216.135 - - [25/Sep/2026:22:25:03 +0800] "GET /robots.txt HTTP/2" 200 61 "-" "Mozilla/5.0 AppleWebKit/537.36 (KHTML, like Gecko; compatible; ClaudeBot/1.0; +claudebot@anthropic.com)"
216.73.216.135 - - [25/Sep/2026:22:25:05 +0800] "GET /sitemap.xml HTTP/2" 301 0 "-" "Mozilla/5.0 AppleWebKit/537.36 (KHTML, like Gecko; compatible; ClaudeBot/1.0; +claudebot@anthropic.com)"
216.73.217.130 - - [25/Sep/2026:22:32:18 +0800] "GET /robots.txt HTTP/2" 200 61 "https://rtosewabeli.com.my/robots.txt" "Mozilla/5.0 AppleWebKit/537.36 (KHTML, like Gecko; compatible; ClaudeBot/1.0; +claudebot@anthropic.com)"
216.73.217.130 - - [25/Sep/2026:22:32:19 +0800] "GET /sitemaps.xml HTTP/2" 200 190 "https://rtosewabeli.com.my/sitemap.xml" "Mozilla/5.0 AppleWebKit/537.36 (KHTML, like Gecko; compatible; ClaudeBot/1.0; +claudebot@anthropic.com)"
216.73.217.130 - - [25/Sep/2026:22:32:17 +0800] "GET /robots.txt HTTP/2" 301 0 "-" "Mozilla/5.0 AppleWebKit/537.36 (KHTML, like Gecko; compatible; ClaudeBot/1.0; +claudebot@anthropic.com)"
216.73.217.130 - - [25/Sep/2026:22:32:19 +0800] "GET /sitemap.xml HTTP/2" 301 0 "-" "Mozilla/5.0 AppleWebKit/537.36 (KHTML, like Gecko; compatible; ClaudeBot/1.0; +claudebot@anthropic.com)"
34.90.219.108 - - [25/Sep/2026:23:47:10 +0800] "GET //feed/ HTTP/1.1" 301 0 "-" "Mozilla/5.0 (Windows NT 10.0; Win64; x64) AppleWebKit/537.36 (KHTML, like Gecko) Chrome/95.0.4638.69 Safari/537.36"
34.90.219.108 - - [25/Sep/2026:23:47:11 +0800] "GET //xmlrpc.php?rsd HTTP/1.1" 200 846 "-" "Mozilla/5.0 (Windows NT 10.0; Win64; x64) AppleWebKit/537.36 (KHTML, like Gecko) Chrome/95.0.4638.69 Safari/537.36"
34.90.219.108 - - [25/Sep/2026:23:47:13 +0800] "POST //xmlrpc.php HTTP/1.1" 200 401 "-" "Mozilla/5.0 (Windows NT 10.0; Win64; x64) AppleWebKit/537.36 (KHTML, like Gecko) Chrome/95.0.4638.69 Safari/537.36"
34.90.219.108 - - [25/Sep/2026:23:47:14 +0800] "POST //xmlrpc.php HTTP/1.1" 200 401 "-" "Mozilla/5.0 (Windows NT 10.0; Win64; x64) AppleWebKit/537.36 (KHTML, like Gecko) Chrome/95.0.4638.69 Safari/537.36"
34.90.219.108 - - [25/Sep/2026:23:47:15 +0800] "POST //xmlrpc.php HTTP/1.1" 200 401 "-" "Mozilla/5.0 (Windows NT 10.0; Win64; x64) AppleWebKit/537.36 (KHTML, like Gecko) Chrome/95.0.4638.69 Safari/537.36"
34.90.219.108 - - [25/Sep/2026:23:47:15 +0800] "POST //xmlrpc.php HTTP/1.1" 200 401 "-" "Mozilla/5.0 (Windows NT 10.0; Win64; x64) AppleWebKit/537.36 (KHTML, like Gecko) Chrome/95.0.4638.69 Safari/537.36"
34.90.219.108 - - [25/Sep/2026:23:47:28 +0800] "POST //xmlrpc.php HTTP/1.1" 200 401 "-" "Mozilla/5.0 (Windows NT 10.0; Win64; x64) AppleWebKit/537.36 (KHTML, like Gecko) Chrome/95.0.4638.69 Safari/537.36"
34.90.219.108 - - [25/Sep/2026:23:47:31 +0800] "POST //xmlrpc.php HTTP/1.1" 200 401 "-" "Mozilla/5.0 (Windows NT 10.0; Win64; x64) AppleWebKit/537.36 (KHTML, like Gecko) Chrome/95.0.4638.69 Safari/537.36"
34.90.219.108 - - [25/Sep/2026:23:47:33 +0800] "POST //xmlrpc.php HTTP/1.1" 200 401 "-" "Mozilla/5.0 (Windows NT 10.0; Win64; x64) AppleWebKit/537.36 (KHTML, like Gecko) Chrome/95.0.4638.69 Safari/537.36"
34.90.219.108 - - [25/Sep/2026:23:47:36 +0800] "POST //xmlrpc.php HTTP/1.1" 200 401 "-" "Mozilla/5.0 (Windows NT 10.0; Win64; x64) AppleWebKit/537.36 (KHTML, like Gecko) Chrome/95.0.4638.69 Safari/537.36"
34.90.219.108 - - [25/Sep/2026:23:47:56 +0800] "POST //xmlrpc.php HTTP/1.1" 200 401 "-" "Mozilla/5.0 (Windows NT 10.0; Win64; x64) AppleWebKit/537.36 (KHTML, like Gecko) Chrome/95.0.4638.69 Safari/537.36"
34.90.219.108 - - [25/Sep/2026:23:48:02 +0800] "POST //xmlrpc.php HTTP/1.1" 200 401 "-" "Mozilla/5.0 (Windows NT 10.0; Win64; x64) AppleWebKit/537.36 (KHTML, like Gecko) Chrome/95.0.4638.69 Safari/537.36"
34.90.219.108 - - [25/Sep/2026:23:48:21 +0800] "POST //xmlrpc.php HTTP/1.1" 200 401 "-" "Mozilla/5.0 (Windows NT 10.0; Win64; x64) AppleWebKit/537.36 (KHTML, like Gecko) Chrome/95.0.4638.69 Safari/537.36"
34.90.219.108 - - [25/Sep/2026:23:48:30 +0800] "POST //xmlrpc.php HTTP/1.1" 200 401 "-" "Mozilla/5.0 (Windows NT 10.0; Win64; x64) AppleWebKit/537.36 (KHTML, like Gecko) Chrome/95.0.4638.69 Safari/537.36"
34.90.219.108 - - [25/Sep/2026:23:48:56 +0800] "POST //xmlrpc.php HTTP/1.1" 200 401 "-" "Mozilla/5.0 (Windows NT 10.0; Win64; x64) AppleWebKit/537.36 (KHTML, like Gecko) Chrome/95.0.4638.69 Safari/537.36"
101.99.69.250 - - [25/Sep/2026:22:47:57 +0800] "POST /wp-cron.php?doing_wp_cron=1790347677.7102570533752441406250 HTTP/1.1" 200 0 "-" "WordPress/7.1.2; https://www.rtosewabeli.com.my"
216.73.216.135 - - [25/Sep/2026:23:16:02 +0800] "GET /robots.txt HTTP/2" 200 61 "-" "Mozilla/5.0 AppleWebKit/537.36 (KHTML, like Gecko; compatible; ClaudeBot/1.0; +claudebot@anthropic.com)"
216.73.216.135 - - [25/Sep/2026:23:16:03 +0800] "GET /sitemap.xml HTTP/2" 301 0 "-" "Mozilla/5.0 AppleWebKit/537.36 (KHTML, like Gecko; compatible; ClaudeBot/1.0; +claudebot@anthropic.com)"
34.90.219.108 - - [25/Sep/2026:23:47:12 +0800] "GET //?author=2 HTTP/1.1" 301 0 "-" "Mozilla/5.0 (Windows NT 10.0; Win64; x64) AppleWebKit/537.36 (KHTML, like Gecko) Chrome/95.0.4638.69 Safari/537.36"
34.90.219.108 - - [25/Sep/2026:23:47:12 +0800] "GET //wp-json/wp/v2/users/ HTTP/1.1" 200 773 "-" "Mozilla/5.0 (Windows NT 10.0; Win64; x64) AppleWebKit/537.36 (KHTML, like Gecko) Chrome/95.0.4638.69 Safari/537.36"
34.90.219.108 - - [25/Sep/2026:23:47:12 +0800] "POST //xmlrpc.php HTTP/1.1" 200 401 "-" "Mozilla/5.0 (Windows NT 10.0; Win64; x64) AppleWebKit/537.36 (KHTML, like Gecko) Chrome/95.0.4638.69 Safari/537.36"
34.90.219.108 - - [25/Sep/2026:23:47:16 +0800] "POST //xmlrpc.php HTTP/1.1" 200 401 "-" "Mozilla/5.0 (Windows NT 10.0; Win64; x64) AppleWebKit/537.36 (KHTML, like Gecko) Chrome/95.0.4638.69 Safari/537.36"
34.90.219.108 - - [25/Sep/2026:23:47:17 +0800] "POST //xmlrpc.php HTTP/1.1" 200 401 "-" "Mozilla/5.0 (Windows NT 10.0; Win64; x64) AppleWebKit/537.36 (KHTML, like Gecko) Chrome/95.0.4638.69 Safari/537.36"
34.90.219.108 - - [25/Sep/2026:23:47:45 +0800] "POST //xmlrpc.php HTTP/1.1" 200 401 "-" "Mozilla/5.0 (Windows NT 10.0; Win64; x64) AppleWebKit/537.36 (KHTML, like Gecko) Chrome/95.0.4638.69 Safari/537.36"
34.90.219.108 - - [25/Sep/2026:23:48:00 +0800] "POST //xmlrpc.php HTTP/1.1" 200 401 "-" "Mozilla/5.0 (Windows NT 10.0; Win64; x64) AppleWebKit/537.36 (KHTML, like Gecko) Chrome/95.0.4638.69 Safari/537.36"
34.90.219.108 - - [25/Sep/2026:23:48:10 +0800] "POST //xmlrpc.php HTTP/1.1" 200 401 "-" "Mozilla/5.0 (Windows NT 10.0; Win64; x64) AppleWebKit/537.36 (KHTML, like Gecko) Chrome/95.0.4638.69 Safari/537.36"
34.90.219.108 - - [25/Sep/2026:23:48:18 +0800] "POST //xmlrpc.php HTTP/1.1" 200 401 "-" "Mozilla/5.0 (Windows NT 10.0; Win64; x64) AppleWebKit/537.36 (KHTML, like Gecko) Chrome/95.0.4638.69 Safari/537.36"
34.90.219.108 - - [25/Sep/2026:23:48:36 +0800] "POST //xmlrpc.php HTTP/1.1" 200 401 "-" "Mozilla/5.0 (Windows NT 10.0; Win64; x64) AppleWebKit/537.36 (KHTML, like Gecko) Chrome/95.0.4638.69 Safari/537.36"
34.90.219.108 - - [25/Sep/2026:23:49:11 +0800] "POST //xmlrpc.php HTTP/1.1" 200 401 "-" "Mozilla/5.0 (Windows NT 10.0; Win64; x64) AppleWebKit/537.36 (KHTML, like Gecko) Chrome/95.0.4638.69 Safari/537.36"
34.90.219.108 - - [25/Sep/2026:23:49:21 +0800] "POST //xmlrpc.php HTTP/1.1" 200 401 "-" "Mozilla/5.0 (Windows NT 10.0; Win64; x64) AppleWebKit/537.36 (KHTML, like Gecko) Chrome/95.0.4638.69 Safari/537.36"
34.90.219.108 - - [25/Sep/2026:23:49:25 +0800] "POST //xmlrpc.php HTTP/1.1" 403 1242 "-" "Mozilla/5.0 (Windows NT 10.0; Win64; x64) AppleWebKit/537.36 (KHTML, like Gecko) Chrome/95.0.4638.69 Safari/537.36"
216.73.216.135 - - [25/Sep/2026:22:47:56 +0800] "GET /sitemap.xml HTTP/2" 301 0 "-" "Mozilla/5.0 AppleWebKit/537.36 (KHTML, like Gecko; compatible; ClaudeBot/1.0; +claudebot@anthropic.com)"
216.73.217.130 - - [25/Sep/2026:23:32:45 +0800] "GET /robots.txt HTTP/2" 200 61 "-" "Mozilla/5.0 AppleWebKit/537.36 (KHTML, like Gecko; compatible; ClaudeBot/1.0; +claudebot@anthropic.com)"
216.73.217.130 - - [25/Sep/2026:23:32:47 +0800] "GET /sitemap.xml HTTP/2" 301 0 "-" "Mozilla/5.0 AppleWebKit/537.36 (KHTML, like Gecko; compatible; ClaudeBot/1.0; +claudebot@anthropic.com)"
216.73.217.130 - - [25/Sep/2026:23:32:47 +0800] "GET /sitemaps.xml HTTP/2" 200 190 "https://www.rtosewabeli.com.my/sitemap.xml" "Mozilla/5.0 AppleWebKit/537.36 (KHTML, like Gecko; compatible; ClaudeBot/1.0; +claudebot@anthropic.com)"
34.90.219.108 - - [25/Sep/2026:23:47:10 +0800] "GET //wp-includes/ID3/license.txt HTTP/1.1" 200 1396 "-" "Mozilla/5.0 (Windows NT 10.0; Win64; x64) AppleWebKit/537.36 (KHTML, like Gecko) Chrome/95.0.4638.69 Safari/537.36"
34.90.219.108 - - [25/Sep/2026:23:47:14 +0800] "POST //xmlrpc.php HTTP/1.1" 200 401 "-" "Mozilla/5.0 (Windows NT 10.0; Win64; x64) AppleWebKit/537.36 (KHTML, like Gecko) Chrome/95.0.4638.69 Safari/537.36"
34.90.219.108 - - [25/Sep/2026:23:47:20 +0800] "POST //xmlrpc.php HTTP/1.1" 200 401 "-" "Mozilla/5.0 (Windows NT 10.0; Win64; x64) AppleWebKit/537.36 (KHTML, like Gecko) Chrome/95.0.4638.69 Safari/537.36"
34.90.219.108 - - [25/Sep/2026:23:47:24 +0800] "POST //xmlrpc.php HTTP/1.1" 200 401 "-" "Mozilla/5.0 (Windows NT 10.0; Win64; x64) AppleWebKit/537.36 (KHTML, like Gecko) Chrome/95.0.4638.69 Safari/537.36"
34.90.219.108 - - [25/Sep/2026:23:47:41 +0800] "POST //xmlrpc.php HTTP/1.1" 200 401 "-" "Mozilla/5.0 (Windows NT 10.0; Win64; x64) AppleWebKit/537.36 (KHTML, like Gecko) Chrome/95.0.4638.69 Safari/537.36"
34.90.219.108 - - [25/Sep/2026:23:47:48 +0800] "POST //xmlrpc.php HTTP/1.1" 200 401 "-" "Mozilla/5.0 (Windows NT 10.0; Win64; x64) AppleWebKit/537.36 (KHTML, like Gecko) Chrome/95.0.4638.69 Safari/537.36"
34.90.219.108 - - [25/Sep/2026:23:48:06 +0800] "POST //xmlrpc.php HTTP/1.1" 200 401 "-" "Mozilla/5.0 (Windows NT 10.0; Win64; x64) AppleWebKit/537.36 (KHTML, like Gecko) Chrome/95.0.4638.69 Safari/537.36"
34.90.219.108 - - [25/Sep/2026:23:48:26 +0800] "POST //xmlrpc.php HTTP/1.1" 200 401 "-" "Mozilla/5.0 (Windows NT 10.0; Win64; x64) AppleWebKit/537.36 (KHTML, like Gecko) Chrome/95.0.4638.69 Safari/537.36"
34.90.219.108 - - [25/Sep/2026:23:48:46 +0800] "POST //xmlrpc.php HTTP/1.1" 200 401 "-" "Mozilla/5.0 (Windows NT 10.0; Win64; x64) AppleWebKit/537.36 (KHTML, like Gecko) Chrome/95.0.4638.69 Safari/537.36"
34.90.219.108 - - [25/Sep/2026:23:49:03 +0800] "POST //xmlrpc.php HTTP/1.1" 200 401 "-" "Mozilla/5.0 (Windows NT 10.0; Win64; x64) AppleWebKit/537.36 (KHTML, like Gecko) Chrome/95.0.4638.69 Safari/537.36"
34.90.219.108 - - [25/Sep/2026:23:49:06 +0800] "POST //xmlrpc.php HTTP/1.1" 200 401 "-" "Mozilla/5.0 (Windows NT 10.0; Win64; x64) AppleWebKit/537.36 (KHTML, like Gecko) Chrome/95.0.4638.69 Safari/537.36"
34.90.219.108 - - [25/Sep/2026:23:49:15 +0800] "POST //xmlrpc.php HTTP/1.1" 200 401 "-" "Mozilla/5.0 (Windows NT 10.0; Win64; x64) AppleWebKit/537.36 (KHTML, like Gecko) Chrome/95.0.4638.69 Safari/537.36"
34.90.219.108 - - [25/Sep/2026:23:49:17 +0800] "POST //xmlrpc.php HTTP/1.1" 200 401 "-" "Mozilla/5.0 (Windows NT 10.0; Win64; x64) AppleWebKit/537.36 (KHTML, like Gecko) Chrome/95.0.4638.69 Safari/537.36"
101.99.69.250 - - [25/Sep/2026:23:32:46 +0800] "POST /wp-cron.php?doing_wp_cron=1790350366.7781848907470703125000 HTTP/1.1" 200 0 "-" "WordPress/7.1.2; https://www.rtosewabeli.com.my"
34.90.219.108 - - [25/Sep/2026:23:47:11 +0800] "GET //?author=1 HTTP/1.1" 301 0 "-" "Mozilla/5.0 (Windows NT 10.0; Win64; x64) AppleWebKit/537.36 (KHTML, like Gecko) Chrome/95.0.4638.69 Safari/537.36"
34.90.219.108 - - [25/Sep/2026:23:47:13 +0800] "POST //xmlrpc.php HTTP/1.1" 200 401 "-" "Mozilla/5.0 (Windows NT 10.0; Win64; x64) AppleWebKit/537.36 (KHTML, like Gecko) Chrome/95.0.4638.69 Safari/537.36"
34.90.219.108 - - [25/Sep/2026:23:47:16 +0800] "POST //xmlrpc.php HTTP/1.1" 200 401 "-" "Mozilla/5.0 (Windows NT 10.0; Win64; x64) AppleWebKit/537.36 (KHTML, like Gecko) Chrome/95.0.4638.69 Safari/537.36"
34.90.219.108 - - [25/Sep/2026:23:47:18 +0800] "POST //xmlrpc.php HTTP/1.1" 200 401 "-" "Mozilla/5.0 (Windows NT 10.0; Win64; x64) AppleWebKit/537.36 (KHTML, like Gecko) Chrome/95.0.4638.69 Safari/537.36"
34.90.219.108 - - [25/Sep/2026:23:47:51 +0800] "POST //xmlrpc.php HTTP/1.1" 200 401 "-" "Mozilla/5.0 (Windows NT 10.0; Win64; x64) AppleWebKit/537.36 (KHTML, like Gecko) Chrome/95.0.4638.69 Safari/537.36"
34.90.219.108 - - [25/Sep/2026:23:48:16 +0800] "POST //xmlrpc.php HTTP/1.1" 200 401 "-" "Mozilla/5.0 (Windows NT 10.0; Win64; x64) AppleWebKit/537.36 (KHTML, like Gecko) Chrome/95.0.4638.69 Safari/537.36"
34.90.219.108 - - [25/Sep/2026:23:48:33 +0800] "POST //xmlrpc.php HTTP/1.1" 200 401 "-" "Mozilla/5.0 (Windows NT 10.0; Win64; x64) AppleWebKit/537.36 (KHTML, like Gecko) Chrome/95.0.4638.69 Safari/537.36"
34.90.219.108 - - [25/Sep/2026:23:48:40 +0800] "POST //xmlrpc.php HTTP/1.1" 200 401 "-" "Mozilla/5.0 (Windows NT 10.0; Win64; x64) AppleWebKit/537.36 (KHTML, like Gecko) Chrome/95.0.4638.69 Safari/537.36"
34.90.219.108 - - [25/Sep/2026:23:48:48 +0800] "POST //xmlrpc.php HTTP/1.1" 200 401 "-" "Mozilla/5.0 (Windows NT 10.0; Win64; x64) AppleWebKit/537.36 (KHTML, like Gecko) Chrome/95.0.4638.69 Safari/537.36"
34.90.219.108 - - [25/Sep/2026:23:48:52 +0800] "POST //xmlrpc.php HTTP/1.1" 200 401 "-" "Mozilla/5.0 (Windows NT 10.0; Win64; x64) AppleWebKit/537.36 (KHTML, like Gecko) Chrome/95.0.4638.69 Safari/537.36"
34.90.219.108 - - [25/Sep/2026:23:49:00 +0800] "POST //xmlrpc.php HTTP/1.1" 200 401 "-" "Mozilla/5.0 (Windows NT 10.0; Win64; x64) AppleWebKit/537.36 (KHTML, like Gecko) Chrome/95.0.4638.69 Safari/537.36"
216.73.216.135 - - [26/Sep/2026:00:05:17 +0800] "GET /sitemap.xml HTTP/2" 301 0 "-" "Mozilla/5.0 AppleWebKit/537.36 (KHTML, like Gecko; compatible; ClaudeBot/1.0; +claudebot@anthropic.com)"
101.99.69.250 - - [26/Sep/2026:00:23:41 +0800] "POST /wp-cron.php?doing_wp_cron=1790353421.8455851078033447265625 HTTP/1.1" 200 0 "-" "WordPress/7.1.2; https://www.rtosewabeli.com.my"
216.73.216.135 - - [26/Sep/2026:00:23:40 +0800] "GET /robots.txt HTTP/2" 200 61 "-" "Mozilla/5.0 AppleWebKit/537.36 (KHTML, like Gecko; compatible; ClaudeBot/1.0; +claudebot@anthropic.com)"
216.73.216.135 - - [26/Sep/2026:00:23:42 +0800] "GET /sitemap.xml HTTP/2" 301 0 "-" "Mozilla/5.0 AppleWebKit/537.36 (KHTML, like Gecko; compatible; ClaudeBot/1.0; +claudebot@anthropic.com)"
216.73.217.130 - - [26/Sep/2026:00:36:17 +0800] "GET /robots.txt HTTP/2" 301 0 "-" "Mozilla/5.0 AppleWebKit/537.36 (KHTML, like Gecko; compatible; ClaudeBot/1.0; +claudebot@anthropic.com)"
216.73.217.130 - - [26/Sep/2026:00:36:20 +0800] "GET /robots.txt HTTP/2" 200 61 "https://rtosewabeli.com.my/robots.txt" "Mozilla/5.0 AppleWebKit/537.36 (KHTML, like Gecko; compatible; ClaudeBot/1.0; +claudebot@anthropic.com)"
216.73.217.130 - - [26/Sep/2026:00:36:21 +0800] "GET /sitemap.xml HTTP/2" 301 0 "-" "Mozilla/5.0 AppleWebKit/537.36 (KHTML, like Gecko; compatible; ClaudeBot/1.0; +claudebot@anthropic.com)"
216.73.217.130 - - [26/Sep/2026:00:36:21 +0800] "GET /sitemaps.xml HTTP/2" 200 190 "https://rtosewabeli.com.my/sitemap.xml" "Mozilla/5.0 AppleWebKit/537.36 (KHTML, like Gecko; compatible; ClaudeBot/1.0; +claudebot@anthropic.com)"
216.73.216.135 - - [26/Sep/2026:00:40:13 +0800] "GET /sitemap.xml HTTP/2" 301 0 "-" "Mozilla/5.0 AppleWebKit/537.36 (KHTML, like Gecko; compatible; ClaudeBot/1.0; +claudebot@anthropic.com)"
216.73.216.135 - - [26/Sep/2026:01:13:17 +0800] "GET /robots.txt HTTP/2" 200 61 "-" "Mozilla/5.0 AppleWebKit/537.36 (KHTML, like Gecko; compatible; ClaudeBot/1.0; +claudebot@anthropic.com)"
216.73.216.135 - - [26/Sep/2026:01:13:18 +0800] "GET /sitemap.xml HTTP/2" 301 0 "-" "Mozilla/5.0 AppleWebKit/537.36 (KHTML, like Gecko; compatible; ClaudeBot/1.0; +claudebot@anthropic.com)"
101.99.69.250 - - [26/Sep/2026:01:33:43 +0800] "POST /wp-cron.php?doing_wp_cron=1790357623.3390879631042480468750 HTTP/1.1" 200 0 "-" "WordPress/7.1.2; https://www.rtosewabeli.com.my"
216.73.217.130 - - [26/Sep/2026:01:33:41 +0800] "GET /robots.txt HTTP/2" 200 61 "-" "Mozilla/5.0 AppleWebKit/537.36 (KHTML, like Gecko; compatible; ClaudeBot/1.0; +claudebot@anthropic.com)"
216.73.217.130 - - [26/Sep/2026:01:33:43 +0800] "GET /sitemap.xml HTTP/2" 301 0 "-" "Mozilla/5.0 AppleWebKit/537.36 (KHTML, like Gecko; compatible; ClaudeBot/1.0; +claudebot@anthropic.com)"
216.73.217.130 - - [26/Sep/2026:01:33:44 +0800] "GET /sitemaps.xml HTTP/2" 200 190 "https://www.rtosewabeli.com.my/sitemap.xml" "Mozilla/5.0 AppleWebKit/537.36 (KHTML, like Gecko; compatible; ClaudeBot/1.0; +claudebot@anthropic.com)"
101.99.69.250 - - [26/Sep/2026:02:17:49 +0800] "POST /wp-cron.php?doing_wp_cron=1790360269.9185810089111328125000 HTTP/1.1" 200 0 "-" "WordPress/7.1.2; https://www.rtosewabeli.com.my"
216.73.216.135 - - [26/Sep/2026:02:12:24 +0800] "GET /sitemap.xml HTTP/2" 301 0 "-" "Mozilla/5.0 AppleWebKit/537.36 (KHTML, like Gecko; compatible; ClaudeBot/1.0; +claudebot@anthropic.com)"
216.73.216.135 - - [26/Sep/2026:02:22:58 +0800] "GET /robots.txt HTTP/2" 200 61 "-" "Mozilla/5.0 AppleWebKit/537.36 (KHTML, like Gecko; compatible; ClaudeBot/1.0; +claudebot@anthropic.com)"
216.73.216.135 - - [26/Sep/2026:02:23:00 +0800] "GET /sitemap.xml HTTP/2" 301 0 "-" "Mozilla/5.0 AppleWebKit/537.36 (KHTML, like Gecko; compatible; ClaudeBot/1.0; +claudebot@anthropic.com)"
216.73.217.130 - - [26/Sep/2026:02:47:19 +0800] "GET /robots.txt HTTP/2" 200 61 "https://rtosewabeli.com.my/robots.txt" "Mozilla/5.0 AppleWebKit/537.36 (KHTML, like Gecko; compatible; ClaudeBot/1.0; +claudebot@anthropic.com)"
216.73.217.130 - - [26/Sep/2026:02:47:20 +0800] "GET /sitemaps.xml HTTP/2" 200 190 "https://rtosewabeli.com.my/sitemap.xml" "Mozilla/5.0 AppleWebKit/537.36 (KHTML, like Gecko; compatible; ClaudeBot/1.0; +claudebot@anthropic.com)"
216.73.217.130 - - [26/Sep/2026:02:47:17 +0800] "GET /robots.txt HTTP/2" 301 0 "-" "Mozilla/5.0 AppleWebKit/537.36 (KHTML, like Gecko; compatible; ClaudeBot/1.0; +claudebot@anthropic.com)"
216.73.217.130 - - [26/Sep/2026:02:47:19 +0800] "GET /sitemap.xml HTTP/2" 301 0 "-" "Mozilla/5.0 AppleWebKit/537.36 (KHTML, like Gecko; compatible; ClaudeBot/1.0; +claudebot@anthropic.com)"
216.73.216.135 - - [26/Sep/2026:02:46:33 +0800] "GET /sitemap.xml HTTP/2" 301 0 "-" "Mozilla/5.0 AppleWebKit/537.36 (KHTML, like Gecko; compatible; ClaudeBot/1.0; +claudebot@anthropic.com)"
101.99.69.250 - - [26/Sep/2026:03:19:03 +0800] "POST /wp-cron.php?doing_wp_cron=1790363943.5129759311676025390625 HTTP/1.1" 200 0 "-" "WordPress/7.1.2; https://www.rtosewabeli.com.my"
216.73.216.135 - - [26/Sep/2026:03:19:02 +0800] "GET /robots.txt HTTP/2" 200 61 "-" "Mozilla/5.0 AppleWebKit/537.36 (KHTML, like Gecko; compatible; ClaudeBot/1.0; +claudebot@anthropic.com)"
216.73.216.135 - - [26/Sep/2026:03:19:03 +0800] "GET /sitemap.xml HTTP/2" 301 0 "-" "Mozilla/5.0 AppleWebKit/537.36 (KHTML, like Gecko; compatible; ClaudeBot/1.0; +claudebot@anthropic.com)"
216.73.217.130 - - [26/Sep/2026:03:27:00 +0800] "GET /robots.txt HTTP/2" 200 61 "-" "Mozilla/5.0 AppleWebKit/537.36 (KHTML, like Gecko; compatible; ClaudeBot/1.0; +claudebot@anthropic.com)"
216.73.217.130 - - [26/Sep/2026:03:27:01 +0800] "GET /sitemap.xml HTTP/2" 301 0 "-" "Mozilla/5.0 AppleWebKit/537.36 (KHTML, like Gecko; compatible; ClaudeBot/1.0; +claudebot@anthropic.com)"
216.73.217.130 - - [26/Sep/2026:03:27:01 +0800] "GET /sitemaps.xml HTTP/2" 200 190 "https://www.rtosewabeli.com.my/sitemap.xml" "Mozilla/5.0 AppleWebKit/537.36 (KHTML, like Gecko; compatible; ClaudeBot/1.0; +claudebot@anthropic.com)"
64.23.237.176 - - [26/Sep/2026:03:35:43 +0800] "GET / HTTP/1.1" 200 317 "-" "Mozilla/5.0 (X11; Linux x86_64; rv:153.0) Gecko/20100101 Firefox/153.0"
144.76.32.188 - - [26/Sep/2026:03:36:16 +0800] "GET /robots.txt HTTP/1.1" 200 70 "-" "Mozilla/5.0 (compatible; SERankingBacklinksBot/1.0; +https://seranking.com/backlinks-crawler)"
144.76.32.188 - - [26/Sep/2026:03:36:17 +0800] "GET /sitemap.xml HTTP/1.1" 301 0 "-" "Mozilla/5.0 (compatible; SERankingBacklinksBot/1.0; +https://seranking.com/backlinks-crawler)"
144.76.32.188 - - [26/Sep/2026:03:36:26 +0800] "GET /post-sitemap1.xml HTTP/1.1" 200 240 "-" "Mozilla/5.0 (compatible; SERankingBacklinksBot/1.0; +https://seranking.com/backlinks-crawler)"
64.23.237.176 - - [26/Sep/2026:03:35:49 +0800] "GET /favicon.ico HTTP/1.1" 200 317 "https://autoconfig.rtosewabeli.com.my/" "Mozilla/5.0 (X11; Linux x86_64; rv:153.0) Gecko/20100101 Firefox/153.0"
144.76.32.188 - - [26/Sep/2026:03:36:34 +0800] "GET /post_tag-sitemap1.xml HTTP/1.1" 200 160 "-" "Mozilla/5.0 (compatible; SERankingBacklinksBot/1.0; +https://seranking.com/backlinks-crawler)"
144.76.32.188 - - [26/Sep/2026:03:36:18 +0800] "GET /sitemaps.xml HTTP/1.1" 200 220 "-" "Mozilla/5.0 (compatible; SERankingBacklinksBot/1.0; +https://seranking.com/backlinks-crawler)"
144.76.32.188 - - [26/Sep/2026:03:36:22 +0800] "GET /page-sitemap1.xml HTTP/1.1" 200 219 "-" "Mozilla/5.0 (compatible; SERankingBacklinksBot/1.0; +https://seranking.com/backlinks-crawler)"
144.76.32.188 - - [26/Sep/2026:03:36:30 +0800] "GET /category-sitemap1.xml HTTP/1.1" 200 196 "-" "Mozilla/5.0 (compatible; SERankingBacklinksBot/1.0; +https://seranking.com/backlinks-crawler)"
74.7.230.21 - - [26/Sep/2026:04:01:58 +0800] "GET /robots.txt HTTP/2" 301 0 "-" "Mozilla/5.0 (Macintosh; Intel Mac OS X 10_15_7) AppleWebKit/537.36 (KHTML, like Gecko) Chrome/131.0.0.0 Safari/537.36; compatible; OAI-SearchBot/1.4; robots.txt; +https://openai.com/searchbot"
74.7.243.231 - - [26/Sep/2026:04:02:00 +0800] "GET / HTTP/2" 200 20127 "https://rtosewabeli.com.my" "Mozilla/5.0 AppleWebKit/537.36 (KHTML, like Gecko; compatible; GPTBot/1.4; +https://openai.com/gptbot)"
74.7.243.231 - - [26/Sep/2026:04:02:02 +0800] "GET /wp-content/themes/Divi/js/scripts.min.js?ver=4.27.4 HTTP/2" 200 65180 "https://www.rtosewabeli.com.my/" "Mozilla/5.0 AppleWebKit/537.36 (KHTML, like Gecko; compatible; GPTBot/1.4; +https://openai.com/gptbot)"
74.7.227.24 - - [26/Sep/2026:04:01:58 +0800] "GET / HTTP/2" 301 0 "-" "Mozilla/5.0 AppleWebKit/537.36 (KHTML, like Gecko; compatible; GPTBot/1.4; +https://openai.com/gptbot)"
101.99.69.250 - - [26/Sep/2026:04:01:59 +0800] "POST /wp-cron.php?doing_wp_cron=1790366519.3469650745391845703125 HTTP/1.1" 200 0 "-" "WordPress/7.1.2; https://www.rtosewabeli.com.my"
74.7.230.21 - - [26/Sep/2026:04:02:00 +0800] "GET /robots.txt HTTP/2" 200 61 "https://rtosewabeli.com.my/robots.txt" "Mozilla/5.0 (Macintosh; Intel Mac OS X 10_15_7) AppleWebKit/537.36 (KHTML, like Gecko) Chrome/131.0.0.0 Safari/537.36; compatible; OAI-SearchBot/1.4; robots.txt; +https://openai.com/searchbot"
74.7.244.30 - - [26/Sep/2026:04:02:02 +0800] "GET /robots.txt HTTP/2" 200 61 "-" "Mozilla/5.0 (Macintosh; Intel Mac OS X 10_15_7) AppleWebKit/537.36 (KHTML, like Gecko) Chrome/131.0.0.0 Safari/537.36; compatible; OAI-SearchBot/1.4; robots.txt; +https://openai.com/searchbot"
188.212.135.168 - - [26/Sep/2026:04:08:18 +0800] "GET /archivarix.cms.php HTTP/1.1" 301 0 "-" "Mozilla/5.0 (Windows NT 10.0; Win64; x64; rv:125.0) Gecko/20100101 Firefox/125.0"
188.212.135.197 - - [26/Sep/2026:04:08:20 +0800] "GET /archivarix.cms.php HTTP/1.1" 404 17163 "https://rtosewabeli.com.my/archivarix.cms.php" "Mozilla/5.0 (Windows NT 10.0; Win64; x64; rv:125.0) Gecko/20100101 Firefox/125.0"
101.99.69.250 - - [26/Sep/2026:04:21:49 +0800] "POST /wp-cron.php?doing_wp_cron=1790367709.4959089756011962890625 HTTP/1.1" 200 0 "-" "WordPress/7.1.2; https://www.rtosewabeli.com.my"
216.73.217.130 - - [26/Sep/2026:04:32:14 +0800] "GET /robots.txt HTTP/2" 301 0 "-" "Mozilla/5.0 AppleWebKit/537.36 (KHTML, like Gecko; compatible; ClaudeBot/1.0; +claudebot@anthropic.com)"
216.73.216.135 - - [26/Sep/2026:04:21:48 +0800] "GET /robots.txt HTTP/2" 200 61 "-" "Mozilla/5.0 AppleWebKit/537.36 (KHTML, like Gecko; compatible; ClaudeBot/1.0; +claudebot@anthropic.com)"
216.73.216.135 - - [26/Sep/2026:04:21:49 +0800] "GET /sitemap.xml HTTP/2" 301 0 "-" "Mozilla/5.0 AppleWebKit/537.36 (KHTML, like Gecko; compatible; ClaudeBot/1.0; +claudebot@anthropic.com)"
216.73.217.130 - - [26/Sep/2026:04:32:16 +0800] "GET /robots.txt HTTP/2" 200 61 "https://rtosewabeli.com.my/robots.txt" "Mozilla/5.0 AppleWebKit/537.36 (KHTML, like Gecko; compatible; ClaudeBot/1.0; +claudebot@anthropic.com)"
216.73.217.130 - - [26/Sep/2026:04:32:16 +0800] "GET /sitemap.xml HTTP/2" 301 0 "-" "Mozilla/5.0 AppleWebKit/537.36 (KHTML, like Gecko; compatible; ClaudeBot/1.0; +claudebot@anthropic.com)"
216.73.217.130 - - [26/Sep/2026:04:32:17 +0800] "GET /sitemaps.xml HTTP/2" 200 190 "https://rtosewabeli.com.my/sitemap.xml" "Mozilla/5.0 AppleWebKit/537.36 (KHTML, like Gecko; compatible; ClaudeBot/1.0; +claudebot@anthropic.com)"
216.73.216.135 - - [26/Sep/2026:04:54:01 +0800] "GET /sitemap.xml HTTP/2" 301 0 "-" "Mozilla/5.0 AppleWebKit/537.36 (KHTML, like Gecko; compatible; ClaudeBot/1.0; +claudebot@anthropic.com)"
216.73.216.135 - - [26/Sep/2026:05:24:58 +0800] "GET /robots.txt HTTP/2" 200 61 "-" "Mozilla/5.0 AppleWebKit/537.36 (KHTML, like Gecko; compatible; ClaudeBot/1.0; +claudebot@anthropic.com)"
216.73.216.135 - - [26/Sep/2026:05:24:59 +0800] "GET /sitemap.xml HTTP/2" 301 0 "-" "Mozilla/5.0 AppleWebKit/537.36 (KHTML, like Gecko; compatible; ClaudeBot/1.0; +claudebot@anthropic.com)"
216.73.217.130 - - [26/Sep/2026:05:39:14 +0800] "GET /robots.txt HTTP/2" 200 61 "-" "Mozilla/5.0 AppleWebKit/537.36 (KHTML, like Gecko; compatible; ClaudeBot/1.0; +claudebot@anthropic.com)"
101.99.69.250 - - [26/Sep/2026:05:24:59 +0800] "POST /wp-cron.php?doing_wp_cron=1790371499.6565248966217041015625 HTTP/1.1" 200 0 "-" "WordPress/7.1.2; https://www.rtosewabeli.com.my"
216.73.217.130 - - [26/Sep/2026:05:39:17 +0800] "GET /sitemap.xml HTTP/2" 301 0 "-" "Mozilla/5.0 AppleWebKit/537.36 (KHTML, like Gecko; compatible; ClaudeBot/1.0; +claudebot@anthropic.com)"
216.73.217.130 - - [26/Sep/2026:05:39:18 +0800] "GET /sitemaps.xml HTTP/2" 200 190 "https://www.rtosewabeli.com.my/sitemap.xml" "Mozilla/5.0 AppleWebKit/537.36 (KHTML, like Gecko; compatible; ClaudeBot/1.0; +claudebot@anthropic.com)"
216.73.216.135 - - [26/Sep/2026:06:33:04 +0800] "GET /robots.txt HTTP/2" 200 61 "-" "Mozilla/5.0 AppleWebKit/537.36 (KHTML, like Gecko; compatible; ClaudeBot/1.0; +claudebot@anthropic.com)"
216.73.216.135 - - [26/Sep/2026:06:33:04 +0800] "GET /sitemap.xml HTTP/2" 301 0 "-" "Mozilla/5.0 AppleWebKit/537.36 (KHTML, like Gecko; compatible; ClaudeBot/1.0; +claudebot@anthropic.com)"
101.99.69.250 - - [26/Sep/2026:06:32:56 +0800] "POST /wp-cron.php?doing_wp_cron=1790375576.1148500442504882812500 HTTP/1.1" 200 0 "-" "WordPress/7.1.2; https://www.rtosewabeli.com.my"
216.73.217.130 - - [26/Sep/2026:06:32:57 +0800] "GET /robots.txt HTTP/2" 200 61 "https://rtosewabeli.com.my/robots.txt" "Mozilla/5.0 AppleWebKit/537.36 (KHTML, like Gecko; compatible; ClaudeBot/1.0; +claudebot@anthropic.com)"
216.73.217.130 - - [26/Sep/2026:06:32:58 +0800] "GET /sitemaps.xml HTTP/2" 200 190 "https://rtosewabeli.com.my/sitemap.xml" "Mozilla/5.0 AppleWebKit/537.36 (KHTML, like Gecko; compatible; ClaudeBot/1.0; +claudebot@anthropic.com)"
216.73.217.130 - - [26/Sep/2026:06:32:55 +0800] "GET /robots.txt HTTP/2" 301 0 "-" "Mozilla/5.0 AppleWebKit/537.36 (KHTML, like Gecko; compatible; ClaudeBot/1.0; +claudebot@anthropic.com)"
216.73.217.130 - - [26/Sep/2026:06:32:58 +0800] "GET /sitemap.xml HTTP/2" 301 0 "-" "Mozilla/5.0 AppleWebKit/537.36 (KHTML, like Gecko; compatible; ClaudeBot/1.0; +claudebot@anthropic.com)"
66.249.64.195 - - [26/Sep/2026:06:56:00 +0800] "GET / HTTP/1.1" 200 20139 "-" "Mozilla/5.0 (Linux; Android 6.0.1; Nexus 5X Build/MMB29P) AppleWebKit/537.36 (KHTML, like Gecko) Chrome/153.0.8010.52 Mobile Safari/537.36 (compatible; Googlebot/2.1; +http://www.google.com/bot.html)"
66.249.64.194 - - [26/Sep/2026:06:55:57 +0800] "GET /robots.txt HTTP/1.1" 200 61 "-" "Mozilla/5.0 (compatible; Googlebot/2.1; +http://www.google.com/bot.html)"
66.249.64.194 - - [26/Sep/2026:06:56:09 +0800] "GET /wp-content/et-cache/2/et-core-unified-deferred-2.min.css?ver=1756973364 HTTP/1.1" 200 89 "https://www.rtosewabeli.com.my/" "Mozilla/5.0 (Linux; Android 6.0.1; Nexus 5X Build/MMB29P) AppleWebKit/537.36 (KHTML, like Gecko) Chrome/153.0.8010.52 Mobile Safari/537.36 (compatible; Googlebot/2.1; +http://www.google.com/bot.html)"
66.249.64.194 - - [26/Sep/2026:06:56:10 +0800] "GET /wp-includes/js/jquery/jquery-migrate.min.js?ver=3.4.1 HTTP/1.1" 200 4678 "https://www.rtosewabeli.com.my/" "Mozilla/5.0 (Linux; Android 6.0.1; Nexus 5X Build/MMB29P) AppleWebKit/537.36 (KHTML, like Gecko) Chrome/153.0.8010.52 Mobile Safari/537.36 (compatible; Googlebot/2.1; +http://www.google.com/bot.html)"
66.249.64.194 - - [26/Sep/2026:06:56:11 +0800] "GET /wp-includes/js/jquery/jquery.min.js?ver=3.7.1 HTTP/1.1" 200 29744 "https://www.rtosewabeli.com.my/" "Mozilla/5.0 (Linux; Android 6.0.1; Nexus 5X Build/MMB29P) AppleWebKit/537.36 (KHTML, like Gecko) Chrome/153.0.8010.52 Mobile Safari/537.36 (compatible; Googlebot/2.1; +http://www.google.com/bot.html)"
66.249.64.194 - - [26/Sep/2026:06:56:12 +0800] "GET /wp-content/themes/Divi/core/admin/js/common.js?ver=4.27.4 HTTP/1.1" 200 490 "https://www.rtosewabeli.com.my/" "Mozilla/5.0 (Linux; Android 6.0.1; Nexus 5X Build/MMB29P) AppleWebKit/537.36 (KHTML, like Gecko) Chrome/153.0.8010.52 Mobile Safari/537.36 (compatible; Googlebot/2.1; +http://www.google.com/bot.html)"
101.99.69.250 - - [26/Sep/2026:07:19:43 +0800] "POST /wp-cron.php?doing_wp_cron=1790378383.2071790695190429687500 HTTP/1.1" 200 0 "-" "WordPress/7.1.2; https://www.rtosewabeli.com.my"
216.73.216.135 - - [26/Sep/2026:07:19:42 +0800] "GET /sitemap.xml HTTP/2" 301 0 "-" "Mozilla/5.0 AppleWebKit/537.36 (KHTML, like Gecko; compatible; ClaudeBot/1.0; +claudebot@anthropic.com)"
216.73.216.135 - - [26/Sep/2026:07:21:02 +0800] "GET /robots.txt HTTP/2" 200 61 "-" "Mozilla/5.0 AppleWebKit/537.36 (KHTML, like Gecko; compatible; ClaudeBot/1.0; +claudebot@anthropic.com)"
216.73.216.135 - - [26/Sep/2026:07:21:03 +0800] "GET /sitemap.xml HTTP/2" 301 0 "-" "Mozilla/5.0 AppleWebKit/537.36 (KHTML, like Gecko; compatible; ClaudeBot/1.0; +claudebot@anthropic.com)"
216.73.217.130 - - [26/Sep/2026:07:37:57 +0800] "GET /robots.txt HTTP/2" 200 61 "-" "Mozilla/5.0 AppleWebKit/537.36 (KHTML, like Gecko; compatible; ClaudeBot/1.0; +claudebot@anthropic.com)"
216.73.217.130 - - [26/Sep/2026:07:37:59 +0800] "GET /sitemap.xml HTTP/2" 301 0 "-" "Mozilla/5.0 AppleWebKit/537.36 (KHTML, like Gecko; compatible; ClaudeBot/1.0; +claudebot@anthropic.com)"
216.73.217.130 - - [26/Sep/2026:07:38:00 +0800] "GET /sitemaps.xml HTTP/2" 200 190 "https://www.rtosewabeli.com.my/sitemap.xml" "Mozilla/5.0 AppleWebKit/537.36 (KHTML, like Gecko; compatible; ClaudeBot/1.0; +claudebot@anthropic.com)"
216.73.216.135 - - [26/Sep/2026:07:41:56 +0800] "GET /sitemap.xml HTTP/2" 301 0 "-" "Mozilla/5.0 AppleWebKit/537.36 (KHTML, like Gecko; compatible; ClaudeBot/1.0; +claudebot@anthropic.com)"
74.7.227.137 - - [26/Sep/2026:08:05:48 +0800] "GET / HTTP/2" 429 0 "-" "Mozilla/5.0 AppleWebKit/537.36 (KHTML, like Gecko; compatible; GPTBot/1.4; +https://openai.com/gptbot)"
74.7.230.46 - - [26/Sep/2026:08:05:49 +0800] "GET /robots.txt HTTP/2" 200 61 "-" "Mozilla/5.0 (Macintosh; Intel Mac OS X 10_15_7) AppleWebKit/537.36 (KHTML, like Gecko) Chrome/131.0.0.0 Safari/537.36; compatible; OAI-SearchBot/1.4; robots.txt; +https://openai.com/searchbot"
216.73.216.135 - - [26/Sep/2026:08:08:26 +0800] "GET /sitemap.xml HTTP/2" 301 0 "-" "Mozilla/5.0 AppleWebKit/537.36 (KHTML, like Gecko; compatible; ClaudeBot/1.0; +claudebot@anthropic.com)"
101.99.69.250 - - [26/Sep/2026:08:25:25 +0800] "POST /wp-cron.php?doing_wp_cron=1790382325.1926341056823730468750 HTTP/1.1" 200 0 "-" "WordPress/7.1.2; https://www.rtosewabeli.com.my"
216.73.216.135 - - [26/Sep/2026:08:25:24 +0800] "GET /robots.txt HTTP/2" 200 61 "-" "Mozilla/5.0 AppleWebKit/537.36 (KHTML, like Gecko; compatible; ClaudeBot/1.0; +claudebot@anthropic.com)"
216.73.216.135 - - [26/Sep/2026:08:25:25 +0800] "GET /sitemap.xml HTTP/2" 301 0 "-" "Mozilla/5.0 AppleWebKit/537.36 (KHTML, like Gecko; compatible; ClaudeBot/1.0; +claudebot@anthropic.com)"
216.73.217.130 - - [26/Sep/2026:08:43:08 +0800] "GET /robots.txt HTTP/2" 200 61 "https://rtosewabeli.com.my/robots.txt" "Mozilla/5.0 AppleWebKit/537.36 (KHTML, like Gecko; compatible; ClaudeBot/1.0; +claudebot@anthropic.com)"
216.73.217.130 - - [26/Sep/2026:08:43:10 +0800] "GET /sitemaps.xml HTTP/2" 200 190 "https://rtosewabeli.com.my/sitemap.xml" "Mozilla/5.0 AppleWebKit/537.36 (KHTML, like Gecko; compatible; ClaudeBot/1.0; +claudebot@anthropic.com)"
216.73.217.130 - - [26/Sep/2026:08:43:06 +0800] "GET /robots.txt HTTP/2" 301 0 "-" "Mozilla/5.0 AppleWebKit/537.36 (KHTML, like Gecko; compatible; ClaudeBot/1.0; +claudebot@anthropic.com)"
216.73.217.130 - - [26/Sep/2026:08:43:09 +0800] "GET /sitemap.xml HTTP/2" 301 0 "-" "Mozilla/5.0 AppleWebKit/537.36 (KHTML, like Gecko; compatible; ClaudeBot/1.0; +claudebot@anthropic.com)"
216.73.216.135 - - [26/Sep/2026:08:53:33 +0800] "GET /sitemap.xml HTTP/2" 301 0 "-" "Mozilla/5.0 AppleWebKit/537.36 (KHTML, like Gecko; compatible; ClaudeBot/1.0; +claudebot@anthropic.com)"
216.73.216.135 - - [26/Sep/2026:08:55:12 +0800] "GET /robots.txt HTTP/2" 200 61 "-" "Mozilla/5.0 AppleWebKit/537.36 (KHTML, like Gecko; compatible; ClaudeBot/1.0; +claudebot@anthropic.com)"
216.73.216.135 - - [26/Sep/2026:08:55:12 +0800] "GET /sitemap.xml HTTP/2" 301 0 "-" "Mozilla/5.0 AppleWebKit/537.36 (KHTML, like Gecko; compatible; ClaudeBot/1.0; +claudebot@anthropic.com)"
101.99.69.250 - - [26/Sep/2026:09:35:18 +0800] "POST /wp-cron.php?doing_wp_cron=1790386518.6636769771575927734375 HTTP/1.1" 200 0 "-" "WordPress/7.1.2; https://www.rtosewabeli.com.my"
216.73.217.130 - - [26/Sep/2026:09:35:17 +0800] "GET /robots.txt HTTP/2" 200 61 "-" "Mozilla/5.0 AppleWebKit/537.36 (KHTML, like Gecko; compatible; ClaudeBot/1.0; +claudebot@anthropic.com)"
216.73.217.130 - - [26/Sep/2026:09:35:18 +0800] "GET /sitemap.xml HTTP/2" 301 0 "-" "Mozilla/5.0 AppleWebKit/537.36 (KHTML, like Gecko; compatible; ClaudeBot/1.0; +claudebot@anthropic.com)"
216.73.217.130 - - [26/Sep/2026:09:35:19 +0800] "GET /sitemaps.xml HTTP/2" 200 190 "https://www.rtosewabeli.com.my/sitemap.xml" "Mozilla/5.0 AppleWebKit/537.36 (KHTML, like Gecko; compatible; ClaudeBot/1.0; +claudebot@anthropic.com)"
152.42.135.24 - - [26/Sep/2026:10:11:41 +0800] "GET /wp-login.php HTTP/1.1" 200 4246 "-" "Mozilla/5.0"
152.42.135.24 - - [26/Sep/2026:10:11:42 +0800] "GET /?author=1 HTTP/1.1" 301 0 "-" "Mozilla/5.0"
152.42.135.24 - - [26/Sep/2026:10:11:43 +0800] "GET /?author=2 HTTP/1.1" 301 0 "-" "Mozilla/5.0"
101.99.69.250 - - [26/Sep/2026:10:40:18 +0800] "POST /wp-cron.php?doing_wp_cron=1790390418.9017169475555419921875 HTTP/1.1" 200 0 "-" "WordPress/7.1.2; https://www.rtosewabeli.com.my"
101.99.69.250 - - [26/Sep/2026:10:40:18 +0800] "GET /?et_check_mod_pagespeed=on HTTP/1.1" 200 24 "-" "WordPress/7.1.2; https://www.rtosewabeli.com.my"
216.73.216.135 - - [26/Sep/2026:10:40:17 +0800] "GET /robots.txt HTTP/2" 200 61 "-" "Mozilla/5.0 AppleWebKit/537.36 (KHTML, like Gecko; compatible; ClaudeBot/1.0; +claudebot@anthropic.com)"
216.73.217.130 - - [26/Sep/2026:10:44:42 +0800] "GET /robots.txt HTTP/2" 301 0 "-" "Mozilla/5.0 AppleWebKit/537.36 (KHTML, like Gecko; compatible; ClaudeBot/1.0; +claudebot@anthropic.com)"
216.73.217.130 - - [26/Sep/2026:10:44:44 +0800] "GET /robots.txt HTTP/2" 200 61 "https://rtosewabeli.com.my/robots.txt" "Mozilla/5.0 AppleWebKit/537.36 (KHTML, like Gecko; compatible; ClaudeBot/1.0; +claudebot@anthropic.com)"
216.73.217.130 - - [26/Sep/2026:10:44:45 +0800] "GET /sitemap.xml HTTP/2" 301 0 "-" "Mozilla/5.0 AppleWebKit/537.36 (KHTML, like Gecko; compatible; ClaudeBot/1.0; +claudebot@anthropic.com)"
216.73.217.130 - - [26/Sep/2026:10:44:46 +0800] "GET /sitemaps.xml HTTP/2" 200 190 "https://rtosewabeli.com.my/sitemap.xml" "Mozilla/5.0 AppleWebKit/537.36 (KHTML, like Gecko; compatible; ClaudeBot/1.0; +claudebot@anthropic.com)"
216.73.216.135 - - [26/Sep/2026:11:03:07 +0800] "GET /robots.txt HTTP/2" 200 61 "-" "Mozilla/5.0 AppleWebKit/537.36 (KHTML, like Gecko; compatible; ClaudeBot/1.0; +claudebot@anthropic.com)"
216.73.216.135 - - [26/Sep/2026:11:33:44 +0800] "GET /sitemap.xml HTTP/2" 301 0 "-" "Mozilla/5.0 AppleWebKit/537.36 (KHTML, like Gecko; compatible; ClaudeBot/1.0; +claudebot@anthropic.com)"
101.99.69.250 - - [26/Sep/2026:12:31:02 +0800] "POST /wp-cron.php?doing_wp_cron=1790397062.7904379367828369140625 HTTP/1.1" 200 0 "-" "WordPress/7.1.2; https://www.rtosewabeli.com.my"
173.252.87.9 - - [26/Sep/2026:11:13:36 +0800] "GET /robots.txt HTTP/2" 200 70 "-" "facebookexternalhit/1.1 (+http://www.facebook.com/externalhit_uatext.php)"
216.73.216.135 - - [26/Sep/2026:11:56:49 +0800] "GET /sitemap.xml HTTP/2" 301 0 "-" "Mozilla/5.0 AppleWebKit/537.36 (KHTML, like Gecko; compatible; ClaudeBot/1.0; +claudebot@anthropic.com)"
216.73.217.130 - - [26/Sep/2026:12:31:02 +0800] "GET /robots.txt HTTP/2" 301 0 "-" "Mozilla/5.0 AppleWebKit/537.36 (KHTML, like Gecko; compatible; ClaudeBot/1.0; +claudebot@anthropic.com)"
216.73.217.130 - - [26/Sep/2026:12:31:04 +0800] "GET /sitemap.xml HTTP/2" 301 0 "-" "Mozilla/5.0 AppleWebKit/537.36 (KHTML, like Gecko; compatible; ClaudeBot/1.0; +claudebot@anthropic.com)"
74.7.227.147 - - [26/Sep/2026:12:14:07 +0800] "GET / HTTP/2" 429 0 "-" "Mozilla/5.0 AppleWebKit/537.36 (KHTML, like Gecko; compatible; GPTBot/1.4; +https://openai.com/gptbot)"
74.7.230.29 - - [26/Sep/2026:12:14:09 +0800] "GET /robots.txt HTTP/2" 200 61 "-" "Mozilla/5.0 (Macintosh; Intel Mac OS X 10_15_7) AppleWebKit/537.36 (KHTML, like Gecko) Chrome/131.0.0.0 Safari/537.36; compatible; OAI-SearchBot/1.4; robots.txt; +https://openai.com/searchbot"
101.99.69.250 - - [26/Sep/2026:11:32:22 +0800] "POST /wp-cron.php?doing_wp_cron=1790393542.6282970905303955078125 HTTP/1.1" 200 0 "-" "WordPress/7.1.2; https://www.rtosewabeli.com.my"
216.73.217.130 - - [26/Sep/2026:11:32:22 +0800] "GET /robots.txt HTTP/2" 200 61 "-" "Mozilla/5.0 AppleWebKit/537.36 (KHTML, like Gecko; compatible; ClaudeBot/1.0; +claudebot@anthropic.com)"
216.73.217.130 - - [26/Sep/2026:11:32:22 +0800] "GET /sitemap.xml HTTP/2" 301 0 "-" "Mozilla/5.0 AppleWebKit/537.36 (KHTML, like Gecko; compatible; ClaudeBot/1.0; +claudebot@anthropic.com)"
216.73.217.130 - - [26/Sep/2026:11:32:23 +0800] "GET /sitemaps.xml HTTP/2" 200 190 "https://www.rtosewabeli.com.my/sitemap.xml" "Mozilla/5.0 AppleWebKit/537.36 (KHTML, like Gecko; compatible; ClaudeBot/1.0; +claudebot@anthropic.com)"
216.73.216.135 - - [26/Sep/2026:11:56:33 +0800] "GET /robots.txt HTTP/2" 200 61 "-" "Mozilla/5.0 AppleWebKit/537.36 (KHTML, like Gecko; compatible; ClaudeBot/1.0; +claudebot@anthropic.com)"
216.73.217.130 - - [26/Sep/2026:12:31:04 +0800] "GET /robots.txt HTTP/2" 200 61 "https://rtosewabeli.com.my/robots.txt" "Mozilla/5.0 AppleWebKit/537.36 (KHTML, like Gecko; compatible; ClaudeBot/1.0; +claudebot@anthropic.com)"
216.73.217.130 - - [26/Sep/2026:12:31:05 +0800] "GET /sitemaps.xml HTTP/2" 200 190 "https://rtosewabeli.com.my/sitemap.xml" "Mozilla/5.0 AppleWebKit/537.36 (KHTML, like Gecko; compatible; ClaudeBot/1.0; +claudebot@anthropic.com)"
216.73.216.135 - - [26/Sep/2026:12:58:50 +0800] "GET /robots.txt HTTP/2" 200 61 "-" "Mozilla/5.0 AppleWebKit/537.36 (KHTML, like Gecko; compatible; ClaudeBot/1.0; +claudebot@anthropic.com)"
216.73.216.135 - - [26/Sep/2026:13:15:17 +0800] "GET /robots.txt HTTP/2" 200 61 "-" "Mozilla/5.0 AppleWebKit/537.36 (KHTML, like Gecko; compatible; ClaudeBot/1.0; +claudebot@anthropic.com)"
66.249.64.194 - - [26/Sep/2026:13:16:50 +0800] "GET /_autoindex/assets/css/autoindex.css HTTP/1.1" 200 1170 "https://www.rtosewabeli.com.my/wp-content/themes/Divi/images/" "Mozilla/5.0 (Linux; Android 6.0.1; Nexus 5X Build/MMB29P) AppleWebKit/537.36 (KHTML, like Gecko) Chrome/153.0.8010.52 Mobile Safari/537.36 (compatible; GoogleOther)"
66.249.64.194 - - [26/Sep/2026:13:16:53 +0800] "GET /_autoindex/assets/icons/image.svg HTTP/1.1" 200 388 "https://www.rtosewabeli.com.my/wp-content/themes/Divi/images/" "Mozilla/5.0 (Linux; Android 6.0.1; Nexus 5X Build/MMB29P) AppleWebKit/537.36 (KHTML, like Gecko) Chrome/153.0.8010.52 Mobile Safari/537.36 (compatible; GoogleOther)"
164.92.74.177 - - [26/Sep/2026:13:17:11 +0800] "GET /favicon.ico HTTP/1.1" 401 53 "https://webdisk.rtosewabeli.com.my/" "Mozilla/5.0 (X11; Linux x86_64) AppleWebKit/537.36 (KHTML, like Gecko) Chrome/153.0.0.0 Safari/537.36"
66.249.64.196 - - [26/Sep/2026:13:12:58 +0800] "GET /robots.txt HTTP/1.1" 200 61 "-" "Mozilla/5.0 (compatible; Googlebot/2.1; +http://www.google.com/bot.html)"
66.249.64.196 - - [26/Sep/2026:13:16:45 +0800] "GET /wp-content/themes/Divi/images/ HTTP/1.1" 200 655 "-" "Mozilla/5.0 (Linux; Android 6.0.1; Nexus 5X Build/MMB29P) AppleWebKit/537.36 (KHTML, like Gecko) Chrome/153.0.8010.52 Mobile Safari/537.36 (compatible; GoogleOther)"
66.249.64.195 - - [26/Sep/2026:13:16:57 +0800] "GET /_autoindex/assets/js/tablesort.js HTTP/1.1" 200 2137 "https://www.rtosewabeli.com.my/wp-content/themes/Divi/images/" "Mozilla/5.0 (Linux; Android 6.0.1; Nexus 5X Build/MMB29P) AppleWebKit/537.36 (KHTML, like Gecko) Chrome/153.0.8010.52 Mobile Safari/537.36 (compatible; GoogleOther)"
66.249.64.194 - - [26/Sep/2026:13:17:00 +0800] "GET /_autoindex/assets/icons/corner-left-up.svg HTTP/1.1" 200 328 "https://www.rtosewabeli.com.my/wp-content/themes/Divi/images/" "Mozilla/5.0 (Linux; Android 6.0.1; Nexus 5X Build/MMB29P) AppleWebKit/537.36 (KHTML, like Gecko) Chrome/153.0.8010.52 Mobile Safari/537.36 (compatible; GoogleOther)"
66.249.64.196 - - [26/Sep/2026:13:14:44 +0800] "GET /wp-content/themes/Divi/images HTTP/1.1" 301 795 "-" "Mozilla/5.0 (Linux; Android 6.0.1; Nexus 5X Build/MMB29P) AppleWebKit/537.36 (KHTML, like Gecko) Chrome/153.0.8010.52 Mobile Safari/537.36 (compatible; GoogleOther)"
164.92.74.177 - - [26/Sep/2026:13:17:06 +0800] "GET / HTTP/1.1" 401 53 "-" "Mozilla/5.0 (X11; Linux x86_64) AppleWebKit/537.36 (KHTML, like Gecko) Chrome/153.0.0.0 Safari/537.36"
216.73.217.130 - - [26/Sep/2026:13:34:03 +0800] "GET /robots.txt HTTP/2" 200 61 "-" "Mozilla/5.0 AppleWebKit/537.36 (KHTML, like Gecko; compatible; ClaudeBot/1.0; +claudebot@anthropic.com)"
216.73.217.130 - - [26/Sep/2026:13:34:04 +0800] "GET /sitemap.xml HTTP/2" 301 0 "-" "Mozilla/5.0 AppleWebKit/537.36 (KHTML, like Gecko; compatible; ClaudeBot/1.0; +claudebot@anthropic.com)"
216.73.217.130 - - [26/Sep/2026:13:34:06 +0800] "GET /sitemaps.xml HTTP/2" 200 190 "https://www.rtosewabeli.com.my/sitemap.xml" "Mozilla/5.0 AppleWebKit/537.36 (KHTML, like Gecko; compatible; ClaudeBot/1.0; +claudebot@anthropic.com)"
101.99.69.250 - - [26/Sep/2026:13:34:04 +0800] "POST /wp-cron.php?doing_wp_cron=1790400844.5446209907531738281250 HTTP/1.1" 200 0 "-" "WordPress/7.1.2; https://www.rtosewabeli.com.my"
101.99.69.250 - - [26/Sep/2026:14:33:37 +0800] "POST /wp-cron.php?doing_wp_cron=1790404417.6046419143676757812500 HTTP/1.1" 200 0 "-" "WordPress/7.1.2; https://www.rtosewabeli.com.my"
216.73.216.135 - - [26/Sep/2026:14:11:13 +0800] "GET /robots.txt HTTP/2" 200 61 "-" "Mozilla/5.0 AppleWebKit/537.36 (KHTML, like Gecko; compatible; ClaudeBot/1.0; +claudebot@anthropic.com)"
216.73.217.130 - - [26/Sep/2026:14:33:38 +0800] "GET /robots.txt HTTP/2" 200 61 "https://rtosewabeli.com.my/robots.txt" "Mozilla/5.0 AppleWebKit/537.36 (KHTML, like Gecko; compatible; ClaudeBot/1.0; +claudebot@anthropic.com)"
216.73.217.130 - - [26/Sep/2026:14:33:40 +0800] "GET /sitemaps.xml HTTP/2" 200 190 "https://rtosewabeli.com.my/sitemap.xml" "Mozilla/5.0 AppleWebKit/537.36 (KHTML, like Gecko; compatible; ClaudeBot/1.0; +claudebot@anthropic.com)"
216.73.217.130 - - [26/Sep/2026:14:33:36 +0800] "GET /robots.txt HTTP/2" 301 0 "-" "Mozilla/5.0 AppleWebKit/537.36 (KHTML, like Gecko; compatible; ClaudeBot/1.0; +claudebot@anthropic.com)"
216.73.217.130 - - [26/Sep/2026:14:33:39 +0800] "GET /sitemap.xml HTTP/2" 301 0 "-" "Mozilla/5.0 AppleWebKit/537.36 (KHTML, like Gecko; compatible; ClaudeBot/1.0; +claudebot@anthropic.com)"