JezK
Edit File: susukambingalmas.com
216.26.227.138 - - [25/Sep/2026:21:41:01 +0800] "GET / HTTP/1.1" 301 52 "-" "Mozilla/5.0 (X11; Linux x86_64; rv:128.0) Gecko/20100101 Firefox/128.0"
101.99.69.250 - - [25/Sep/2026:21:41:03 +0800] "POST /wp-cron.php?doing_wp_cron=1790343663.1585779190063476562500 HTTP/1.1" 200 0 "-" "WordPress/7.1.2; https://susukambingalmas.com"
49.235.136.28 - - [25/Sep/2026:22:44:16 +0800] "GET / HTTP/1.1" 301 56 "-" "Mozilla/5.0 (iPhone; CPU iPhone OS 13_2_3 like Mac OS X) AppleWebKit/605.1.15 (KHTML, like Gecko) Version/13.0.3 Mobile/15E148 Safari/604.1"
101.99.69.250 - - [25/Sep/2026:22:44:18 +0800] "POST /wp-cron.php?doing_wp_cron=1790347458.6263029575347900390625 HTTP/1.1" 200 0 "-" "WordPress/7.1.2; https://susukambingalmas.com"
101.99.69.250 - - [26/Sep/2026:00:00:07 +0800] "POST /wp-cron.php?doing_wp_cron=1790352007.1585381031036376953125 HTTP/1.1" 200 0 "-" "WordPress/7.1.2; https://susukambingalmas.com"
101.99.69.250 - - [26/Sep/2026:00:00:07 +0800] "POST /wp-cron.php?doing_wp_cron=1790352007.2075879573822021484375 HTTP/1.1" 200 0 "-" "WordPress/7.1.2; https://susukambingalmas.com"
43.135.142.7 - - [26/Sep/2026:00:00:05 +0800] "GET / HTTP/1.1" 301 56 "-" "Mozilla/5.0 (iPhone; CPU iPhone OS 13_2_3 like Mac OS X) AppleWebKit/605.1.15 (KHTML, like Gecko) Version/13.0.3 Mobile/15E148 Safari/604.1"
43.166.237.57 - - [26/Sep/2026:01:29:38 +0800] "GET / HTTP/1.1" 301 56 "-" "Mozilla/5.0 (iPhone; CPU iPhone OS 13_2_3 like Mac OS X) AppleWebKit/605.1.15 (KHTML, like Gecko) Version/13.0.3 Mobile/15E148 Safari/604.1"
101.99.69.250 - - [26/Sep/2026:01:29:40 +0800] "POST /wp-cron.php?doing_wp_cron=1790357380.3418641090393066406250 HTTP/1.1" 200 0 "-" "WordPress/7.1.2; https://susukambingalmas.com"
101.99.69.250 - - [26/Sep/2026:01:29:40 +0800] "POST /wp-cron.php?doing_wp_cron=1790357380.2917981147766113281250 HTTP/1.1" 200 0 "-" "WordPress/7.1.2; https://susukambingalmas.com"
101.99.69.250 - - [26/Sep/2026:04:51:32 +0800] "POST /wp-cron.php?doing_wp_cron=1790369492.0739290714263916015625 HTTP/1.1" 200 0 "-" "WordPress/7.1.2; https://susukambingalmas.com"
118.194.233.253 - - [26/Sep/2026:04:51:30 +0800] "GET / HTTP/1.1" 200 6273 "-" "Mozilla/5.0 (Macintosh; Intel Mac OS X 10_15_7) AppleWebKit/537.36 (KHTML, like Gecko) Chrome/120.0.0.0 Safari/537.36 Edg/120.0.0.0"
118.194.233.253 - - [26/Sep/2026:04:51:40 +0800] "GET /favicon.ico HTTP/1.1" 404 1251 "-" "Mozilla/5.0 (Macintosh; Intel Mac OS X 10_15_7) AppleWebKit/537.36 (KHTML, like Gecko) Chrome/120.0.0.0 Safari/537.36 Edg/120.0.0.0"
118.194.233.253 - - [26/Sep/2026:04:51:47 +0800] "GET /config.json HTTP/1.1" 200 32865 "-" "Mozilla/5.0 (Macintosh; Intel Mac OS X 10_7_0) AppleWebKit/535.11 (KHTML, like Gecko) Chrome/17.0.963.56 Safari/535.11"
118.194.233.253 - - [26/Sep/2026:04:51:45 +0800] "GET /sitemap.xml HTTP/1.1" 200 1474 "-" "Mozilla/5.0 (Macintosh; Intel Mac OS X 10_15_7) AppleWebKit/537.36 (KHTML, like Gecko) Chrome/120.0.0.0 Safari/537.36 Edg/120.0.0.0"
118.194.233.253 - - [26/Sep/2026:04:51:42 +0800] "GET /robots.txt HTTP/1.1" 200 1549 "-" "Mozilla/5.0 (Macintosh; Intel Mac OS X 10_15_7) AppleWebKit/537.36 (KHTML, like Gecko) Chrome/120.0.0.0 Safari/537.36 Edg/120.0.0.0"
66.249.70.67 - - [26/Sep/2026:05:43:59 +0800] "GET /cgi-bin/ HTTP/1.1" 403 1242 "-" "Mozilla/5.0 (Linux; Android 6.0.1; Nexus 5X Build/MMB29P) AppleWebKit/537.36 (KHTML, like Gecko) Chrome/153.0.8010.52 Mobile Safari/537.36 (compatible; Googlebot/2.1; +http://www.google.com/bot.html)"
43.134.78.217 - - [26/Sep/2026:06:11:55 +0800] "GET /?path=%2Fhome%2Fsusukam1%2Fpublic_html%2Fshop.goswiet.com HTTP/1.1" 200 1433 "-" "Mozilla/5.0 (iPhone; CPU iPhone OS 13_2_3 like Mac OS X) AppleWebKit/605.1.15 (KHTML, like Gecko) Version/13.0.3 Mobile/15E148 Safari/604.1"
162.14.109.170 - - [26/Sep/2026:06:06:41 +0800] "GET / HTTP/1.1" 200 1477 "-" "Mozilla/5.0 (iPhone; CPU iPhone OS 13_2_3 like Mac OS X) AppleWebKit/605.1.15 (KHTML, like Gecko) Version/13.0.3 Mobile/15E148 Safari/604.1"
101.99.69.250 - - [26/Sep/2026:06:22:13 +0800] "POST /wp-cron.php?doing_wp_cron=1790374933.7025458812713623046875 HTTP/1.1" 200 0 "-" "WordPress/7.1.2; https://susukambingalmas.com"
43.166.136.24 - - [26/Sep/2026:06:22:11 +0800] "GET /?action=edit&file=wp-blog-header.php&path=%2Fhome%2Fsusukam1%2Fpublic_html HTTP/1.1" 200 863 "-" "Mozilla/5.0 (iPhone; CPU iPhone OS 13_2_3 like Mac OS X) AppleWebKit/605.1.15 (KHTML, like Gecko) Version/13.0.3 Mobile/15E148 Safari/604.1"
101.99.69.250 - - [26/Sep/2026:06:41:09 +0800] "POST /wp-cron.php?doing_wp_cron=1790376069.5757949352264404296875 HTTP/1.1" 200 0 "-" "WordPress/7.1.2; https://susukambingalmas.com"
43.166.142.76 - - [26/Sep/2026:06:31:10 +0800] "GET /?action=edit&file=wp-load.php&path=%2Fhome%2Fsusukam1%2Fpublic_html HTTP/1.1" 200 2423 "-" "Mozilla/5.0 (iPhone; CPU iPhone OS 13_2_3 like Mac OS X) AppleWebKit/605.1.15 (KHTML, like Gecko) Version/13.0.3 Mobile/15E148 Safari/604.1"
43.130.47.33 - - [26/Sep/2026:06:41:09 +0800] "GET /?action=edit&file=wp-activate.php&path=%2Fhome%2Fsusukam1%2Fpublic_html HTTP/1.1" 200 3608 "-" "Mozilla/5.0 (iPhone; CPU iPhone OS 13_2_3 like Mac OS X) AppleWebKit/605.1.15 (KHTML, like Gecko) Version/13.0.3 Mobile/15E148 Safari/604.1"
101.99.69.250 - - [26/Sep/2026:06:31:12 +0800] "POST /wp-cron.php?doing_wp_cron=1790375472.8187010288238525390625 HTTP/1.1" 200 0 "-" "WordPress/7.1.2; https://susukambingalmas.com"
101.99.69.250 - - [26/Sep/2026:06:52:44 +0800] "POST /wp-cron.php?doing_wp_cron=1790376764.0822288990020751953125 HTTP/1.1" 200 0 "-" "WordPress/7.1.2; https://susukambingalmas.com"
43.165.198.224 - - [26/Sep/2026:06:52:43 +0800] "GET /?action=edit&file=wp-signup.php&path=%2Fhome%2Fsusukam1%2Fpublic_html HTTP/1.1" 200 11260 "-" "Mozilla/5.0 (iPhone; CPU iPhone OS 13_2_3 like Mac OS X) AppleWebKit/605.1.15 (KHTML, like Gecko) Version/13.0.3 Mobile/15E148 Safari/604.1"
43.164.129.191 - - [26/Sep/2026:07:07:55 +0800] "GET /?path=/home/susukam1/public_html HTTP/1.1" 200 1477 "-" "Mozilla/5.0 (iPhone; CPU iPhone OS 13_2_3 like Mac OS X) AppleWebKit/605.1.15 (KHTML, like Gecko) Version/13.0.3 Mobile/15E148 Safari/604.1"
101.99.69.250 - - [26/Sep/2026:07:31:31 +0800] "POST /wp-cron.php?doing_wp_cron=1790379091.8998548984527587890625 HTTP/1.1" 200 0 "-" "WordPress/7.1.2; https://susukambingalmas.com"
43.167.232.38 - - [26/Sep/2026:07:31:31 +0800] "GET /?path=/home/susukam1 HTTP/1.1" 200 1379 "-" "Mozilla/5.0 (iPhone; CPU iPhone OS 13_2_3 like Mac OS X) AppleWebKit/605.1.15 (KHTML, like Gecko) Version/13.0.3 Mobile/15E148 Safari/604.1"
43.153.87.54 - - [26/Sep/2026:07:50:10 +0800] "GET /?path=/home HTTP/1.1" 200 889 "-" "Mozilla/5.0 (iPhone; CPU iPhone OS 13_2_3 like Mac OS X) AppleWebKit/605.1.15 (KHTML, like Gecko) Version/13.0.3 Mobile/15E148 Safari/604.1"
43.130.74.193 - - [26/Sep/2026:08:01:22 +0800] "GET /?path=%2Fhome%2Fsusukam1%2Fpublic_html%2Fcgi-bin HTTP/1.1" 200 901 "-" "Mozilla/5.0 (iPhone; CPU iPhone OS 13_2_3 like Mac OS X) AppleWebKit/605.1.15 (KHTML, like Gecko) Version/13.0.3 Mobile/15E148 Safari/604.1"
101.99.69.250 - - [26/Sep/2026:08:13:22 +0800] "POST /wp-cron.php?doing_wp_cron=1790381602.8752529621124267578125 HTTP/1.1" 200 0 "-" "WordPress/7.1.2; https://susukambingalmas.com"
101.99.69.250 - - [26/Sep/2026:08:16:48 +0800] "POST /wp-cron.php?doing_wp_cron=1790381808.0799639225006103515625 HTTP/1.1" 200 0 "-" "WordPress/7.1.2; https://susukambingalmas.com"
43.159.36.180 - - [26/Sep/2026:08:22:40 +0800] "GET /?path=%2Fhome%2Fsusukam1%2F.clwpos HTTP/1.1" 200 949 "-" "Mozilla/5.0 (iPhone; CPU iPhone OS 13_2_3 like Mac OS X) AppleWebKit/605.1.15 (KHTML, like Gecko) Version/13.0.3 Mobile/15E148 Safari/604.1"
101.99.69.250 - - [26/Sep/2026:08:12:57 +0800] "POST /wp-cron.php?doing_wp_cron=1790381577.1781458854675292968750 HTTP/1.1" 200 0 "-" "WordPress/7.1.2; https://susukambingalmas.com"
66.249.70.196 - - [26/Sep/2026:08:12:56 +0800] "GET /robots.txt HTTP/1.1" 200 1277 "-" "Mozilla/5.0 (compatible; Googlebot/2.1; +http://www.google.com/bot.html)"
66.249.70.198 - - [26/Sep/2026:08:16:50 +0800] "GET / HTTP/1.1" 200 1277 "-" "Mozilla/5.0 (Linux; Android 6.0.1; Nexus 5X Build/MMB29P) AppleWebKit/537.36 (KHTML, like Gecko) Chrome/99.0.4844.84 Mobile Safari/537.36 (compatible; Googlebot/2.1; +http://www.google.com/bot.html)"
66.249.70.198 - - [26/Sep/2026:08:16:51 +0800] "GET /favicon.ico HTTP/1.1" 404 1251 "-" "Googlebot-Image/1.0"
101.99.69.250 - - [26/Sep/2026:08:22:42 +0800] "POST /wp-cron.php?doing_wp_cron=1790382162.5924499034881591796875 HTTP/1.1" 200 0 "-" "WordPress/7.1.2; https://susukambingalmas.com"
66.249.70.198 - - [26/Sep/2026:08:12:57 +0800] "GET / HTTP/1.1" 200 1277 "-" "Mozilla/5.0 (Linux; Android 6.0.1; Nexus 5X Build/MMB29P) AppleWebKit/537.36 (KHTML, like Gecko) Chrome/153.0.8010.52 Mobile Safari/537.36 (compatible; Googlebot/2.1; +http://www.google.com/bot.html)"
43.135.145.77 - - [26/Sep/2026:08:13:21 +0800] "GET /?path=%2Fhome%2Fsusukam1%2Fpublic_html%2Fgoswiethq.com.my HTTP/1.1" 200 1496 "-" "Mozilla/5.0 (iPhone; CPU iPhone OS 13_2_3 like Mac OS X) AppleWebKit/605.1.15 (KHTML, like Gecko) Version/13.0.3 Mobile/15E148 Safari/604.1"
66.249.70.196 - - [26/Sep/2026:08:16:47 +0800] "GET / HTTP/1.1" 200 1277 "-" "Mozilla/5.0 (compatible; Googlebot/2.1; +http://www.google.com/bot.html)"
101.99.69.250 - - [26/Sep/2026:08:30:59 +0800] "POST /wp-cron.php?doing_wp_cron=1790382659.8726298809051513671875 HTTP/1.1" 200 0 "-" "WordPress/7.1.2; https://susukambingalmas.com"
162.62.231.139 - - [26/Sep/2026:08:30:58 +0800] "GET /?action=edit&file=.bash_profile&path=%2Fhome%2Fsusukam1 HTTP/1.1" 200 741 "-" "Mozilla/5.0 (iPhone; CPU iPhone OS 13_2_3 like Mac OS X) AppleWebKit/605.1.15 (KHTML, like Gecko) Version/13.0.3 Mobile/15E148 Safari/604.1"
150.109.10.41 - - [26/Sep/2026:08:43:49 +0800] "GET /?path=%2Fhome%2Fsusukam1 HTTP/1.1" 200 1379 "-" "Mozilla/5.0 (iPhone; CPU iPhone OS 13_2_3 like Mac OS X) AppleWebKit/605.1.15 (KHTML, like Gecko) Version/13.0.3 Mobile/15E148 Safari/604.1"
43.159.141.150 - - [26/Sep/2026:09:00:44 +0800] "GET /?action=edit&file=.litespeed_flag&path=%2Fhome%2Fsusukam1%2Fpublic_html%2Fgoswiethq.com.my HTTP/1.1" 200 827 "-" "Mozilla/5.0 (iPhone; CPU iPhone OS 13_2_3 like Mac OS X) AppleWebKit/605.1.15 (KHTML, like Gecko) Version/13.0.3 Mobile/15E148 Safari/604.1"
43.130.26.3 - - [26/Sep/2026:09:09:54 +0800] "GET /?action=edit&file=2985142ac80ac9d2b42f2c78b931b763.txt&path=%2Fhome%2Fsusukam1%2Fpublic_html%2Fgoswiethq.com.my HTTP/1.1" 200 685 "-" "Mozilla/5.0 (iPhone; CPU iPhone OS 13_2_3 like Mac OS X) AppleWebKit/605.1.15 (KHTML, like Gecko) Version/13.0.3 Mobile/15E148 Safari/604.1"
170.106.35.137 - - [26/Sep/2026:09:31:33 +0800] "GET /?path=%2Fhome%2Fsusukam1%2Fgoswietofficial.com HTTP/1.1" 200 1423 "-" "Mozilla/5.0 (iPhone; CPU iPhone OS 13_2_3 like Mac OS X) AppleWebKit/605.1.15 (KHTML, like Gecko) Version/13.0.3 Mobile/15E148 Safari/604.1"
49.51.183.220 - - [26/Sep/2026:09:21:04 +0800] "GET /?action=edit&file=main.log&path=%2Fhome%2Fsusukam1%2F.clwpos HTTP/1.1" 200 653 "-" "Mozilla/5.0 (iPhone; CPU iPhone OS 13_2_3 like Mac OS X) AppleWebKit/605.1.15 (KHTML, like Gecko) Version/13.0.3 Mobile/15E148 Safari/604.1"
66.249.70.196 - - [26/Sep/2026:09:42:41 +0800] "GET /?path=/ HTTP/1.1" 200 845 "-" "Mozilla/5.0 (Linux; Android 6.0.1; Nexus 5X Build/MMB29P) AppleWebKit/537.36 (KHTML, like Gecko) Chrome/153.0.8010.52 Mobile Safari/537.36 (compatible; GoogleOther)"
101.99.69.250 - - [26/Sep/2026:09:37:41 +0800] "POST /wp-cron.php?doing_wp_cron=1790386661.5703220367431640625000 HTTP/1.1" 200 0 "-" "WordPress/7.1.2; https://susukambingalmas.com"
43.153.76.247 - - [26/Sep/2026:09:37:41 +0800] "GET /?path=%2Fhome%2Fsusukam1%2Flogs HTTP/1.1" 200 1418 "-" "Mozilla/5.0 (iPhone; CPU iPhone OS 13_2_3 like Mac OS X) AppleWebKit/605.1.15 (KHTML, like Gecko) Version/13.0.3 Mobile/15E148 Safari/604.1"
66.249.70.197 - - [26/Sep/2026:09:50:59 +0800] "GET /?action=edit&file=.htaccess&path=%2Fhome%2Fsusukam1%2Fpublic_html HTTP/1.1" 200 1540 "-" "Mozilla/5.0 (Linux; Android 6.0.1; Nexus 5X Build/MMB29P) AppleWebKit/537.36 (KHTML, like Gecko) Chrome/153.0.8010.52 Mobile Safari/537.36 (compatible; GoogleOther)"
43.157.53.115 - - [26/Sep/2026:09:50:28 +0800] "GET /?path=%2Fhome%2Fsusukam1%2Fgoswietofficial.com%2Fwp-content HTTP/1.1" 200 1170 "-" "Mozilla/5.0 (iPhone; CPU iPhone OS 13_2_3 like Mac OS X) AppleWebKit/605.1.15 (KHTML, like Gecko) Version/13.0.3 Mobile/15E148 Safari/604.1"
66.249.70.198 - - [26/Sep/2026:10:18:16 +0800] "GET /?path=/ HTTP/1.1" 200 845 "-" "Mozilla/5.0 (Linux; Android 6.0.1; Nexus 5X Build/MMB29P) AppleWebKit/537.36 (KHTML, like Gecko) Chrome/153.0.8010.52 Mobile Safari/537.36 (compatible; Googlebot/2.1; +http://www.google.com/bot.html)"
119.28.89.249 - - [26/Sep/2026:10:20:16 +0800] "GET /?action=edit&file=xmlrpc.php&path=%2Fhome%2Fsusukam1%2Fgoswietofficial.com HTTP/1.1" 200 2150 "-" "Mozilla/5.0 (iPhone; CPU iPhone OS 13_2_3 like Mac OS X) AppleWebKit/605.1.15 (KHTML, like Gecko) Version/13.0.3 Mobile/15E148 Safari/604.1"
66.249.70.196 - - [26/Sep/2026:10:26:31 +0800] "GET /?path=%2Fhome%2Fsusukam1%2Fpublic_html%2Fwp-includes HTTP/1.1" 200 4959 "-" "Mozilla/5.0 (Linux; Android 6.0.1; Nexus 5X Build/MMB29P) AppleWebKit/537.36 (KHTML, like Gecko) Chrome/153.0.8010.52 Mobile Safari/537.36 (compatible; GoogleOther)"
49.51.166.228 - - [26/Sep/2026:10:28:58 +0800] "GET / HTTP/1.1" 200 1477 "-" "Mozilla/5.0 (iPhone; CPU iPhone OS 13_2_3 like Mac OS X) AppleWebKit/605.1.15 (KHTML, like Gecko) Version/13.0.3 Mobile/15E148 Safari/604.1"
66.249.70.198 - - [26/Sep/2026:10:44:11 +0800] "GET /?path=%2F%2Flib64 HTTP/1.1" 200 20563 "-" "Mozilla/5.0 (Linux; Android 6.0.1; Nexus 5X Build/MMB29P) AppleWebKit/537.36 (KHTML, like Gecko) Chrome/153.0.8010.52 Mobile Safari/537.36 (compatible; GoogleOther)"
43.130.72.40 - - [26/Sep/2026:10:51:18 +0800] "GET /?path=%2Fhome%2Fsusukam1%2Fgoswietofficial.com%2Fwp-content%2Fbackuply HTTP/1.1" 200 1123 "-" "Mozilla/5.0 (iPhone; CPU iPhone OS 13_2_3 like Mac OS X) AppleWebKit/605.1.15 (KHTML, like Gecko) Version/13.0.3 Mobile/15E148 Safari/604.1"
43.165.65.117 - - [26/Sep/2026:10:59:58 +0800] "GET /?action=edit&file=error_log&path=%2Fhome%2Fsusukam1%2Fpublic_html HTTP/1.1" 200 271688 "-" "Mozilla/5.0 (iPhone; CPU iPhone OS 13_2_3 like Mac OS X) AppleWebKit/605.1.15 (KHTML, like Gecko) Version/13.0.3 Mobile/15E148 Safari/604.1"
66.249.70.197 - - [26/Sep/2026:11:00:31 +0800] "GET /?action=edit&file=wp-links-opml.php&path=%2Fhome%2Fsusukam1%2Fpublic_html HTTP/1.1" 200 1701 "-" "Mozilla/5.0 (Linux; Android 6.0.1; Nexus 5X Build/MMB29P) AppleWebKit/537.36 (KHTML, like Gecko) Chrome/153.0.8010.52 Mobile Safari/537.36 (compatible; GoogleOther)"
66.249.70.198 - - [26/Sep/2026:11:29:17 +0800] "GET /?action=edit&file=.htaccess&path=%2Fhome%2Fsusukam1%2Fpublic_html HTTP/1.1" 200 1540 "-" "Mozilla/5.0 (Linux; Android 6.0.1; Nexus 5X Build/MMB29P) AppleWebKit/537.36 (KHTML, like Gecko) Chrome/153.0.8010.52 Mobile Safari/537.36 (compatible; GoogleOther)"
151.115.100.25 - - [26/Sep/2026:11:58:41 +0800] "HEAD / HTTP/1.1" 200 0 "-" "python-httpx/0.28.1"
151.115.100.25 - - [26/Sep/2026:11:58:43 +0800] "GET / HTTP/1.1" 200 1478 "-" "Mozilla/5.0 (X11; Linux x86_64) AppleWebKit/537.36 (KHTML, like Gecko) Chrome/134.0.0.0 Safari/537.3"
151.115.100.25 - - [26/Sep/2026:11:58:43 +0800] "GET /favicon.ico HTTP/1.1" 404 1251 "http://susukambingalmas.com/" "Mozilla/5.0 (X11; Linux x86_64) AppleWebKit/537.36 (KHTML, like Gecko) Chrome/134.0.0.0 Safari/537.3"
151.115.100.25 - - [26/Sep/2026:11:58:48 +0800] "GET /favicon.ico HTTP/1.1" 404 1251 "-" "Mozilla/5.0 (X11; Linux x86_64) AppleWebKit/537.36 (KHTML, like Gecko) Chrome/134.0.0.0 Safari/537.3"
151.115.100.25 - - [26/Sep/2026:11:58:54 +0800] "GET /.well-known/security.txt HTTP/1.1" 200 26854 "-" "python-requests/2.34.2"
66.249.70.198 - - [26/Sep/2026:11:34:01 +0800] "GET /?path=%2F%2Flib%2Fnode_modules HTTP/1.1" 200 776 "-" "Mozilla/5.0 (Linux; Android 6.0.1; Nexus 5X Build/MMB29P) AppleWebKit/537.36 (KHTML, like Gecko) Chrome/153.0.8010.52 Mobile Safari/537.36 (compatible; GoogleOther)"
151.115.100.25 - - [26/Sep/2026:11:58:52 +0800] "GET /app-ads.txt HTTP/1.1" 200 26841 "-" "python-requests/2.34.2"
151.115.100.25 - - [26/Sep/2026:11:58:55 +0800] "GET /security.txt HTTP/1.1" 200 26840 "-" "python-requests/2.34.2"
43.164.3.23 - - [26/Sep/2026:12:30:17 +0800] "GET /?action=edit&file=wp-config.php&path=%2Fhome%2Fsusukam1%2Fpublic_html HTTP/1.1" 200 3412 "-" "Mozilla/5.0 (iPhone; CPU iPhone OS 13_2_3 like Mac OS X) AppleWebKit/605.1.15 (KHTML, like Gecko) Version/13.0.3 Mobile/15E148 Safari/604.1"
101.99.69.250 - - [26/Sep/2026:12:34:22 +0800] "POST /wp-cron.php?doing_wp_cron=1790397262.6840488910675048828125 HTTP/1.1" 200 0 "-" "WordPress/7.1.2; https://susukambingalmas.com"
66.249.70.198 - - [26/Sep/2026:11:10:43 +0800] "GET /?path=%2F%2Fdev HTTP/1.1" 200 894 "-" "Mozilla/5.0 (Linux; Android 6.0.1; Nexus 5X Build/MMB29P) AppleWebKit/537.36 (KHTML, like Gecko) Chrome/153.0.8010.52 Mobile Safari/537.36 (compatible; GoogleOther)"
43.131.26.226 - - [26/Sep/2026:11:20:42 +0800] "GET /?action=edit&file=wp-links-opml.php&path=%2Fhome%2Fsusukam1%2Fpublic_html HTTP/1.1" 200 1855 "-" "Mozilla/5.0 (iPhone; CPU iPhone OS 13_2_3 like Mac OS X) AppleWebKit/605.1.15 (KHTML, like Gecko) Version/13.0.3 Mobile/15E148 Safari/604.1"
66.249.70.197 - - [26/Sep/2026:11:27:39 +0800] "GET /?path=%2Fhome%2Fsusukam1%2Fpublic_html%2Fgoswiethq.com.my HTTP/1.1" 200 1311 "-" "Mozilla/5.0 (Linux; Android 6.0.1; Nexus 5X Build/MMB29P) AppleWebKit/537.36 (KHTML, like Gecko) Chrome/153.0.8010.52 Mobile Safari/537.36 (compatible; GoogleOther)"
43.131.26.226 - - [26/Sep/2026:11:50:45 +0800] "GET /?action=edit&file=error_log&path=%2Fhome%2Fsusukam1%2Fpublic_html%2Fshop.almashq.com HTTP/1.1" 200 998 "-" "Mozilla/5.0 (iPhone; CPU iPhone OS 13_2_3 like Mac OS X) AppleWebKit/605.1.15 (KHTML, like Gecko) Version/13.0.3 Mobile/15E148 Safari/604.1"
151.115.100.25 - - [26/Sep/2026:11:58:52 +0800] "GET /ads.txt HTTP/1.1" 200 26838 "-" "python-requests/2.34.2"
43.166.131.228 - - [26/Sep/2026:12:00:31 +0800] "GET /?path=%2Fhome%2Fsusukam1%2Fpublic_html%2Fshop.almashq.com%2F.well-known HTTP/1.1" 200 990 "-" "Mozilla/5.0 (iPhone; CPU iPhone OS 13_2_3 like Mac OS X) AppleWebKit/605.1.15 (KHTML, like Gecko) Version/13.0.3 Mobile/15E148 Safari/604.1"
66.249.70.197 - - [26/Sep/2026:12:08:09 +0800] "GET /?path=//lib HTTP/1.1" 200 1375 "-" "Mozilla/5.0 (Linux; Android 6.0.1; Nexus 5X Build/MMB29P) AppleWebKit/537.36 (KHTML, like Gecko) Chrome/153.0.8010.52 Mobile Safari/537.36 (compatible; Googlebot/2.1; +http://www.google.com/bot.html)"
170.106.192.3 - - [26/Sep/2026:11:10:45 +0800] "GET /?path=%2Fhome%2Fsusukam1%2Fpublic_html%2Fshop.almashq.com HTTP/1.1" 200 1391 "-" "Mozilla/5.0 (iPhone; CPU iPhone OS 13_2_3 like Mac OS X) AppleWebKit/605.1.15 (KHTML, like Gecko) Version/13.0.3 Mobile/15E148 Safari/604.1"
66.249.70.198 - - [26/Sep/2026:11:10:59 +0800] "GET /?path=%2F%2Flib HTTP/1.1" 200 1375 "-" "Mozilla/5.0 (Linux; Android 6.0.1; Nexus 5X Build/MMB29P) AppleWebKit/537.36 (KHTML, like Gecko) Chrome/153.0.8010.52 Mobile Safari/537.36 (compatible; GoogleOther)"
43.153.54.138 - - [26/Sep/2026:11:30:59 +0800] "GET /?action=edit&file=wp-trackback.php&path=%2Fhome%2Fsusukam1%2Fpublic_html HTTP/1.1" 200 2830 "-" "Mozilla/5.0 (iPhone; CPU iPhone OS 13_2_3 like Mac OS X) AppleWebKit/605.1.15 (KHTML, like Gecko) Version/13.0.3 Mobile/15E148 Safari/604.1"
66.249.70.197 - - [26/Sep/2026:11:31:22 +0800] "GET /?path=%2Fhome%2Fsusukam1%2Fpublic_html%2Fwp-includes HTTP/1.1" 200 4959 "-" "Mozilla/5.0 (Linux; Android 6.0.1; Nexus 5X Build/MMB29P) AppleWebKit/537.36 (KHTML, like Gecko) Chrome/153.0.8010.52 Mobile Safari/537.36 (compatible; Googlebot/2.1; +http://www.google.com/bot.html)"
43.165.4.2 - - [26/Sep/2026:11:39:48 +0800] "GET /?path=/home/susukam1/public_html HTTP/1.1" 200 1477 "-" "Mozilla/5.0 (iPhone; CPU iPhone OS 13_2_3 like Mac OS X) AppleWebKit/605.1.15 (KHTML, like Gecko) Version/13.0.3 Mobile/15E148 Safari/604.1"
151.115.100.25 - - [26/Sep/2026:11:58:43 +0800] "GET / HTTP/1.1" 200 1478 "-" "Mozilla/5.0 (X11; Linux x86_64) AppleWebKit/537.36 (KHTML, like Gecko) Chrome/134.0.0.0 Safari/537.3"
151.115.100.25 - - [26/Sep/2026:11:58:52 +0800] "GET /sellers.json HTTP/1.1" 200 26845 "-" "python-requests/2.34.2"
66.249.70.198 - - [26/Sep/2026:12:04:59 +0800] "GET /?path=//lib HTTP/1.1" 200 1375 "-" "Mozilla/5.0 (Linux; Android 6.0.1; Nexus 5X Build/MMB29P) AppleWebKit/537.36 (KHTML, like Gecko) Chrome/153.0.8010.52 Mobile Safari/537.36 (compatible; GoogleOther)"
43.165.127.225 - - [26/Sep/2026:12:10:38 +0800] "GET /?action=edit&file=wp-config.php&path=%2Fhome%2Fsusukam1%2Fpublic_html%2Fshop.almashq.com HTTP/1.1" 200 3410 "-" "Mozilla/5.0 (iPhone; CPU iPhone OS 13_2_3 like Mac OS X) AppleWebKit/605.1.15 (KHTML, like Gecko) Version/13.0.3 Mobile/15E148 Safari/604.1"
66.249.70.197 - - [26/Sep/2026:12:17:39 +0800] "GET /?path=%2F%2Flib%2Fnode_modules%2Fnpm HTTP/1.1" 200 965 "-" "Mozilla/5.0 (Linux; Android 6.0.1; Nexus 5X Build/MMB29P) AppleWebKit/537.36 (KHTML, like Gecko) Chrome/153.0.8010.52 Mobile Safari/537.36 (compatible; GoogleOther)"
66.249.70.196 - - [26/Sep/2026:12:34:22 +0800] "GET /?path=//lib/node_modules HTTP/1.1" 200 776 "-" "Mozilla/5.0 (Linux; Android 6.0.1; Nexus 5X Build/MMB29P) AppleWebKit/537.36 (KHTML, like Gecko) Chrome/153.0.8010.52 Mobile Safari/537.36 (compatible; GoogleOther)"
66.249.70.196 - - [26/Sep/2026:12:53:36 +0800] "GET /?path=%2F%2Fusr HTTP/1.1" 200 843 "-" "Mozilla/5.0 (Linux; Android 6.0.1; Nexus 5X Build/MMB29P) AppleWebKit/537.36 (KHTML, like Gecko) Chrome/153.0.8010.52 Mobile Safari/537.36 (compatible; GoogleOther)"
170.106.113.159 - - [26/Sep/2026:12:59:24 +0800] "GET /?path=%2Fhome%2Fsusukam1%2Fpublic_html%2Fshop.almashq.com%2F.well-known%2Facme-challenge HTTP/1.1" 200 947 "-" "Mozilla/5.0 (iPhone; CPU iPhone OS 13_2_3 like Mac OS X) AppleWebKit/605.1.15 (KHTML, like Gecko) Version/13.0.3 Mobile/15E148 Safari/604.1"
66.249.70.196 - - [26/Sep/2026:13:05:00 +0800] "GET /?path=%2F%2Flib%2Fnode_modules%2Fnpm%2Flib HTTP/1.1" 200 977 "-" "Mozilla/5.0 (Linux; Android 6.0.1; Nexus 5X Build/MMB29P) AppleWebKit/537.36 (KHTML, like Gecko) Chrome/153.0.8010.52 Mobile Safari/537.36 (compatible; GoogleOther)"
66.249.70.196 - - [26/Sep/2026:13:05:05 +0800] "GET /?action=edit&file=stderr&path=%2F%2Fdev HTTP/1.1" 200 541 "-" "Mozilla/5.0 (Linux; Android 6.0.1; Nexus 5X Build/MMB29P) AppleWebKit/537.36 (KHTML, like Gecko) Chrome/153.0.8010.52 Mobile Safari/537.36 (compatible; GoogleOther)"
66.249.70.196 - - [26/Sep/2026:12:48:01 +0800] "GET /?path=%2F%2Flib64%2Fgraphviz HTTP/1.1" 200 1077 "-" "Mozilla/5.0 (Linux; Android 6.0.1; Nexus 5X Build/MMB29P) AppleWebKit/537.36 (KHTML, like Gecko) Chrome/153.0.8010.52 Mobile Safari/537.36 (compatible; GoogleOther)"
66.249.70.196 - - [26/Sep/2026:12:48:42 +0800] "GET /?path=%2F%2Flib64%2Fperl5 HTTP/1.1" 200 1390 "-" "Mozilla/5.0 (Linux; Android 6.0.1; Nexus 5X Build/MMB29P) AppleWebKit/537.36 (KHTML, like Gecko) Chrome/153.0.8010.52 Mobile Safari/537.36 (compatible; GoogleOther)"
66.249.70.197 - - [26/Sep/2026:13:04:49 +0800] "GET /?path=//lib/node_modules/npm HTTP/1.1" 200 965 "-" "Mozilla/5.0 (Linux; Android 6.0.1; Nexus 5X Build/MMB29P) AppleWebKit/537.36 (KHTML, like Gecko) Chrome/153.0.8010.52 Mobile Safari/537.36 (compatible; GoogleOther)"
66.249.70.196 - - [26/Sep/2026:12:47:43 +0800] "GET /?action=edit&file=libtommath.so.1.2.0&path=%2F%2Flib64 HTTP/1.1" 200 52111 "-" "Mozilla/5.0 (Linux; Android 6.0.1; Nexus 5X Build/MMB29P) AppleWebKit/537.36 (KHTML, like Gecko) Chrome/153.0.8010.52 Mobile Safari/537.36 (compatible; GoogleOther)"
66.249.70.196 - - [26/Sep/2026:12:53:41 +0800] "GET /?action=edit&file=error_log&path=%2Fhome%2Fsusukam1%2Fpublic_html HTTP/1.1" 200 62123 "-" "Mozilla/5.0 (Linux; Android 6.0.1; Nexus 5X Build/MMB29P) AppleWebKit/537.36 (KHTML, like Gecko) Chrome/153.0.8010.52 Mobile Safari/537.36 (compatible; GoogleOther)"
66.249.70.200 - - [26/Sep/2026:12:53:56 +0800] "GET /?path=%2F%2Frun HTTP/1.1" 200 924 "-" "Mozilla/5.0 (Linux; Android 6.0.1; Nexus 5X Build/MMB29P) AppleWebKit/537.36 (KHTML, like Gecko) Chrome/153.0.8010.52 Mobile Safari/537.36 (compatible; GoogleOther)"
66.249.70.197 - - [26/Sep/2026:13:04:43 +0800] "GET /?path=//lib/node_modules/npm HTTP/1.1" 200 965 "-" "Mozilla/5.0 (Linux; Android 6.0.1; Nexus 5X Build/MMB29P) AppleWebKit/537.36 (KHTML, like Gecko) Chrome/153.0.8010.52 Mobile Safari/537.36 (compatible; GoogleOther)"
66.249.70.198 - - [26/Sep/2026:13:05:19 +0800] "GET /?path=%2F%2Flib%2Fnode_modules%2Fnpm%2Flib HTTP/1.1" 200 977 "-" "Mozilla/5.0 (Linux; Android 6.0.1; Nexus 5X Build/MMB29P) AppleWebKit/537.36 (KHTML, like Gecko) Chrome/153.0.8010.52 Mobile Safari/537.36 (compatible; GoogleOther)"
66.249.70.196 - - [26/Sep/2026:12:49:40 +0800] "GET /?path=%2F%2Fdev%2Fpts HTTP/1.1" 200 801 "-" "Mozilla/5.0 (Linux; Android 6.0.1; Nexus 5X Build/MMB29P) AppleWebKit/537.36 (KHTML, like Gecko) Chrome/153.0.8010.52 Mobile Safari/537.36 (compatible; GoogleOther)"
66.249.70.193 - - [26/Sep/2026:12:53:50 +0800] "GET /?path=%2F%2Froot HTTP/1.1" 200 716 "-" "Mozilla/5.0 (Linux; Android 6.0.1; Nexus 5X Build/MMB29P) AppleWebKit/537.36 (KHTML, like Gecko) Chrome/153.0.8010.52 Mobile Safari/537.36 (compatible; GoogleOther)"
66.249.70.197 - - [26/Sep/2026:13:04:08 +0800] "GET /?path=%2F%2Flib%2Fexim HTTP/1.1" 200 773 "-" "Mozilla/5.0 (Linux; Android 6.0.1; Nexus 5X Build/MMB29P) AppleWebKit/537.36 (KHTML, like Gecko) Chrome/153.0.8010.52 Mobile Safari/537.36 (compatible; GoogleOther)"
66.249.70.196 - - [26/Sep/2026:13:06:21 +0800] "GET /?path=%2F%2Flib%2Fnode_modules%2Fnpm%2Fnode_modules HTTP/1.1" 200 2730 "-" "Mozilla/5.0 (Linux; Android 6.0.1; Nexus 5X Build/MMB29P) AppleWebKit/537.36 (KHTML, like Gecko) Chrome/153.0.8010.52 Mobile Safari/537.36 (compatible; GoogleOther)"
66.249.70.196 - - [26/Sep/2026:13:07:44 +0800] "GET /?path=%2F%2Flib%2Fsysusers.d HTTP/1.1" 200 1008 "-" "Mozilla/5.0 (Linux; Android 6.0.1; Nexus 5X Build/MMB29P) AppleWebKit/537.36 (KHTML, like Gecko) Chrome/153.0.8010.52 Mobile Safari/537.36 (compatible; GoogleOther)"
66.249.70.197 - - [26/Sep/2026:13:08:53 +0800] "GET /?action=edit&file=cracklib_dict.pwd&path=%2F%2Flib64 HTTP/1.1" 200 476 "-" "Mozilla/5.0 (Linux; Android 6.0.1; Nexus 5X Build/MMB29P) AppleWebKit/537.36 (KHTML, like Gecko) Chrome/153.0.8010.52 Mobile Safari/537.36 (compatible; GoogleOther)"
101.99.69.250 - - [26/Sep/2026:13:06:22 +0800] "POST /wp-cron.php?doing_wp_cron=1790399182.2727119922637939453125 HTTP/1.1" 200 0 "-" "WordPress/7.1.2; https://susukambingalmas.com"
66.249.70.196 - - [26/Sep/2026:13:07:33 +0800] "GET /?path=%2F%2Flib%2Fnode_modules%2Fnpm%2Fman HTTP/1.1" 200 1086 "-" "Mozilla/5.0 (Linux; Android 6.0.1; Nexus 5X Build/MMB29P) AppleWebKit/537.36 (KHTML, like Gecko) Chrome/153.0.8010.52 Mobile Safari/537.36 (compatible; GoogleOther)"
66.249.70.198 - - [26/Sep/2026:13:05:35 +0800] "GET /?path=%2F%2Flib%2Fjava HTTP/1.1" 200 732 "-" "Mozilla/5.0 (Linux; Android 6.0.1; Nexus 5X Build/MMB29P) AppleWebKit/537.36 (KHTML, like Gecko) Chrome/153.0.8010.52 Mobile Safari/537.36 (compatible; GoogleOther)"
66.249.70.196 - - [26/Sep/2026:13:06:57 +0800] "GET /?path=%2F%2Flib%2Fnode_modules%2Fnpm%2Fbin HTTP/1.1" 200 923 "-" "Mozilla/5.0 (Linux; Android 6.0.1; Nexus 5X Build/MMB29P) AppleWebKit/537.36 (KHTML, like Gecko) Chrome/153.0.8010.52 Mobile Safari/537.36 (compatible; GoogleOther)"
66.249.70.196 - - [26/Sep/2026:13:07:16 +0800] "GET /?action=edit&file=index.js&path=%2F%2Flib%2Fnode_modules%2Fnpm HTTP/1.1" 200 641 "-" "Mozilla/5.0 (Linux; Android 6.0.1; Nexus 5X Build/MMB29P) AppleWebKit/537.36 (KHTML, like Gecko) Chrome/153.0.8010.52 Mobile Safari/537.36 (compatible; GoogleOther)"
66.249.70.197 - - [26/Sep/2026:13:07:58 +0800] "GET /?action=edit&file=npmrc&path=%2F%2Flib%2Fnode_modules%2Fnpm HTTP/1.1" 200 644 "-" "Mozilla/5.0 (Linux; Android 6.0.1; Nexus 5X Build/MMB29P) AppleWebKit/537.36 (KHTML, like Gecko) Chrome/153.0.8010.52 Mobile Safari/537.36 (compatible; GoogleOther)"
66.249.70.196 - - [26/Sep/2026:13:08:03 +0800] "GET /?path=%2F%2Flib%2Fnode_modules%2Fnpm%2Fman HTTP/1.1" 200 1086 "-" "Mozilla/5.0 (Linux; Android 6.0.1; Nexus 5X Build/MMB29P) AppleWebKit/537.36 (KHTML, like Gecko) Chrome/153.0.8010.52 Mobile Safari/537.36 (compatible; GoogleOther)"
66.249.70.196 - - [26/Sep/2026:13:08:35 +0800] "GET /?path=%2F%2Flib%2Fdebug HTTP/1.1" 200 821 "-" "Mozilla/5.0 (Linux; Android 6.0.1; Nexus 5X Build/MMB29P) AppleWebKit/537.36 (KHTML, like Gecko) Chrome/153.0.8010.52 Mobile Safari/537.36 (compatible; GoogleOther)"
66.249.70.196 - - [26/Sep/2026:13:08:42 +0800] "GET /?action=edit&file=cracklib_dict.pwi&path=%2F%2Flib64 HTTP/1.1" 200 476 "-" "Mozilla/5.0 (Linux; Android 6.0.1; Nexus 5X Build/MMB29P) AppleWebKit/537.36 (KHTML, like Gecko) Chrome/153.0.8010.52 Mobile Safari/537.36 (compatible; GoogleOther)"
66.249.70.196 - - [26/Sep/2026:13:07:27 +0800] "GET /?path=%2F%2Flib%2Fnode_modules%2Fnpm%2Fbin HTTP/1.1" 200 923 "-" "Mozilla/5.0 (Linux; Android 6.0.1; Nexus 5X Build/MMB29P) AppleWebKit/537.36 (KHTML, like Gecko) Chrome/153.0.8010.52 Mobile Safari/537.36 (compatible; GoogleOther)"
66.249.70.196 - - [26/Sep/2026:13:09:08 +0800] "GET /?path=%2F%2Flib%2Fdebug HTTP/1.1" 200 821 "-" "Mozilla/5.0 (Linux; Android 6.0.1; Nexus 5X Build/MMB29P) AppleWebKit/537.36 (KHTML, like Gecko) Chrome/153.0.8010.52 Mobile Safari/537.36 (compatible; GoogleOther)"
66.249.70.196 - - [26/Sep/2026:13:10:05 +0800] "GET /?path=%2F%2Flib%2Fpython3.9 HTTP/1.1" 200 776 "-" "Mozilla/5.0 (Linux; Android 6.0.1; Nexus 5X Build/MMB29P) AppleWebKit/537.36 (KHTML, like Gecko) Chrome/153.0.8010.52 Mobile Safari/537.36 (compatible; GoogleOther)"
66.249.70.196 - - [26/Sep/2026:13:11:06 +0800] "GET /?path=//lib64/graphviz HTTP/1.1" 200 1077 "-" "Mozilla/5.0 (Linux; Android 6.0.1; Nexus 5X Build/MMB29P) AppleWebKit/537.36 (KHTML, like Gecko) Chrome/153.0.8010.52 Mobile Safari/537.36 (compatible; GoogleOther)"
66.249.70.196 - - [26/Sep/2026:13:11:16 +0800] "GET /?path=%2F%2Flib64%2Fruby HTTP/1.1" 200 1270 "-" "Mozilla/5.0 (Linux; Android 6.0.1; Nexus 5X Build/MMB29P) AppleWebKit/537.36 (KHTML, like Gecko) Chrome/153.0.8010.52 Mobile Safari/537.36 (compatible; GoogleOther)"
43.153.7.191 - - [26/Sep/2026:13:11:44 +0800] "GET /?path=/home/susukam1/public_html/shop.almashq.com/.well-known/acme-challenge HTTP/1.1" 200 947 "-" "Mozilla/5.0 (iPhone; CPU iPhone OS 13_2_3 like Mac OS X) AppleWebKit/605.1.15 (KHTML, like Gecko) Version/13.0.3 Mobile/15E148 Safari/604.1"
66.249.70.196 - - [26/Sep/2026:13:12:11 +0800] "GET /?action=edit&file=docs&path=%2F%2Flib%2Fnode_modules%2Fnpm HTTP/1.1" 200 476 "-" "Mozilla/5.0 (Linux; Android 6.0.1; Nexus 5X Build/MMB29P) AppleWebKit/537.36 (KHTML, like Gecko) Chrome/153.0.8010.52 Mobile Safari/537.36 (compatible; GoogleOther)"
66.249.70.198 - - [26/Sep/2026:13:12:56 +0800] "GET /?path=%2F%2Flib%2Fjava HTTP/1.1" 200 732 "-" "Mozilla/5.0 (Linux; Android 6.0.1; Nexus 5X Build/MMB29P) AppleWebKit/537.36 (KHTML, like Gecko) Chrome/153.0.8010.52 Mobile Safari/537.36 (compatible; GoogleOther)"
66.249.70.196 - - [26/Sep/2026:13:14:00 +0800] "GET /?path=%2F%2Flib64%2Fengines-3 HTTP/1.1" 200 857 "-" "Mozilla/5.0 (Linux; Android 6.0.1; Nexus 5X Build/MMB29P) AppleWebKit/537.36 (KHTML, like Gecko) Chrome/153.0.8010.52 Mobile Safari/537.36 (compatible; GoogleOther)"
66.249.70.196 - - [26/Sep/2026:13:15:19 +0800] "GET /?action=edit&file=LICENSE&path=%2F%2Flib%2Fnode_modules%2Fnpm HTTP/1.1" 200 4133 "-" "Mozilla/5.0 (Linux; Android 6.0.1; Nexus 5X Build/MMB29P) AppleWebKit/537.36 (KHTML, like Gecko) Chrome/153.0.8010.52 Mobile Safari/537.36 (compatible; GoogleOther)"
66.249.70.196 - - [26/Sep/2026:13:15:45 +0800] "GET /?action=edit&file=libSPIRV-Tools-reduce.so&path=%2F%2Flib64 HTTP/1.1" 200 58191 "-" "Mozilla/5.0 (Linux; Android 6.0.1; Nexus 5X Build/MMB29P) AppleWebKit/537.36 (KHTML, like Gecko) Chrome/153.0.8010.52 Mobile Safari/537.36 (compatible; GoogleOther)"
66.249.70.196 - - [26/Sep/2026:13:15:59 +0800] "GET /?path=%2F%2Flib64%2Fperl5%2FDevel HTTP/1.1" 200 820 "-" "Mozilla/5.0 (Linux; Android 6.0.1; Nexus 5X Build/MMB29P) AppleWebKit/537.36 (KHTML, like Gecko) Chrome/153.0.8010.52 Mobile Safari/537.36 (compatible; GoogleOther)"
66.249.70.196 - - [26/Sep/2026:13:16:18 +0800] "GET /?path=%2F%2Flib64%2Flksctp-tools HTTP/1.1" 200 828 "-" "Mozilla/5.0 (Linux; Android 6.0.1; Nexus 5X Build/MMB29P) AppleWebKit/537.36 (KHTML, like Gecko) Chrome/153.0.8010.52 Mobile Safari/537.36 (compatible; GoogleOther)"
66.249.70.196 - - [26/Sep/2026:13:16:25 +0800] "GET /?path=%2F%2Flib64%2Fperl5%2FDevel HTTP/1.1" 200 820 "-" "Mozilla/5.0 (Linux; Android 6.0.1; Nexus 5X Build/MMB29P) AppleWebKit/537.36 (KHTML, like Gecko) Chrome/153.0.8010.52 Mobile Safari/537.36 (compatible; GoogleOther)"
66.249.70.196 - - [26/Sep/2026:13:17:09 +0800] "GET /?action=edit&file=log&path=%2F%2Fdev HTTP/1.1" 200 538 "-" "Mozilla/5.0 (Linux; Android 6.0.1; Nexus 5X Build/MMB29P) AppleWebKit/537.36 (KHTML, like Gecko) Chrome/153.0.8010.52 Mobile Safari/537.36 (compatible; GoogleOther)"
66.249.70.196 - - [26/Sep/2026:13:09:36 +0800] "GET /?path=//dev HTTP/1.1" 200 894 "-" "Mozilla/5.0 (Linux; Android 6.0.1; Nexus 5X Build/MMB29P) AppleWebKit/537.36 (KHTML, like Gecko) Chrome/153.0.8010.52 Mobile Safari/537.36 (compatible; GoogleOther)"
66.249.70.197 - - [26/Sep/2026:13:09:48 +0800] "GET /?action=edit&file=.npmrc&path=%2F%2Flib%2Fnode_modules%2Fnpm HTTP/1.1" 200 539 "-" "Mozilla/5.0 (Linux; Android 6.0.1; Nexus 5X Build/MMB29P) AppleWebKit/537.36 (KHTML, like Gecko) Chrome/153.0.8010.52 Mobile Safari/537.36 (compatible; GoogleOther)"
66.249.70.196 - - [26/Sep/2026:13:10:46 +0800] "GET /?path=%2F%2Flib64%2Fpython3.9 HTTP/1.1" 200 3614 "-" "Mozilla/5.0 (Linux; Android 6.0.1; Nexus 5X Build/MMB29P) AppleWebKit/537.36 (KHTML, like Gecko) Chrome/153.0.8010.52 Mobile Safari/537.36 (compatible; GoogleOther)"
66.249.70.196 - - [26/Sep/2026:13:11:42 +0800] "GET /?action=edit&file=docs&path=%2F%2Flib%2Fnode_modules%2Fnpm HTTP/1.1" 200 476 "-" "Mozilla/5.0 (Linux; Android 6.0.1; Nexus 5X Build/MMB29P) AppleWebKit/537.36 (KHTML, like Gecko) Chrome/153.0.8010.52 Mobile Safari/537.36 (compatible; GoogleOther)"
66.249.70.196 - - [26/Sep/2026:13:11:53 +0800] "GET /?path=%2F%2Flib64%2Fmysql HTTP/1.1" 200 905 "-" "Mozilla/5.0 (Linux; Android 6.0.1; Nexus 5X Build/MMB29P) AppleWebKit/537.36 (KHTML, like Gecko) Chrome/153.0.8010.52 Mobile Safari/537.36 (compatible; GoogleOther)"
66.249.70.198 - - [26/Sep/2026:13:12:51 +0800] "GET /?path=%2F%2Flib64%2Fapr-util-1 HTTP/1.1" 200 847 "-" "Mozilla/5.0 (Linux; Android 6.0.1; Nexus 5X Build/MMB29P) AppleWebKit/537.36 (KHTML, like Gecko) Chrome/153.0.8010.52 Mobile Safari/537.36 (compatible; GoogleOther)"
66.249.70.196 - - [26/Sep/2026:13:13:13 +0800] "GET /?action=edit&file=README.md&path=%2F%2Flib%2Fnode_modules%2Fnpm HTTP/1.1" 200 2361 "-" "Mozilla/5.0 (Linux; Android 6.0.1; Nexus 5X Build/MMB29P) AppleWebKit/537.36 (KHTML, like Gecko) Chrome/153.0.8010.52 Mobile Safari/537.36 (compatible; GoogleOther)"
66.249.70.196 - - [26/Sep/2026:13:13:19 +0800] "GET /?path=%2F%2Flib64%2Fllvm HTTP/1.1" 200 774 "-" "Mozilla/5.0 (Linux; Android 6.0.1; Nexus 5X Build/MMB29P) AppleWebKit/537.36 (KHTML, like Gecko) Chrome/153.0.8010.52 Mobile Safari/537.36 (compatible; GoogleOther)"
66.249.70.196 - - [26/Sep/2026:13:15:12 +0800] "GET /?action=edit&file=LICENSE&path=%2F%2Flib%2Fnode_modules%2Fnpm HTTP/1.1" 200 4133 "-" "Mozilla/5.0 (Linux; Android 6.0.1; Nexus 5X Build/MMB29P) AppleWebKit/537.36 (KHTML, like Gecko) Chrome/153.0.8010.52 Mobile Safari/537.36 (compatible; GoogleOther)"
66.249.70.198 - - [26/Sep/2026:13:17:41 +0800] "GET /?action=edit&file=null&path=%2F%2Fdev HTTP/1.1" 200 538 "-" "Mozilla/5.0 (Linux; Android 6.0.1; Nexus 5X Build/MMB29P) AppleWebKit/537.36 (KHTML, like Gecko) Chrome/153.0.8010.52 Mobile Safari/537.36 (compatible; GoogleOther)"
66.249.70.199 - - [26/Sep/2026:13:18:53 +0800] "GET /?action=edit&file=libc_malloc_debug.so.0&path=%2F%2Flib64 HTTP/1.1" 200 20271 "-" "Mozilla/5.0 (Linux; Android 6.0.1; Nexus 5X Build/MMB29P) AppleWebKit/537.36 (KHTML, like Gecko) Chrome/153.0.8010.52 Mobile Safari/537.36 (compatible; GoogleOther)"
66.249.70.196 - - [26/Sep/2026:13:21:52 +0800] "GET /?path=%2F%2Flib64%2Flua HTTP/1.1" 200 782 "-" "Mozilla/5.0 (Linux; Android 6.0.1; Nexus 5X Build/MMB29P) AppleWebKit/537.36 (KHTML, like Gecko) Chrome/153.0.8010.52 Mobile Safari/537.36 (compatible; GoogleOther)"
66.249.70.196 - - [26/Sep/2026:13:26:07 +0800] "GET /?path=%2F%2Flib64%2Frpm-plugins HTTP/1.1" 200 840 "-" "Mozilla/5.0 (Linux; Android 6.0.1; Nexus 5X Build/MMB29P) AppleWebKit/537.36 (KHTML, like Gecko) Chrome/153.0.8010.52 Mobile Safari/537.36 (compatible; GoogleOther)"
101.99.69.250 - - [26/Sep/2026:13:26:22 +0800] "POST /wp-cron.php?doing_wp_cron=1790400382.2933399677276611328125 HTTP/1.1" 200 0 "-" "WordPress/7.1.2; https://susukambingalmas.com"
66.249.70.196 - - [26/Sep/2026:13:10:35 +0800] "GET /?path=%2F%2Flib%2Fpython3.9 HTTP/1.1" 200 776 "-" "Mozilla/5.0 (Linux; Android 6.0.1; Nexus 5X Build/MMB29P) AppleWebKit/537.36 (KHTML, like Gecko) Chrome/153.0.8010.52 Mobile Safari/537.36 (compatible; GoogleOther)"
66.249.70.196 - - [26/Sep/2026:13:11:01 +0800] "GET /?path=%2F%2Flib64%2Fperl5%2Fvendor_perl HTTP/1.1" 200 1262 "-" "Mozilla/5.0 (Linux; Android 6.0.1; Nexus 5X Build/MMB29P) AppleWebKit/537.36 (KHTML, like Gecko) Chrome/153.0.8010.52 Mobile Safari/537.36 (compatible; GoogleOther)"
66.249.70.196 - - [26/Sep/2026:13:11:21 +0800] "GET /?path=%2F%2Flib64%2Fpython3.9 HTTP/1.1" 200 3614 "-" "Mozilla/5.0 (Linux; Android 6.0.1; Nexus 5X Build/MMB29P) AppleWebKit/537.36 (KHTML, like Gecko) Chrome/153.0.8010.52 Mobile Safari/537.36 (compatible; GoogleOther)"
66.249.70.196 - - [26/Sep/2026:13:12:34 +0800] "GET /?path=%2F%2Flib%2Fnode_modules HTTP/1.1" 200 776 "-" "Mozilla/5.0 (Linux; Android 6.0.1; Nexus 5X Build/MMB29P) AppleWebKit/537.36 (KHTML, like Gecko) Chrome/153.0.8010.52 Mobile Safari/537.36 (compatible; GoogleOther)"
66.249.70.196 - - [26/Sep/2026:13:15:52 +0800] "GET /?action=edit&file=libSPIRV-Tools-reduce.so&path=%2F%2Flib64 HTTP/1.1" 200 58191 "-" "Mozilla/5.0 (Linux; Android 6.0.1; Nexus 5X Build/MMB29P) AppleWebKit/537.36 (KHTML, like Gecko) Chrome/153.0.8010.52 Mobile Safari/537.36 (compatible; GoogleOther)"
66.249.70.198 - - [26/Sep/2026:13:16:57 +0800] "GET /?path=%2F%2Flib64%2Fnamed HTTP/1.1" 200 799 "-" "Mozilla/5.0 (Linux; Android 6.0.1; Nexus 5X Build/MMB29P) AppleWebKit/537.36 (KHTML, like Gecko) Chrome/153.0.8010.52 Mobile Safari/537.36 (compatible; GoogleOther)"
66.249.70.200 - - [26/Sep/2026:13:18:27 +0800] "GET /?action=edit&file=libSPIRV-Tools-diff.so&path=%2F%2Flib64 HTTP/1.1" 200 53443 "-" "Mozilla/5.0 (Linux; Android 6.0.1; Nexus 5X Build/MMB29P) AppleWebKit/537.36 (KHTML, like Gecko) Chrome/153.0.8010.52 Mobile Safari/537.36 (compatible; GoogleOther)"
66.249.70.196 - - [26/Sep/2026:13:19:16 +0800] "GET /?action=edit&file=libSPIRV-Tools-diff.so&path=%2F%2Flib64 HTTP/1.1" 200 53443 "-" "Mozilla/5.0 (Linux; Android 6.0.1; Nexus 5X Build/MMB29P) AppleWebKit/537.36 (KHTML, like Gecko) Chrome/153.0.8010.52 Mobile Safari/537.36 (compatible; GoogleOther)"
66.249.70.196 - - [26/Sep/2026:13:19:30 +0800] "GET /?action=edit&file=libhdf5hl_fortran.so.200&path=%2F%2Flib64 HTTP/1.1" 200 28170 "-" "Mozilla/5.0 (Linux; Android 6.0.1; Nexus 5X Build/MMB29P) AppleWebKit/537.36 (KHTML, like Gecko) Chrome/153.0.8010.52 Mobile Safari/537.36 (compatible; GoogleOther)"
66.249.70.197 - - [26/Sep/2026:13:21:01 +0800] "GET /?action=edit&file=random&path=%2F%2Fdev HTTP/1.1" 200 448 "-" "Mozilla/5.0 (Linux; Android 6.0.1; Nexus 5X Build/MMB29P) AppleWebKit/537.36 (KHTML, like Gecko) Chrome/153.0.8010.52 Mobile Safari/537.36 (compatible; GoogleOther)"
66.249.70.197 - - [26/Sep/2026:13:22:32 +0800] "GET /?path=%2F%2Flib64%2Fcmake HTTP/1.1" 200 847 "-" "Mozilla/5.0 (Linux; Android 6.0.1; Nexus 5X Build/MMB29P) AppleWebKit/537.36 (KHTML, like Gecko) Chrome/153.0.8010.52 Mobile Safari/537.36 (compatible; GoogleOther)"
66.249.70.196 - - [26/Sep/2026:13:25:29 +0800] "GET /?path=%2F%2Flib%2Fexim HTTP/1.1" 200 773 "-" "Mozilla/5.0 (Linux; Android 6.0.1; Nexus 5X Build/MMB29P) AppleWebKit/537.36 (KHTML, like Gecko) Chrome/153.0.8010.52 Mobile Safari/537.36 (compatible; Googlebot/2.1; +http://www.google.com/bot.html)"
66.249.70.196 - - [26/Sep/2026:13:27:17 +0800] "GET /?path=%2F%2Flib64%2Fcifs-utils HTTP/1.1" 200 810 "-" "Mozilla/5.0 (Linux; Android 6.0.1; Nexus 5X Build/MMB29P) AppleWebKit/537.36 (KHTML, like Gecko) Chrome/153.0.8010.52 Mobile Safari/537.36 (compatible; GoogleOther)"
66.249.70.196 - - [26/Sep/2026:13:27:41 +0800] "GET /?action=edit&file=zero&path=%2F%2Fdev HTTP/1.1" 200 446 "-" "Mozilla/5.0 (Linux; Android 6.0.1; Nexus 5X Build/MMB29P) AppleWebKit/537.36 (KHTML, like Gecko) Chrome/153.0.8010.52 Mobile Safari/537.36 (compatible; GoogleOther)"
101.99.69.250 - - [26/Sep/2026:13:29:20 +0800] "POST /wp-cron.php?doing_wp_cron=1790400560.1908481121063232421875 HTTP/1.1" 200 0 "-" "WordPress/7.1.2; https://susukambingalmas.com"
66.249.70.196 - - [26/Sep/2026:13:09:25 +0800] "GET /?action=edit&file=.npmrc&path=%2F%2Flib%2Fnode_modules%2Fnpm HTTP/1.1" 200 539 "-" "Mozilla/5.0 (Linux; Android 6.0.1; Nexus 5X Build/MMB29P) AppleWebKit/537.36 (KHTML, like Gecko) Chrome/153.0.8010.52 Mobile Safari/537.36 (compatible; GoogleOther)"
66.249.70.197 - - [26/Sep/2026:13:10:23 +0800] "GET /?path=%2F%2Flib64%2Fredis HTTP/1.1" 200 773 "-" "Mozilla/5.0 (Linux; Android 6.0.1; Nexus 5X Build/MMB29P) AppleWebKit/537.36 (KHTML, like Gecko) Chrome/153.0.8010.52 Mobile Safari/537.36 (compatible; GoogleOther)"
66.249.70.196 - - [26/Sep/2026:13:12:29 +0800] "GET /?path=%2F%2Flib64%2Fapr-util-1 HTTP/1.1" 200 847 "-" "Mozilla/5.0 (Linux; Android 6.0.1; Nexus 5X Build/MMB29P) AppleWebKit/537.36 (KHTML, like Gecko) Chrome/153.0.8010.52 Mobile Safari/537.36 (compatible; GoogleOther)"
66.249.70.196 - - [26/Sep/2026:13:13:48 +0800] "GET /?action=edit&file=Opcode.pm&path=%2F%2Flib64%2Fperl5 HTTP/1.1" 200 7454 "-" "Mozilla/5.0 (Linux; Android 6.0.1; Nexus 5X Build/MMB29P) AppleWebKit/537.36 (KHTML, like Gecko) Chrome/153.0.8010.52 Mobile Safari/537.36 (compatible; GoogleOther)"
66.249.70.196 - - [26/Sep/2026:13:14:19 +0800] "GET /?action=edit&file=Opcode.pm&path=%2F%2Flib64%2Fperl5 HTTP/1.1" 200 7454 "-" "Mozilla/5.0 (Linux; Android 6.0.1; Nexus 5X Build/MMB29P) AppleWebKit/537.36 (KHTML, like Gecko) Chrome/153.0.8010.52 Mobile Safari/537.36 (compatible; GoogleOther)"
66.249.70.196 - - [26/Sep/2026:13:20:23 +0800] "GET /?action=edit&file=cracklib_dict.hwm&path=%2F%2Flib64 HTTP/1.1" 200 476 "-" "Mozilla/5.0 (Linux; Android 6.0.1; Nexus 5X Build/MMB29P) AppleWebKit/537.36 (KHTML, like Gecko) Chrome/153.0.8010.52 Mobile Safari/537.36 (compatible; GoogleOther)"
43.161.217.205 - - [26/Sep/2026:13:20:49 +0800] "GET /?path=/home/susukam1/public_html/shop.almashq.com/.well-known HTTP/1.1" 200 990 "-" "Mozilla/5.0 (iPhone; CPU iPhone OS 13_2_3 like Mac OS X) AppleWebKit/605.1.15 (KHTML, like Gecko) Version/13.0.3 Mobile/15E148 Safari/604.1"
66.249.70.196 - - [26/Sep/2026:13:21:29 +0800] "GET /?path=%2F%2Flib64%2Fconntrack-tools HTTP/1.1" 200 922 "-" "Mozilla/5.0 (Linux; Android 6.0.1; Nexus 5X Build/MMB29P) AppleWebKit/537.36 (KHTML, like Gecko) Chrome/153.0.8010.52 Mobile Safari/537.36 (compatible; GoogleOther)"
66.249.70.197 - - [26/Sep/2026:13:22:58 +0800] "GET /?action=edit&file=libncurses%2B%2B.so&path=%2F%2Flib64 HTTP/1.1" 200 24306 "-" "Mozilla/5.0 (Linux; Android 6.0.1; Nexus 5X Build/MMB29P) AppleWebKit/537.36 (KHTML, like Gecko) Chrome/153.0.8010.52 Mobile Safari/537.36 (compatible; GoogleOther)"
66.249.70.196 - - [26/Sep/2026:13:23:23 +0800] "GET /?path=%2F%2Flib64%2Fcmake HTTP/1.1" 200 847 "-" "Mozilla/5.0 (Linux; Android 6.0.1; Nexus 5X Build/MMB29P) AppleWebKit/537.36 (KHTML, like Gecko) Chrome/153.0.8010.52 Mobile Safari/537.36 (compatible; GoogleOther)"
66.249.70.196 - - [26/Sep/2026:13:27:10 +0800] "GET /?path=%2F%2Flib64%2Frpm-plugins HTTP/1.1" 200 840 "-" "Mozilla/5.0 (Linux; Android 6.0.1; Nexus 5X Build/MMB29P) AppleWebKit/537.36 (KHTML, like Gecko) Chrome/153.0.8010.52 Mobile Safari/537.36 (compatible; GoogleOther)"
66.249.70.197 - - [26/Sep/2026:13:28:11 +0800] "GET /?action=edit&file=libtracker-sparql-3.0.so.0&path=%2F%2Flib64 HTTP/1.1" 200 273070 "-" "Mozilla/5.0 (Linux; Android 6.0.1; Nexus 5X Build/MMB29P) AppleWebKit/537.36 (KHTML, like Gecko) Chrome/153.0.8010.52 Mobile Safari/537.36 (compatible; GoogleOther)"
66.249.70.196 - - [26/Sep/2026:13:29:19 +0800] "GET /?action=edit&file=libgvplugin_visio.so.6&path=%2F%2Flib64%2Fgraphviz HTTP/1.1" 200 19681 "-" "Mozilla/5.0 (Linux; Android 6.0.1; Nexus 5X Build/MMB29P) AppleWebKit/537.36 (KHTML, like Gecko) Chrome/153.0.8010.52 Mobile Safari/537.36 (compatible; GoogleOther)"
66.249.70.196 - - [26/Sep/2026:13:19:36 +0800] "GET /?action=edit&file=libc_malloc_debug.so.0&path=%2F%2Flib64 HTTP/1.1" 200 20271 "-" "Mozilla/5.0 (Linux; Android 6.0.1; Nexus 5X Build/MMB29P) AppleWebKit/537.36 (KHTML, like Gecko) Chrome/153.0.8010.52 Mobile Safari/537.36 (compatible; GoogleOther)"
66.249.70.196 - - [26/Sep/2026:13:20:10 +0800] "GET /?action=edit&file=random&path=%2F%2Fdev HTTP/1.1" 200 448 "-" "Mozilla/5.0 (Linux; Android 6.0.1; Nexus 5X Build/MMB29P) AppleWebKit/537.36 (KHTML, like Gecko) Chrome/153.0.8010.52 Mobile Safari/537.36 (compatible; GoogleOther)"
66.249.70.196 - - [26/Sep/2026:13:20:35 +0800] "GET /?action=edit&file=liburcu-mb.so.6&path=%2F%2Flib64 HTTP/1.1" 200 13536 "-" "Mozilla/5.0 (Linux; Android 6.0.1; Nexus 5X Build/MMB29P) AppleWebKit/537.36 (KHTML, like Gecko) Chrome/153.0.8010.52 Mobile Safari/537.36 (compatible; GoogleOther)"
66.249.70.196 - - [26/Sep/2026:13:20:53 +0800] "GET /?action=edit&file=libib_util.so&path=%2F%2Flib64 HTTP/1.1" 200 2833 "-" "Mozilla/5.0 (Linux; Android 6.0.1; Nexus 5X Build/MMB29P) AppleWebKit/537.36 (KHTML, like Gecko) Chrome/153.0.8010.52 Mobile Safari/537.36 (compatible; GoogleOther)"
66.249.70.198 - - [26/Sep/2026:13:22:04 +0800] "GET /?action=edit&file=libib_util.so&path=%2F%2Flib64 HTTP/1.1" 200 2833 "-" "Mozilla/5.0 (Linux; Android 6.0.1; Nexus 5X Build/MMB29P) AppleWebKit/537.36 (KHTML, like Gecko) Chrome/153.0.8010.52 Mobile Safari/537.36 (compatible; GoogleOther)"
66.249.70.196 - - [26/Sep/2026:13:26:22 +0800] "GET /?path=%2F%2Flib64%2Falsa-lib HTTP/1.1" 200 835 "-" "Mozilla/5.0 (Linux; Android 6.0.1; Nexus 5X Build/MMB29P) AppleWebKit/537.36 (KHTML, like Gecko) Chrome/153.0.8010.52 Mobile Safari/537.36 (compatible; GoogleOther)"
66.249.70.196 - - [26/Sep/2026:13:28:32 +0800] "GET /?action=edit&file=eppic_makedumpfile.so&path=%2F%2Flib64 HTTP/1.1" 200 108842 "-" "Mozilla/5.0 (Linux; Android 6.0.1; Nexus 5X Build/MMB29P) AppleWebKit/537.36 (KHTML, like Gecko) Chrome/153.0.8010.52 Mobile Safari/537.36 (compatible; GoogleOther)"
66.249.70.197 - - [26/Sep/2026:13:30:15 +0800] "GET /?action=edit&file=Config_git.pl&path=%2F%2Flib64%2Fperl5 HTTP/1.1" 200 721 "-" "Mozilla/5.0 (Linux; Android 6.0.1; Nexus 5X Build/MMB29P) AppleWebKit/537.36 (KHTML, like Gecko) Chrome/153.0.8010.52 Mobile Safari/537.36 (compatible; GoogleOther)"
66.249.70.196 - - [26/Sep/2026:13:26:34 +0800] "GET /?path=//lib64/graphviz HTTP/1.1" 200 1077 "-" "Mozilla/5.0 (Linux; Android 6.0.1; Nexus 5X Build/MMB29P) AppleWebKit/537.36 (KHTML, like Gecko) Chrome/153.0.8010.52 Mobile Safari/537.36 (compatible; GoogleOther)"
66.249.70.196 - - [26/Sep/2026:13:26:55 +0800] "GET /?action=edit&file=eppic_makedumpfile.so&path=%2F%2Flib64 HTTP/1.1" 200 108842 "-" "Mozilla/5.0 (Linux; Android 6.0.1; Nexus 5X Build/MMB29P) AppleWebKit/537.36 (KHTML, like Gecko) Chrome/153.0.8010.52 Mobile Safari/537.36 (compatible; GoogleOther)"
66.249.70.198 - - [26/Sep/2026:13:28:57 +0800] "GET /?path=%2F%2Flib64%2Fcifs-utils HTTP/1.1" 200 810 "-" "Mozilla/5.0 (Linux; Android 6.0.1; Nexus 5X Build/MMB29P) AppleWebKit/537.36 (KHTML, like Gecko) Chrome/153.0.8010.52 Mobile Safari/537.36 (compatible; GoogleOther)"
66.249.70.196 - - [26/Sep/2026:13:29:47 +0800] "GET /?path=%2F%2Flib64%2Frsyslog HTTP/1.1" 200 1244 "-" "Mozilla/5.0 (Linux; Android 6.0.1; Nexus 5X Build/MMB29P) AppleWebKit/537.36 (KHTML, like Gecko) Chrome/153.0.8010.52 Mobile Safari/537.36 (compatible; GoogleOther)"
66.249.70.196 - - [26/Sep/2026:13:29:53 +0800] "GET /?action=edit&file=Config_git.pl&path=%2F%2Flib64%2Fperl5 HTTP/1.1" 200 721 "-" "Mozilla/5.0 (Linux; Android 6.0.1; Nexus 5X Build/MMB29P) AppleWebKit/537.36 (KHTML, like Gecko) Chrome/153.0.8010.52 Mobile Safari/537.36 (compatible; GoogleOther)"
66.249.70.196 - - [26/Sep/2026:13:30:05 +0800] "GET /?path=%2F%2Flib64%2Frsyslog HTTP/1.1" 200 1244 "-" "Mozilla/5.0 (Linux; Android 6.0.1; Nexus 5X Build/MMB29P) AppleWebKit/537.36 (KHTML, like Gecko) Chrome/153.0.8010.52 Mobile Safari/537.36 (compatible; GoogleOther)"
66.249.70.196 - - [26/Sep/2026:13:30:31 +0800] "GET /?path=%2F%2Flib64%2Fc%2B%2B-plesk-13.2.0 HTTP/1.1" 200 785 "-" "Mozilla/5.0 (Linux; Android 6.0.1; Nexus 5X Build/MMB29P) AppleWebKit/537.36 (KHTML, like Gecko) Chrome/153.0.8010.52 Mobile Safari/537.36 (compatible; GoogleOther)"
66.249.70.196 - - [26/Sep/2026:13:31:03 +0800] "GET /?path=%2F%2Flib64%2Fxtables HTTP/1.1" 200 2321 "-" "Mozilla/5.0 (Linux; Android 6.0.1; Nexus 5X Build/MMB29P) AppleWebKit/537.36 (KHTML, like Gecko) Chrome/153.0.8010.52 Mobile Safari/537.36 (compatible; GoogleOther)"
66.249.70.196 - - [26/Sep/2026:13:31:20 +0800] "GET /?action=edit&file=package.json&path=%2F%2Flib%2Fnode_modules%2Fnpm HTTP/1.1" 200 3015 "-" "Mozilla/5.0 (Linux; Android 6.0.1; Nexus 5X Build/MMB29P) AppleWebKit/537.36 (KHTML, like Gecko) Chrome/153.0.8010.52 Mobile Safari/537.36 (compatible; GoogleOther)"
