74.7.243.213 - - [26/Sep/2026:04:55:31 +0800] "GET /?action=edit&file=block.json&path=%2Fhome%2Fsusukam1%2Fpublic_html%2Fshop.almashq.com%2Fwp-includes%2Fblocks%2Fquote HTTP/2" 200 36477 "https://susukambingalmas.com/?path=%2Fhome%2Fsusukam1%2Fpublic_html%2Fshop.almashq.com%2Fwp-includes%2Fblocks%2Fquote" "Mozilla/5.0 AppleWebKit/537.36 (KHTML, like Gecko; compatible; GPTBot/1.4; +https://openai.com/gptbot)"
74.7.243.213 - - [26/Sep/2026:04:55:39 +0800] "GET /?action=edit&file=block.json&path=%2Fhome%2Fsusukam1%2Fpublic_html%2Fshop.almashq.com%2Fwp-includes%2Fblocks%2Fembed HTTP/2" 429 0 "https://susukambingalmas.com/?path=%2Fhome%2Fsusukam1%2Fpublic_html%2Fshop.almashq.com%2Fwp-includes%2Fblocks%2Fembed" "Mozilla/5.0 AppleWebKit/537.36 (KHTML, like Gecko; compatible; GPTBot/1.4; +https://openai.com/gptbot)"
74.7.243.213 - - [26/Sep/2026:04:55:46 +0800] "GET /?action=edit&file=block.json&path=%2Fhome%2Fsusukam1%2Fpublic_html%2Fshop.almashq.com%2Fwp-includes%2Fblocks%2Ftable HTTP/2" 429 0 "https://susukambingalmas.com/?path=%2Fhome%2Fsusukam1%2Fpublic_html%2Fshop.almashq.com%2Fwp-includes%2Fblocks%2Ftable" "Mozilla/5.0 AppleWebKit/537.36 (KHTML, like Gecko; compatible; GPTBot/1.4; +https://openai.com/gptbot)"
74.7.243.213 - - [26/Sep/2026:04:55:55 +0800] "GET /?action=edit&file=block.json&path=%2Fhome%2Fsusukam1%2Fpublic_html%2Fshop.almashq.com%2Fwp-includes%2Fblocks%2Faudio HTTP/2" 429 0 "https://susukambingalmas.com/?path=%2Fhome%2Fsusukam1%2Fpublic_html%2Fshop.almashq.com%2Fwp-includes%2Fblocks%2Faudio" "Mozilla/5.0 AppleWebKit/537.36 (KHTML, like Gecko; compatible; GPTBot/1.4; +https://openai.com/gptbot)"
74.7.243.213 - - [26/Sep/2026:04:56:10 +0800] "GET /?path=%2Fhome%2Fsusukam1%2Fpublic_html%2Fshop.almashq.com%2Fwp-includes%2Fblocks%2Fpullquote HTTP/2" 429 0 "https://susukambingalmas.com/?path=%2Fhome%2Fsusukam1%2Fpublic_html%2Fshop.almashq.com%2Fwp-includes%2Fblocks" "Mozilla/5.0 AppleWebKit/537.36 (KHTML, like Gecko; compatible; GPTBot/1.4; +https://openai.com/gptbot)"
74.7.243.213 - - [26/Sep/2026:04:56:30 +0800] "GET /?path=%2Fhome%2Fsusukam1%2Fpublic_html%2Fshop.almashq.com%2Fwp-includes%2Fblocks%2Fsearch HTTP/2" 429 0 "https://susukambingalmas.com/?path=%2Fhome%2Fsusukam1%2Fpublic_html%2Fshop.almashq.com%2Fwp-includes%2Fblocks" "Mozilla/5.0 AppleWebKit/537.36 (KHTML, like Gecko; compatible; GPTBot/1.4; +https://openai.com/gptbot)"
74.7.243.213 - - [26/Sep/2026:04:56:50 +0800] "GET /?path=%2Fhome%2Fsusukam1%2Fpublic_html%2Fshop.almashq.com%2Fwp-includes%2Fblocks%2Fcolumn HTTP/2" 429 0 "https://susukambingalmas.com/?path=%2Fhome%2Fsusukam1%2Fpublic_html%2Fshop.almashq.com%2Fwp-includes%2Fblocks" "Mozilla/5.0 AppleWebKit/537.36 (KHTML, like Gecko; compatible; GPTBot/1.4; +https://openai.com/gptbot)"
74.7.243.213 - - [26/Sep/2026:04:57:10 +0800] "GET /?path=%2F%2Fopt%2Fcloudlinux-site-optimization-module HTTP/2" 200 35917 "https://susukambingalmas.com/?path=//opt" "Mozilla/5.0 AppleWebKit/537.36 (KHTML, like Gecko; compatible; GPTBot/1.4; +https://openai.com/gptbot)"
74.7.243.213 - - [26/Sep/2026:04:57:30 +0800] "GET /?path=//opt/i360_pam_imunify/db HTTP/2" 200 749 "https://susukambingalmas.com/?path=%2F%2Fopt%2Fi360_pam_imunify%2Fdb" "Mozilla/5.0 AppleWebKit/537.36 (KHTML, like Gecko; compatible; GPTBot/1.4; +https://openai.com/gptbot)"
74.7.243.213 - - [26/Sep/2026:04:57:46 +0800] "GET /?path=//opt/i360_pam_imunify/pure-ftpd HTTP/2" 200 753 "https://susukambingalmas.com/?path=%2F%2Fopt%2Fi360_pam_imunify%2Fpure-ftpd" "Mozilla/5.0 AppleWebKit/537.36 (KHTML, like Gecko; compatible; GPTBot/1.4; +https://openai.com/gptbot)"
74.7.243.213 - - [26/Sep/2026:04:57:59 +0800] "GET /?path=%2Fhome%2Fsusukam1%2Fpublic_html%2Fshop.almashq.com%2Fwp-includes%2Fblocks%2Fspacer HTTP/2" 200 36089 "https://susukambingalmas.com/?path=%2Fhome%2Fsusukam1%2Fpublic_html%2Fshop.almashq.com%2Fwp-includes%2Fblocks" "Mozilla/5.0 AppleWebKit/537.36 (KHTML, like Gecko; compatible; GPTBot/1.4; +https://openai.com/gptbot)"
74.7.243.213 - - [26/Sep/2026:04:58:09 +0800] "GET /?path=%2Fhome%2Fsusukam1%2Fpublic_html%2Fshop.almashq.com%2Fwp-includes%2Fblocks%2Fdetails HTTP/2" 200 36090 "https://susukambingalmas.com/?path=%2Fhome%2Fsusukam1%2Fpublic_html%2Fshop.almashq.com%2Fwp-includes%2Fblocks" "Mozilla/5.0 AppleWebKit/537.36 (KHTML, like Gecko; compatible; GPTBot/1.4; +https://openai.com/gptbot)"
74.7.243.213 - - [26/Sep/2026:04:58:17 +0800] "GET /?action=edit&file=LICENSE&path=%2Fhome%2Fsusukam1%2Fpublic_html%2Fmykursuskahwin.com.my%2Fwp-content%2Fplugins%2Fsoftaculous-pro HTTP/2" 429 0 "https://susukambingalmas.com/?path=%2Fhome%2Fsusukam1%2Fpublic_html%2Fmykursuskahwin.com.my%2Fwp-content%2Fplugins%2Fsoftaculous-pro" "Mozilla/5.0 AppleWebKit/537.36 (KHTML, like Gecko; compatible; GPTBot/1.4; +https://openai.com/gptbot)"
74.7.243.213 - - [26/Sep/2026:04:58:24 +0800] "GET /?path=%2Fhome%2Fsusukam1%2Fpublic_html%2Fshop.almashq.com%2Fwp-includes%2Fblocks%2Fplaylist HTTP/2" 429 0 "https://susukambingalmas.com/?path=%2Fhome%2Fsusukam1%2Fpublic_html%2Fshop.almashq.com%2Fwp-includes%2Fblocks" "Mozilla/5.0 AppleWebKit/537.36 (KHTML, like Gecko; compatible; GPTBot/1.4; +https://openai.com/gptbot)"
74.7.243.213 - - [26/Sep/2026:04:58:34 +0800] "GET /?path=%2Fhome%2Fsusukam1%2Fpublic_html%2Fshop.almashq.com%2Fwp-includes%2Fblocks%2Ftag-cloud HTTP/2" 429 0 "https://susukambingalmas.com/?path=%2Fhome%2Fsusukam1%2Fpublic_html%2Fshop.almashq.com%2Fwp-includes%2Fblocks" "Mozilla/5.0 AppleWebKit/537.36 (KHTML, like Gecko; compatible; GPTBot/1.4; +https://openai.com/gptbot)"
74.7.243.213 - - [26/Sep/2026:04:58:49 +0800] "GET /?path=%2Fhome%2Fsusukam1%2Fpublic_html%2Fshop.almashq.com%2Fwp-includes%2Fblocks%2Fpost-date HTTP/2" 429 0 "https://susukambingalmas.com/?path=%2Fhome%2Fsusukam1%2Fpublic_html%2Fshop.almashq.com%2Fwp-includes%2Fblocks" "Mozilla/5.0 AppleWebKit/537.36 (KHTML, like Gecko; compatible; GPTBot/1.4; +https://openai.com/gptbot)"
74.7.243.213 - - [26/Sep/2026:04:59:09 +0800] "GET /?path=%2Fhome%2Fsusukam1%2Fpublic_html%2Fshop.almashq.com%2Fwp-includes%2Fblocks%2Fterm-name HTTP/2" 429 0 "https://susukambingalmas.com/?path=%2Fhome%2Fsusukam1%2Fpublic_html%2Fshop.almashq.com%2Fwp-includes%2Fblocks" "Mozilla/5.0 AppleWebKit/537.36 (KHTML, like Gecko; compatible; GPTBot/1.4; +https://openai.com/gptbot)"
74.7.243.213 - - [26/Sep/2026:04:59:28 +0800] "GET /?path=%2Fhome%2Fsusukam1%2Fpublic_html%2Fshop.almashq.com%2Fwp-includes%2Fblocks%2Ftab-panels HTTP/2" 429 0 "https://susukambingalmas.com/?path=%2Fhome%2Fsusukam1%2Fpublic_html%2Fshop.almashq.com%2Fwp-includes%2Fblocks" "Mozilla/5.0 AppleWebKit/537.36 (KHTML, like Gecko; compatible; GPTBot/1.4; +https://openai.com/gptbot)"
74.7.243.213 - - [26/Sep/2026:04:59:49 +0800] "GET /?path=//opt/cloudlinux-site-optimization-module HTTP/2" 200 889 "https://susukambingalmas.com/?path=%2F%2Fopt%2Fcloudlinux-site-optimization-module" "Mozilla/5.0 AppleWebKit/537.36 (KHTML, like Gecko; compatible; GPTBot/1.4; +https://openai.com/gptbot)"
74.7.243.213 - - [26/Sep/2026:05:00:08 +0800] "GET /?path=%2Fhome%2Fsusukam1%2Fpublic_html%2Fshop.almashq.com%2Fwp-includes%2Fblocks%2Ftab-panel HTTP/2" 200 35963 "https://susukambingalmas.com/?path=%2Fhome%2Fsusukam1%2Fpublic_html%2Fshop.almashq.com%2Fwp-includes%2Fblocks" "Mozilla/5.0 AppleWebKit/537.36 (KHTML, like Gecko; compatible; GPTBot/1.4; +https://openai.com/gptbot)"
74.7.243.213 - - [26/Sep/2026:05:00:25 +0800] "GET /?path=%2Fhome%2Fsusukam1%2Fpublic_html%2Fshop.almashq.com%2Fwp-includes%2Fblocks%2Fterm-count HTTP/2" 200 36049 "https://susukambingalmas.com/?path=%2Fhome%2Fsusukam1%2Fpublic_html%2Fshop.almashq.com%2Fwp-includes%2Fblocks" "Mozilla/5.0 AppleWebKit/537.36 (KHTML, like Gecko; compatible; GPTBot/1.4; +https://openai.com/gptbot)"
74.7.243.213 - - [26/Sep/2026:05:00:37 +0800] "GET /?path=%2Fhome%2Fsusukam1%2Fpublic_html%2Fshop.almashq.com%2Fwp-includes%2Fblocks%2Fsite-logo HTTP/2" 200 36117 "https://susukambingalmas.com/?path=%2Fhome%2Fsusukam1%2Fpublic_html%2Fshop.almashq.com%2Fwp-includes%2Fblocks" "Mozilla/5.0 AppleWebKit/537.36 (KHTML, like Gecko; compatible; GPTBot/1.4; +https://openai.com/gptbot)"
74.7.243.213 - - [26/Sep/2026:05:00:48 +0800] "GET /?action=edit&file=block.json&path=%2Fhome%2Fsusukam1%2Fpublic_html%2Fshop.almashq.com%2Fwp-includes%2Fblocks%2Fspacer HTTP/2" 200 35989 "https://susukambingalmas.com/?path=%2Fhome%2Fsusukam1%2Fpublic_html%2Fshop.almashq.com%2Fwp-includes%2Fblocks%2Fspacer" "Mozilla/5.0 AppleWebKit/537.36 (KHTML, like Gecko; compatible; GPTBot/1.4; +https://openai.com/gptbot)"
74.7.243.213 - - [26/Sep/2026:05:00:56 +0800] "GET /?action=edit&file=block.json&path=%2Fhome%2Fsusukam1%2Fpublic_html%2Fshop.almashq.com%2Fwp-includes%2Fblocks%2Fdetails HTTP/2" 429 0 "https://susukambingalmas.com/?path=%2Fhome%2Fsusukam1%2Fpublic_html%2Fshop.almashq.com%2Fwp-includes%2Fblocks%2Fdetails" "Mozilla/5.0 AppleWebKit/537.36 (KHTML, like Gecko; compatible; GPTBot/1.4; +https://openai.com/gptbot)"
74.7.243.213 - - [26/Sep/2026:05:01:02 +0800] "GET /?action=edit&file=package.json&path=%2Fhome%2Fsusukam1%2Fpublic_html%2Fmykursuskahwin.com.my%2Fwp-content%2Fplugins%2Flitespeed-cache HTTP/2" 429 0 "https://susukambingalmas.com/?path=%2Fhome%2Fsusukam1%2Fpublic_html%2Fmykursuskahwin.com.my%2Fwp-content%2Fplugins%2Flitespeed-cache" "Mozilla/5.0 AppleWebKit/537.36 (KHTML, like Gecko; compatible; GPTBot/1.4; +https://openai.com/gptbot)"
74.7.243.213 - - [26/Sep/2026:05:01:12 +0800] "GET /?path=/home/susukam1/public_html/shop.almashq.com/wp-includes/blocks/post-navigation-link HTTP/2" 429 0 "https://susukambingalmas.com/?path=%2Fhome%2Fsusukam1%2Fpublic_html%2Fshop.almashq.com%2Fwp-includes%2Fblocks%2Fpost-navigation-link" "Mozilla/5.0 AppleWebKit/537.36 (KHTML, like Gecko; compatible; GPTBot/1.4; +https://openai.com/gptbot)"
74.7.243.213 - - [26/Sep/2026:05:01:27 +0800] "GET /?action=edit&file=visitors.png&path=%2Fhome%2Fsusukam1%2Fpublic_html%2Fmykursuskahwin.com.my%2Fwp-content%2Fplugins%2Fvisitors-traffic-real-time-statistics%2Fimages HTTP/2" 429 0 "https://susukambingalmas.com/?path=%2Fhome%2Fsusukam1%2Fpublic_html%2Fmykursuskahwin.com.my%2Fwp-content%2Fplugins%2Fvisitors-traffic-real-time-statistics%2Fimages" "Mozilla/5.0 AppleWebKit/537.36 (KHTML, like Gecko; compatible; GPTBot/1.4; +https://openai.com/gptbot)"
74.7.243.213 - - [26/Sep/2026:05:01:47 +0800] "GET /?path=%2Fhome%2Fsusukam1%2Fpublic_html%2Fshop.almashq.com%2Fwp-includes%2Fblock-supports HTTP/2" 429 0 "https://susukambingalmas.com/?path=%2Fhome%2Fsusukam1%2Fpublic_html%2Fshop.almashq.com%2Fwp-includes" "Mozilla/5.0 AppleWebKit/537.36 (KHTML, like Gecko; compatible; GPTBot/1.4; +https://openai.com/gptbot)"
74.7.243.213 - - [26/Sep/2026:05:02:07 +0800] "GET /?path=%2Fhome%2Fsusukam1%2Fpublic_html%2Fshop.almashq.com%2Fwp-includes%2FRequests HTTP/2" 429 0 "https://susukambingalmas.com/?path=%2Fhome%2Fsusukam1%2Fpublic_html%2Fshop.almashq.com%2Fwp-includes" "Mozilla/5.0 AppleWebKit/537.36 (KHTML, like Gecko; compatible; GPTBot/1.4; +https://openai.com/gptbot)"
101.99.69.250 - - [26/Sep/2026:05:02:29 +0800] "POST /wp-cron.php?doing_wp_cron=1790370149.4750170707702636718750 HTTP/1.1" 200 0 "-" "WordPress/7.1.2; https://susukambingalmas.com"
74.7.243.213 - - [26/Sep/2026:05:02:27 +0800] "GET /?path=%2Fhome%2Fsusukam1%2Fpublic_html%2Fshop.almashq.com%2Fwp-includes%2Fimages HTTP/2" 200 36287 "https://susukambingalmas.com/?path=%2Fhome%2Fsusukam1%2Fpublic_html%2Fshop.almashq.com%2Fwp-includes" "Mozilla/5.0 AppleWebKit/537.36 (KHTML, like Gecko; compatible; GPTBot/1.4; +https://openai.com/gptbot)"
74.7.243.213 - - [26/Sep/2026:05:02:47 +0800] "GET /?action=edit&file=block.json&path=%2Fhome%2Fsusukam1%2Fpublic_html%2Fshop.almashq.com%2Fwp-includes%2Fblocks%2Ftab-panel HTTP/2" 200 36040 "https://susukambingalmas.com/?path=%2Fhome%2Fsusukam1%2Fpublic_html%2Fshop.almashq.com%2Fwp-includes%2Fblocks%2Ftab-panel" "Mozilla/5.0 AppleWebKit/537.36 (KHTML, like Gecko; compatible; GPTBot/1.4; +https://openai.com/gptbot)"
74.7.243.213 - - [26/Sep/2026:05:03:03 +0800] "GET /?action=edit&file=next.png&path=%2Fhome%2Fsusukam1%2Fpublic_html%2Fmykursuskahwin.com.my%2Fwp-content%2Fplugins%2Fpagelayer%2Fimages%2Fnivo-icons HTTP/2" 200 36549 "https://susukambingalmas.com/?path=%2Fhome%2Fsusukam1%2Fpublic_html%2Fmykursuskahwin.com.my%2Fwp-content%2Fplugins%2Fpagelayer%2Fimages%2Fnivo-icons" "Mozilla/5.0 AppleWebKit/537.36 (KHTML, like Gecko; compatible; GPTBot/1.4; +https://openai.com/gptbot)"
74.7.243.213 - - [26/Sep/2026:05:03:16 +0800] "GET /?action=edit&file=block.json&path=%2Fhome%2Fsusukam1%2Fpublic_html%2Fshop.almashq.com%2Fwp-includes%2Fblocks%2Fsite-logo HTTP/2" 200 36240 "https://susukambingalmas.com/?path=%2Fhome%2Fsusukam1%2Fpublic_html%2Fshop.almashq.com%2Fwp-includes%2Fblocks%2Fsite-logo" "Mozilla/5.0 AppleWebKit/537.36 (KHTML, like Gecko; compatible; GPTBot/1.4; +https://openai.com/gptbot)"
74.7.243.213 - - [26/Sep/2026:05:03:26 +0800] "GET /?action=edit&file=block.json&path=%2Fhome%2Fsusukam1%2Fpublic_html%2Fshop.almashq.com%2Fwp-includes%2Fblocks%2Fterm-count HTTP/2" 200 36073 "https://susukambingalmas.com/?path=%2Fhome%2Fsusukam1%2Fpublic_html%2Fshop.almashq.com%2Fwp-includes%2Fblocks%2Fterm-count" "Mozilla/5.0 AppleWebKit/537.36 (KHTML, like Gecko; compatible; GPTBot/1.4; +https://openai.com/gptbot)"
101.99.69.250 - - [26/Sep/2026:04:49:16 +0800] "POST /wp-cron.php?doing_wp_cron=1790369356.1266920566558837890625 HTTP/1.1" 200 0 "-" "WordPress/7.1.2; https://susukambingalmas.com"
118.194.233.253 - - [26/Sep/2026:04:55:55 +0800] "GET / HTTP/1.1" 200 219868 "-" "Mozilla/5.0 (Macintosh; Intel Mac OS X 10_15_7) AppleWebKit/537.36 (KHTML, like Gecko) Chrome/120.0.0.0 Safari/537.36 Edg/120.0.0.0"
118.194.233.253 - - [26/Sep/2026:04:56:19 +0800] "GET /robots.txt HTTP/1.1" 200 1549 "-" "Mozilla/5.0 (Macintosh; Intel Mac OS X 10_15_7) AppleWebKit/537.36 (KHTML, like Gecko) Chrome/120.0.0.0 Safari/537.36 Edg/120.0.0.0"
118.194.233.253 - - [26/Sep/2026:04:56:38 +0800] "GET /wp-content/plugins/elementor/readme.txt HTTP/1.1" 200 10626 "-" "Mozilla/5.0 (Android 2.0.1; Mobile; rv:59.0) Gecko/59.0 Firefox/59.0"
118.194.233.253 - - [26/Sep/2026:04:56:39 +0800] "GET /wp-content/plugins/notificationx/readme.txt HTTP/1.1" 200 32869 "-" "Mozilla/5.0 (Android 2.0.1; Mobile; rv:59.0) Gecko/59.0 Firefox/59.0"
118.194.233.253 - - [26/Sep/2026:04:56:42 +0800] "GET /wp-content/plugins/*\",\"/readme.txt HTTP/1.1" 200 32878 "-" "Mozilla/5.0 (Android 2.0.1; Mobile; rv:59.0) Gecko/59.0 Firefox/59.0"
101.99.69.250 - - [26/Sep/2026:04:59:49 +0800] "POST /wp-cron.php?doing_wp_cron=1790369989.4732060432434082031250 HTTP/1.1" 200 0 "-" "WordPress/7.1.2; https://susukambingalmas.com"
101.99.69.250 - - [26/Sep/2026:05:00:25 +0800] "POST /wp-cron.php?doing_wp_cron=1790370025.7772459983825683593750 HTTP/1.1" 200 0 "-" "WordPress/7.1.2; https://susukambingalmas.com"
74.7.243.213 - - [26/Sep/2026:05:03:34 +0800] "GET /?action=edit&file=tiltOpacity-bottom.svg&path=%2Fhome%2Fsusukam1%2Fpublic_html%2Fmykursuskahwin.com.my%2Fwp-content%2Fplugins%2Fpagelayer%2Fimages%2Fshapes HTTP/2" 429 0 "https://susukambingalmas.com/?path=%2Fhome%2Fsusukam1%2Fpublic_html%2Fmykursuskahwin.com.my%2Fwp-content%2Fplugins%2Fpagelayer%2Fimages%2Fshapes" "Mozilla/5.0 AppleWebKit/537.36 (KHTML, like Gecko; compatible; GPTBot/1.4; +https://openai.com/gptbot)"
74.7.243.213 - - [26/Sep/2026:05:03:41 +0800] "GET /?action=edit&file=bigTriangle-bottom.svg&path=%2Fhome%2Fsusukam1%2Fpublic_html%2Fmykursuskahwin.com.my%2Fwp-content%2Fplugins%2Fpagelayer%2Fimages%2Fshapes HTTP/2" 429 0 "https://susukambingalmas.com/?path=%2Fhome%2Fsusukam1%2Fpublic_html%2Fmykursuskahwin.com.my%2Fwp-content%2Fplugins%2Fpagelayer%2Fimages%2Fshapes" "Mozilla/5.0 AppleWebKit/537.36 (KHTML, like Gecko; compatible; GPTBot/1.4; +https://openai.com/gptbot)"
74.7.243.213 - - [26/Sep/2026:05:03:50 +0800] "GET /?action=edit&file=wpcentral_product.png&path=%2Fhome%2Fsusukam1%2Fpublic_html%2Fmykursuskahwin.com.my%2Fwp-content%2Fplugins%2Floginizer%2Fassets%2Fimages HTTP/2" 429 0 "https://susukambingalmas.com/?path=%2Fhome%2Fsusukam1%2Fpublic_html%2Fmykursuskahwin.com.my%2Fwp-content%2Fplugins%2Floginizer%2Fassets%2Fimages" "Mozilla/5.0 AppleWebKit/537.36 (KHTML, like Gecko; compatible; GPTBot/1.4; +https://openai.com/gptbot)"
74.7.243.213 - - [26/Sep/2026:05:04:05 +0800] "GET /?action=edit&file=web.config&path=%2Fhome%2Fsusukam1%2Fpublic_html%2Fshop.almashq.com%2Fwp-content%2Fai1wm-backups HTTP/2" 429 0 "https://susukambingalmas.com/?path=%2Fhome%2Fsusukam1%2Fpublic_html%2Fshop.almashq.com%2Fwp-content%2Fai1wm-backups" "Mozilla/5.0 AppleWebKit/537.36 (KHTML, like Gecko; compatible; GPTBot/1.4; +https://openai.com/gptbot)"
74.7.243.213 - - [26/Sep/2026:05:04:25 +0800] "GET /?path=%2F%2Fopt%2Fi360_wafd_imunify HTTP/2" 429 0 "https://susukambingalmas.com/?path=%2F%2Fopt" "Mozilla/5.0 AppleWebKit/537.36 (KHTML, like Gecko; compatible; GPTBot/1.4; +https://openai.com/gptbot)"
74.7.243.213 - - [26/Sep/2026:05:04:45 +0800] "GET /?path=%2Fhome%2Fsusukam1%2Fpublic_html%2Fmykursuskahwin.com.my%2Fwp-content%2Fplugins%2Fseo-by-rank-math%2Fincludes%2Fmodules%2Fstatus HTTP/2" 429 0 "https://susukambingalmas.com/?path=%2Fhome%2Fsusukam1%2Fpublic_html%2Fmykursuskahwin.com.my%2Fwp-content%2Fplugins%2Fseo-by-rank-math%2Fincludes%2Fmodules" "Mozilla/5.0 AppleWebKit/537.36 (KHTML, like Gecko; compatible; GPTBot/1.4; +https://openai.com/gptbot)"
74.7.243.213 - - [26/Sep/2026:05:05:05 +0800] "GET /?action=edit&file=down_arrow.gif&path=%2Fhome%2Fsusukam1%2Fpublic_html%2Fshop.almashq.com%2Fwp-includes%2Fimages HTTP/2" 200 35734 "https://susukambingalmas.com/?path=%2Fhome%2Fsusukam1%2Fpublic_html%2Fshop.almashq.com%2Fwp-includes%2Fimages" "Mozilla/5.0 AppleWebKit/537.36 (KHTML, like Gecko; compatible; GPTBot/1.4; +https://openai.com/gptbot)"
101.99.69.250 - - [26/Sep/2026:05:05:26 +0800] "POST /wp-cron.php?doing_wp_cron=1790370326.1688001155853271484375 HTTP/1.1" 200 0 "-" "WordPress/7.1.2; https://susukambingalmas.com"
74.7.243.213 - - [26/Sep/2026:05:05:25 +0800] "GET /?action=edit&file=blank.gif&path=%2Fhome%2Fsusukam1%2Fpublic_html%2Fshop.almashq.com%2Fwp-includes%2Fimages HTTP/2" 200 35673 "https://susukambingalmas.com/?path=%2Fhome%2Fsusukam1%2Fpublic_html%2Fshop.almashq.com%2Fwp-includes%2Fimages" "Mozilla/5.0 AppleWebKit/537.36 (KHTML, like Gecko; compatible; GPTBot/1.4; +https://openai.com/gptbot)"
101.99.69.250 - - [26/Sep/2026:04:49:36 +0800] "POST /wp-cron.php?doing_wp_cron=1790369376.0710508823394775390625 HTTP/1.1" 200 0 "-" "WordPress/7.1.2; https://susukambingalmas.com"
101.99.69.250 - - [26/Sep/2026:04:52:30 +0800] "POST /wp-cron.php?doing_wp_cron=1790369550.7176890373229980468750 HTTP/1.1" 200 0 "-" "WordPress/7.1.2; https://susukambingalmas.com"
101.99.69.250 - - [26/Sep/2026:04:56:21 +0800] "POST /wp-cron.php?doing_wp_cron=1790369781.7855210304260253906250 HTTP/1.1" 200 0 "-" "WordPress/7.1.2; https://susukambingalmas.com"
118.194.233.253 - - [26/Sep/2026:04:56:37 +0800] "GET /wp-content/plugins/pro-elements/readme.txt HTTP/1.1" 200 32870 "-" "Mozilla/5.0 (Android 2.0.1; Mobile; rv:59.0) Gecko/59.0 Firefox/59.0"
118.194.233.253 - - [26/Sep/2026:04:56:40 +0800] "GET /wp-content/plugins/woocommerce/readme.txt HTTP/1.1" 200 6263 "-" "Mozilla/5.0 (Android 2.0.1; Mobile; rv:59.0) Gecko/59.0 Firefox/59.0"
118.194.233.253 - - [26/Sep/2026:04:56:41 +0800] "GET /wp-content/plugins/notificationx-pro/readme.txt HTTP/1.1" 200 32875 "-" "Mozilla/5.0 (Android 2.0.1; Mobile; rv:59.0) Gecko/59.0 Firefox/59.0"
118.194.233.253 - - [26/Sep/2026:04:56:44 +0800] "GET /wp-content/themes/astra/readme.txt HTTP/1.1" 200 3339 "-" "Mozilla/5.0 (Android 2.0.1; Mobile; rv:59.0) Gecko/59.0 Firefox/59.0"
101.99.69.250 - - [26/Sep/2026:05:03:26 +0800] "POST /wp-cron.php?doing_wp_cron=1790370206.8715529441833496093750 HTTP/1.1" 200 0 "-" "WordPress/7.1.2; https://susukambingalmas.com"
101.99.69.250 - - [26/Sep/2026:05:05:06 +0800] "POST /wp-cron.php?doing_wp_cron=1790370306.2213349342346191406250 HTTP/1.1" 200 0 "-" "WordPress/7.1.2; https://susukambingalmas.com"
101.99.69.250 - - [26/Sep/2026:04:54:32 +0800] "POST /wp-cron.php?doing_wp_cron=1790369672.7354540824890136718750 HTTP/1.1" 200 0 "-" "WordPress/7.1.2; https://susukambingalmas.com"
101.99.69.250 - - [26/Sep/2026:04:55:21 +0800] "POST /wp-cron.php?doing_wp_cron=1790369721.5263090133666992187500 HTTP/1.1" 200 0 "-" "WordPress/7.1.2; https://susukambingalmas.com"
118.194.233.253 - - [26/Sep/2026:04:56:17 +0800] "GET /wp-content/uploads/2025/07/cropped-produk11-192x192.jpeg HTTP/1.1" 403 1242 "-" "Mozilla/5.0 (Macintosh; Intel Mac OS X 10_15_7) AppleWebKit/537.36 (KHTML, like Gecko) Chrome/120.0.0.0 Safari/537.36 Edg/120.0.0.0"
118.194.233.253 - - [26/Sep/2026:04:56:21 +0800] "GET /sitemap.xml HTTP/1.1" 200 1474 "-" "Mozilla/5.0 (Macintosh; Intel Mac OS X 10_15_7) AppleWebKit/537.36 (KHTML, like Gecko) Chrome/120.0.0.0 Safari/537.36 Edg/120.0.0.0"
118.194.233.253 - - [26/Sep/2026:04:56:33 +0800] "GET /config.json HTTP/1.1" 200 32864 "-" "Mozilla/5.0 (Macintosh; Intel Mac OS X 10_7_0) AppleWebKit/535.11 (KHTML, like Gecko) Chrome/17.0.963.56 Safari/535.11"
118.194.233.253 - - [26/Sep/2026:04:56:39 +0800] "GET /wp-content/plugins/checkout-field-editor-and-manager-for-woocommerce/readme.txt HTTP/1.1" 200 3765 "-" "Mozilla/5.0 (Android 2.0.1; Mobile; rv:59.0) Gecko/59.0 Firefox/59.0"
118.194.233.253 - - [26/Sep/2026:04:56:43 +0800] "GET /wp-content/plugins/pixelyoursite/readme.txt HTTP/1.1" 200 15300 "-" "Mozilla/5.0 (Android 2.0.1; Mobile; rv:59.0) Gecko/59.0 Firefox/59.0"
101.99.69.250 - - [26/Sep/2026:04:57:31 +0800] "POST /wp-cron.php?doing_wp_cron=1790369851.0697710514068603515625 HTTP/1.1" 200 0 "-" "WordPress/7.1.2; https://susukambingalmas.com"
74.7.243.213 - - [26/Sep/2026:05:05:41 +0800] "GET /?action=edit&file=rss.png&path=%2Fhome%2Fsusukam1%2Fpublic_html%2Fshop.almashq.com%2Fwp-includes%2Fimages HTTP/2" 200 36293 "https://susukambingalmas.com/?path=%2Fhome%2Fsusukam1%2Fpublic_html%2Fshop.almashq.com%2Fwp-includes%2Fimages" "Mozilla/5.0 AppleWebKit/537.36 (KHTML, like Gecko; compatible; GPTBot/1.4; +https://openai.com/gptbot)"
74.7.243.213 - - [26/Sep/2026:05:05:54 +0800] "GET /?action=edit&file=xit.gif&path=%2Fhome%2Fsusukam1%2Fpublic_html%2Fshop.almashq.com%2Fwp-includes%2Fimages HTTP/2" 200 35879 "https://susukambingalmas.com/?path=%2Fhome%2Fsusukam1%2Fpublic_html%2Fshop.almashq.com%2Fwp-includes%2Fimages" "Mozilla/5.0 AppleWebKit/537.36 (KHTML, like Gecko; compatible; GPTBot/1.4; +https://openai.com/gptbot)"
74.7.243.213 - - [26/Sep/2026:05:06:04 +0800] "GET /?action=edit&file=w-logo-blue.png&path=%2Fhome%2Fsusukam1%2Fpublic_html%2Fshop.almashq.com%2Fwp-includes%2Fimages HTTP/2" 200 37983 "https://susukambingalmas.com/?path=%2Fhome%2Fsusukam1%2Fpublic_html%2Fshop.almashq.com%2Fwp-includes%2Fimages" "Mozilla/5.0 AppleWebKit/537.36 (KHTML, like Gecko; compatible; GPTBot/1.4; +https://openai.com/gptbot)"
74.7.243.213 - - [26/Sep/2026:05:06:12 +0800] "GET /?action=edit&file=wpspin.gif&path=%2Fhome%2Fsusukam1%2Fpublic_html%2Fshop.almashq.com%2Fwp-includes%2Fimages HTTP/2" 429 0 "https://susukambingalmas.com/?path=%2Fhome%2Fsusukam1%2Fpublic_html%2Fshop.almashq.com%2Fwp-includes%2Fimages" "Mozilla/5.0 AppleWebKit/537.36 (KHTML, like Gecko; compatible; GPTBot/1.4; +https://openai.com/gptbot)"
74.7.243.213 - - [26/Sep/2026:05:06:19 +0800] "GET /?action=edit&file=spinner.gif&path=%2Fhome%2Fsusukam1%2Fpublic_html%2Fshop.almashq.com%2Fwp-includes%2Fimages HTTP/2" 429 0 "https://susukambingalmas.com/?path=%2Fhome%2Fsusukam1%2Fpublic_html%2Fshop.almashq.com%2Fwp-includes%2Fimages" "Mozilla/5.0 AppleWebKit/537.36 (KHTML, like Gecko; compatible; GPTBot/1.4; +https://openai.com/gptbot)"
74.7.243.213 - - [26/Sep/2026:05:06:29 +0800] "GET /?action=edit&file=wpicons.png&path=%2Fhome%2Fsusukam1%2Fpublic_html%2Fshop.almashq.com%2Fwp-includes%2Fimages HTTP/2" 429 0 "https://susukambingalmas.com/?path=%2Fhome%2Fsusukam1%2Fpublic_html%2Fshop.almashq.com%2Fwp-includes%2Fimages" "Mozilla/5.0 AppleWebKit/537.36 (KHTML, like Gecko; compatible; GPTBot/1.4; +https://openai.com/gptbot)"
74.7.243.213 - - [26/Sep/2026:05:06:44 +0800] "GET /?action=edit&file=spinner-2x.gif&path=%2Fhome%2Fsusukam1%2Fpublic_html%2Fshop.almashq.com%2Fwp-includes%2Fimages HTTP/2" 429 0 "https://susukambingalmas.com/?path=%2Fhome%2Fsusukam1%2Fpublic_html%2Fshop.almashq.com%2Fwp-includes%2Fimages" "Mozilla/5.0 AppleWebKit/537.36 (KHTML, like Gecko; compatible; GPTBot/1.4; +https://openai.com/gptbot)"
74.7.243.213 - - [26/Sep/2026:05:07:04 +0800] "GET /?action=edit&file=rss-2x.png&path=%2Fhome%2Fsusukam1%2Fpublic_html%2Fshop.almashq.com%2Fwp-includes%2Fimages HTTP/2" 429 0 "https://susukambingalmas.com/?path=%2Fhome%2Fsusukam1%2Fpublic_html%2Fshop.almashq.com%2Fwp-includes%2Fimages" "Mozilla/5.0 AppleWebKit/537.36 (KHTML, like Gecko; compatible; GPTBot/1.4; +https://openai.com/gptbot)"
74.7.243.213 - - [26/Sep/2026:05:07:24 +0800] "GET /?action=edit&file=wpspin-2x.gif&path=%2Fhome%2Fsusukam1%2Fpublic_html%2Fshop.almashq.com%2Fwp-includes%2Fimages HTTP/2" 429 0 "https://susukambingalmas.com/?path=%2Fhome%2Fsusukam1%2Fpublic_html%2Fshop.almashq.com%2Fwp-includes%2Fimages" "Mozilla/5.0 AppleWebKit/537.36 (KHTML, like Gecko; compatible; GPTBot/1.4; +https://openai.com/gptbot)"
74.7.243.213 - - [26/Sep/2026:05:07:44 +0800] "GET /?action=edit&file=xit-2x.gif&path=%2Fhome%2Fsusukam1%2Fpublic_html%2Fshop.almashq.com%2Fwp-includes%2Fimages HTTP/2" 200 36151 "https://susukambingalmas.com/?path=%2Fhome%2Fsusukam1%2Fpublic_html%2Fshop.almashq.com%2Fwp-includes%2Fimages" "Mozilla/5.0 AppleWebKit/537.36 (KHTML, like Gecko; compatible; GPTBot/1.4; +https://openai.com/gptbot)"
74.7.243.213 - - [26/Sep/2026:05:08:04 +0800] "GET /?action=edit&file=wpicons-2x.png&path=%2Fhome%2Fsusukam1%2Fpublic_html%2Fshop.almashq.com%2Fwp-includes%2Fimages HTTP/2" 200 49192 "https://susukambingalmas.com/?path=%2Fhome%2Fsusukam1%2Fpublic_html%2Fshop.almashq.com%2Fwp-includes%2Fimages" "Mozilla/5.0 AppleWebKit/537.36 (KHTML, like Gecko; compatible; GPTBot/1.4; +https://openai.com/gptbot)"
101.99.69.250 - - [26/Sep/2026:05:08:20 +0800] "POST /wp-cron.php?doing_wp_cron=1790370500.7148599624633789062500 HTTP/1.1" 200 0 "-" "WordPress/7.1.2; https://susukambingalmas.com"
74.7.243.213 - - [26/Sep/2026:05:08:20 +0800] "GET /?path=%2Fhome%2Fsusukam1%2Fpublic_html%2Fshop.almashq.com%2Fwp-includes%2Fimages%2Ficon-library HTTP/2" 200 37124 "https://susukambingalmas.com/?path=%2Fhome%2Fsusukam1%2Fpublic_html%2Fshop.almashq.com%2Fwp-includes%2Fimages" "Mozilla/5.0 AppleWebKit/537.36 (KHTML, like Gecko; compatible; GPTBot/1.4; +https://openai.com/gptbot)"
74.7.243.213 - - [26/Sep/2026:05:08:32 +0800] "GET /?path=%2Fhome%2Fsusukam1%2Fpublic_html%2Fshop.almashq.com%2Fwp-includes%2Fimages%2Fmedia HTTP/2" 200 36174 "https://susukambingalmas.com/?path=%2Fhome%2Fsusukam1%2Fpublic_html%2Fshop.almashq.com%2Fwp-includes%2Fimages" "Mozilla/5.0 AppleWebKit/537.36 (KHTML, like Gecko; compatible; GPTBot/1.4; +https://openai.com/gptbot)"
74.7.243.213 - - [26/Sep/2026:05:08:43 +0800] "GET /?path=%2Fhome%2Fsusukam1%2Fpublic_html%2Fmykursuskahwin.com.my%2Fwp-content%2Fplugins%2Fseo-by-rank-math%2Fincludes%2Fmodules%2Fschema HTTP/2" 200 36168 "https://susukambingalmas.com/?path=%2Fhome%2Fsusukam1%2Fpublic_html%2Fmykursuskahwin.com.my%2Fwp-content%2Fplugins%2Fseo-by-rank-math%2Fincludes%2Fmodules" "Mozilla/5.0 AppleWebKit/537.36 (KHTML, like Gecko; compatible; GPTBot/1.4; +https://openai.com/gptbot)"
74.7.243.213 - - [26/Sep/2026:05:08:51 +0800] "GET /?action=edit&file=functions.php&path=%2Fhome%2Fsusukam1%2Fpublic_html%2Fmykursuskahwin.com.my%2Fwp-content%2Fplugins%2Fpagelayer-pro%2Fmain HTTP/2" 429 0 "https://susukambingalmas.com/?path=%2Fhome%2Fsusukam1%2Fpublic_html%2Fmykursuskahwin.com.my%2Fwp-content%2Fplugins%2Fpagelayer-pro%2Fmain" "Mozilla/5.0 AppleWebKit/537.36 (KHTML, like Gecko; compatible; GPTBot/1.4; +https://openai.com/gptbot)"
74.7.243.213 - - [26/Sep/2026:05:08:57 +0800] "GET /?action=edit&file=bashbug-64&path=%2F%2Fbin HTTP/2" 429 0 "https://susukambingalmas.com/?path=%2F%2Fbin" "Mozilla/5.0 AppleWebKit/537.36 (KHTML, like Gecko; compatible; GPTBot/1.4; +https://openai.com/gptbot)"
74.7.243.213 - - [26/Sep/2026:05:09:07 +0800] "GET /?action=edit&file=OpenSans-BoldItalic.ttf&path=%2Fhome%2Fsusukam1%2Fpublic_html%2Fmykursuskahwin.com.my%2Fwp-content%2Fplugins%2Fpagelayer%2Ffonts HTTP/2" 429 0 "https://susukambingalmas.com/?path=%2Fhome%2Fsusukam1%2Fpublic_html%2Fmykursuskahwin.com.my%2Fwp-content%2Fplugins%2Fpagelayer%2Ffonts" "Mozilla/5.0 AppleWebKit/537.36 (KHTML, like Gecko; compatible; GPTBot/1.4; +https://openai.com/gptbot)"
74.7.243.213 - - [26/Sep/2026:05:09:22 +0800] "GET /?path=%2Fhome%2Fsusukam1%2Fpublic_html%2Fshop.almashq.com%2Fwp-includes%2Fblocks%2Fbutton HTTP/2" 429 0 "https://susukambingalmas.com/?path=%2Fhome%2Fsusukam1%2Fpublic_html%2Fshop.almashq.com%2Fwp-includes%2Fblocks" "Mozilla/5.0 AppleWebKit/537.36 (KHTML, like Gecko; compatible; GPTBot/1.4; +https://openai.com/gptbot)"
74.7.243.213 - - [26/Sep/2026:05:09:42 +0800] "GET /?path=%2Fhome%2Fsusukam1%2Fpublic_html%2Fshop.almashq.com%2Fwp-includes%2Fblocks%2Fbuttons HTTP/2" 429 0 "https://susukambingalmas.com/?path=%2Fhome%2Fsusukam1%2Fpublic_html%2Fshop.almashq.com%2Fwp-includes%2Fblocks" "Mozilla/5.0 AppleWebKit/537.36 (KHTML, like Gecko; compatible; GPTBot/1.4; +https://openai.com/gptbot)"
74.7.243.213 - - [26/Sep/2026:05:10:02 +0800] "GET /?path=%2Fhome%2Fsusukam1%2Fpublic_html%2Fshop.almashq.com%2Fwp-includes%2Fphp-ai-client%2Fsrc%2FEvents HTTP/2" 429 0 "https://susukambingalmas.com/?path=%2Fhome%2Fsusukam1%2Fpublic_html%2Fshop.almashq.com%2Fwp-includes%2Fphp-ai-client%2Fsrc" "Mozilla/5.0 AppleWebKit/537.36 (KHTML, like Gecko; compatible; GPTBot/1.4; +https://openai.com/gptbot)"
74.7.243.213 - - [26/Sep/2026:05:10:22 +0800] "GET /?path=%2Fhome%2Fsusukam1%2Fpublic_html%2Fshop.almashq.com%2Fwp-includes%2Fblocks%2Fseparator HTTP/2" 429 0 "https://susukambingalmas.com/?path=%2Fhome%2Fsusukam1%2Fpublic_html%2Fshop.almashq.com%2Fwp-includes%2Fblocks" "Mozilla/5.0 AppleWebKit/537.36 (KHTML, like Gecko; compatible; GPTBot/1.4; +https://openai.com/gptbot)"
74.7.243.213 - - [26/Sep/2026:05:10:42 +0800] "GET /?path=%2Fhome%2Fsusukam1%2Fpublic_html%2Fshop.almashq.com%2Fwp-includes%2Fblocks%2Floginout HTTP/2" 429 0 "https://susukambingalmas.com/?path=%2Fhome%2Fsusukam1%2Fpublic_html%2Fshop.almashq.com%2Fwp-includes%2Fblocks" "Mozilla/5.0 AppleWebKit/537.36 (KHTML, like Gecko; compatible; GPTBot/1.4; +https://openai.com/gptbot)"
74.7.243.213 - - [26/Sep/2026:05:11:02 +0800] "GET /?action=edit&file=block-meta.svg&path=%2Fhome%2Fsusukam1%2Fpublic_html%2Fshop.almashq.com%2Fwp-includes%2Fimages%2Ficon-library HTTP/2" 429 0 "https://susukambingalmas.com/?path=%2Fhome%2Fsusukam1%2Fpublic_html%2Fshop.almashq.com%2Fwp-includes%2Fimages%2Ficon-library" "Mozilla/5.0 AppleWebKit/537.36 (KHTML, like Gecko; compatible; GPTBot/1.4; +https://openai.com/gptbot)"
74.7.243.213 - - [26/Sep/2026:05:11:22 +0800] "GET /?action=edit&file=archive.svg&path=%2Fhome%2Fsusukam1%2Fpublic_html%2Fshop.almashq.com%2Fwp-includes%2Fimages%2Fmedia HTTP/2" 429 0 "https://susukambingalmas.com/?path=%2Fhome%2Fsusukam1%2Fpublic_html%2Fshop.almashq.com%2Fwp-includes%2Fimages%2Fmedia" "Mozilla/5.0 AppleWebKit/537.36 (KHTML, like Gecko; compatible; GPTBot/1.4; +https://openai.com/gptbot)"
101.99.69.250 - - [26/Sep/2026:05:11:44 +0800] "POST /wp-cron.php?doing_wp_cron=1790370704.5304770469665527343750 HTTP/1.1" 200 0 "-" "WordPress/7.1.2; https://susukambingalmas.com"
74.7.243.213 - - [26/Sep/2026:05:11:42 +0800] "GET /?action=edit&file=archive.png&path=%2Fhome%2Fsusukam1%2Fpublic_html%2Fshop.almashq.com%2Fwp-includes%2Fimages%2Fmedia HTTP/2" 200 36164 "https://susukambingalmas.com/?path=%2Fhome%2Fsusukam1%2Fpublic_html%2Fshop.almashq.com%2Fwp-includes%2Fimages%2Fmedia" "Mozilla/5.0 AppleWebKit/537.36 (KHTML, like Gecko; compatible; GPTBot/1.4; +https://openai.com/gptbot)"
74.7.243.213 - - [26/Sep/2026:05:12:02 +0800] "GET /?action=edit&file=help.svg&path=%2Fhome%2Fsusukam1%2Fpublic_html%2Fshop.almashq.com%2Fwp-includes%2Fimages%2Ficon-library HTTP/2" 429 0 "https://susukambingalmas.com/?path=%2Fhome%2Fsusukam1%2Fpublic_html%2Fshop.almashq.com%2Fwp-includes%2Fimages%2Ficon-library" "Mozilla/5.0 AppleWebKit/537.36 (KHTML, like Gecko; compatible; GPTBot/1.4; +https://openai.com/gptbot)"
74.7.243.213 - - [26/Sep/2026:05:12:18 +0800] "GET /?action=edit&file=store.svg&path=%2Fhome%2Fsusukam1%2Fpublic_html%2Fshop.almashq.com%2Fwp-includes%2Fimages%2Ficon-library HTTP/2" 429 0 "https://susukambingalmas.com/?path=%2Fhome%2Fsusukam1%2Fpublic_html%2Fshop.almashq.com%2Fwp-includes%2Fimages%2Ficon-library" "Mozilla/5.0 AppleWebKit/537.36 (KHTML, like Gecko; compatible; GPTBot/1.4; +https://openai.com/gptbot)"
74.7.243.213 - - [26/Sep/2026:05:12:38 +0800] "GET /?action=edit&file=table.svg&path=%2Fhome%2Fsusukam1%2Fpublic_html%2Fshop.almashq.com%2Fwp-includes%2Fimages%2Ficon-library HTTP/2" 429 0 "https://susukambingalmas.com/?path=%2Fhome%2Fsusukam1%2Fpublic_html%2Fshop.almashq.com%2Fwp-includes%2Fimages%2Ficon-library" "Mozilla/5.0 AppleWebKit/537.36 (KHTML, like Gecko; compatible; GPTBot/1.4; +https://openai.com/gptbot)"
74.7.243.213 - - [26/Sep/2026:05:12:58 +0800] "GET /?action=edit&file=check.svg&path=%2Fhome%2Fsusukam1%2Fpublic_html%2Fshop.almashq.com%2Fwp-includes%2Fimages%2Ficon-library HTTP/2" 429 0 "https://susukambingalmas.com/?path=%2Fhome%2Fsusukam1%2Fpublic_html%2Fshop.almashq.com%2Fwp-includes%2Fimages%2Ficon-library" "Mozilla/5.0 AppleWebKit/537.36 (KHTML, like Gecko; compatible; GPTBot/1.4; +https://openai.com/gptbot)"
216.73.216.135 - - [26/Sep/2026:05:12:59 +0800] "GET /sitemap.xml?path=%2F HTTP/2" 200 845 "-" "Mozilla/5.0 AppleWebKit/537.36 (KHTML, like Gecko; compatible; ClaudeBot/1.0; +claudebot@anthropic.com)"
216.73.216.135 - - [26/Sep/2026:05:12:59 +0800] "GET /sitemap.xml?path=%2Fhome HTTP/2" 200 753 "-" "Mozilla/5.0 AppleWebKit/537.36 (KHTML, like Gecko; compatible; ClaudeBot/1.0; +claudebot@anthropic.com)"
74.7.243.213 - - [26/Sep/2026:05:13:18 +0800] "GET /?action=edit&file=verse.svg&path=%2Fhome%2Fsusukam1%2Fpublic_html%2Fshop.almashq.com%2Fwp-includes%2Fimages%2Ficon-library HTTP/2" 200 35953 "https://susukambingalmas.com/?path=%2Fhome%2Fsusukam1%2Fpublic_html%2Fshop.almashq.com%2Fwp-includes%2Fimages%2Ficon-library" "Mozilla/5.0 AppleWebKit/537.36 (KHTML, like Gecko; compatible; GPTBot/1.4; +https://openai.com/gptbot)"
74.7.243.213 - - [26/Sep/2026:05:13:38 +0800] "GET /?action=edit&file=image.svg&path=%2Fhome%2Fsusukam1%2Fpublic_html%2Fshop.almashq.com%2Fwp-includes%2Fimages%2Ficon-library HTTP/2" 429 0 "https://susukambingalmas.com/?path=%2Fhome%2Fsusukam1%2Fpublic_html%2Fshop.almashq.com%2Fwp-includes%2Fimages%2Ficon-library" "Mozilla/5.0 AppleWebKit/537.36 (KHTML, like Gecko; compatible; GPTBot/1.4; +https://openai.com/gptbot)"
74.7.243.213 - - [26/Sep/2026:05:13:54 +0800] "GET /?action=edit&file=audio.svg&path=%2Fhome%2Fsusukam1%2Fpublic_html%2Fshop.almashq.com%2Fwp-includes%2Fimages%2Ficon-library HTTP/2" 429 0 "https://susukambingalmas.com/?path=%2Fhome%2Fsusukam1%2Fpublic_html%2Fshop.almashq.com%2Fwp-includes%2Fimages%2Ficon-library" "Mozilla/5.0 AppleWebKit/537.36 (KHTML, like Gecko; compatible; GPTBot/1.4; +https://openai.com/gptbot)"
216.73.216.135 - - [26/Sep/2026:05:14:00 +0800] "GET /sitemap.xml?path=%2Fhome%2Fsusukam1 HTTP/2" 200 1228 "-" "Mozilla/5.0 AppleWebKit/537.36 (KHTML, like Gecko; compatible; ClaudeBot/1.0; +claudebot@anthropic.com)"
216.73.216.135 - - [26/Sep/2026:05:14:00 +0800] "GET /sitemap.xml?path=%2Fhome%2Fsusukam1%2Fpublic_html%2Fwp-includes HTTP/2" 200 4959 "-" "Mozilla/5.0 AppleWebKit/537.36 (KHTML, like Gecko; compatible; ClaudeBot/1.0; +claudebot@anthropic.com)"
101.99.69.250 - - [26/Sep/2026:05:13:01 +0800] "POST /wp-cron.php?doing_wp_cron=1790370781.7435600757598876953125 HTTP/1.1" 200 0 "-" "WordPress/7.1.2; https://susukambingalmas.com"
216.73.216.135 - - [26/Sep/2026:05:13:01 +0800] "GET /sitemap.xml?path=%2Fhome%2Fsusukam1%2Fpublic_html%2Fwp-admin HTTP/2" 200 2309 "-" "Mozilla/5.0 AppleWebKit/537.36 (KHTML, like Gecko; compatible; ClaudeBot/1.0; +claudebot@anthropic.com)"
216.73.216.135 - - [26/Sep/2026:05:13:01 +0800] "GET /sitemap.xml?path=%2Fhome%2Fsusukam1%2Fpublic_html%2Fcgi-bin HTTP/2" 200 763 "-" "Mozilla/5.0 AppleWebKit/537.36 (KHTML, like Gecko; compatible; ClaudeBot/1.0; +claudebot@anthropic.com)"
101.99.69.250 - - [26/Sep/2026:05:07:45 +0800] "POST /wp-cron.php?doing_wp_cron=1790370465.9155070781707763671875 HTTP/1.1" 200 0 "-" "WordPress/7.1.2; https://susukambingalmas.com"
101.99.69.250 - - [26/Sep/2026:05:14:00 +0800] "POST /wp-cron.php?doing_wp_cron=1790370840.3754439353942871093750 HTTP/1.1" 200 0 "-" "WordPress/7.1.2; https://susukambingalmas.com"
74.7.243.213 - - [26/Sep/2026:05:14:14 +0800] "GET /?action=edit&file=quote.svg&path=%2Fhome%2Fsusukam1%2Fpublic_html%2Fshop.almashq.com%2Fwp-includes%2Fimages%2Ficon-library HTTP/2" 429 0 "https://susukambingalmas.com/?path=%2Fhome%2Fsusukam1%2Fpublic_html%2Fshop.almashq.com%2Fwp-includes%2Fimages%2Ficon-library" "Mozilla/5.0 AppleWebKit/537.36 (KHTML, like Gecko; compatible; GPTBot/1.4; +https://openai.com/gptbot)"
74.7.243.213 - - [26/Sep/2026:05:14:34 +0800] "GET /?action=edit&file=block-table.svg&path=%2Fhome%2Fsusukam1%2Fpublic_html%2Fshop.almashq.com%2Fwp-includes%2Fimages%2Ficon-library HTTP/2" 429 0 "https://susukambingalmas.com/?path=%2Fhome%2Fsusukam1%2Fpublic_html%2Fshop.almashq.com%2Fwp-includes%2Fimages%2Ficon-library" "Mozilla/5.0 AppleWebKit/537.36 (KHTML, like Gecko; compatible; GPTBot/1.4; +https://openai.com/gptbot)"
216.73.216.135 - - [26/Sep/2026:05:14:44 +0800] "GET /sitemap.xml?action=edit&file=xmlrpc.php&path=%2Fhome%2Fsusukam1%2Fpublic_html HTTP/2" 200 2003 "-" "Mozilla/5.0 AppleWebKit/537.36 (KHTML, like Gecko; compatible; ClaudeBot/1.0; +claudebot@anthropic.com)"
216.73.216.135 - - [26/Sep/2026:05:14:44 +0800] "GET /sitemap.xml?path=%2Fhome%2Fsusukam1%2Fpublic_html%2Fwp-content HTTP/2" 200 992 "-" "Mozilla/5.0 AppleWebKit/537.36 (KHTML, like Gecko; compatible; ClaudeBot/1.0; +claudebot@anthropic.com)"
216.73.216.135 - - [26/Sep/2026:05:14:46 +0800] "GET /sitemap.xml?action=edit&file=wp-config-sample.php&path=%2Fhome%2Fsusukam1%2Fpublic_html HTTP/2" 200 1844 "-" "Mozilla/5.0 AppleWebKit/537.36 (KHTML, like Gecko; compatible; ClaudeBot/1.0; +claudebot@anthropic.com)"
216.73.216.135 - - [26/Sep/2026:05:14:46 +0800] "GET /sitemap.xml?action=edit&file=wp-load.php&path=%2Fhome%2Fsusukam1%2Fpublic_html HTTP/2" 200 2189 "-" "Mozilla/5.0 AppleWebKit/537.36 (KHTML, like Gecko; compatible; ClaudeBot/1.0; +claudebot@anthropic.com)"
74.7.243.213 - - [26/Sep/2026:05:14:54 +0800] "GET /?action=edit&file=plus-circle.svg&path=%2Fhome%2Fsusukam1%2Fpublic_html%2Fshop.almashq.com%2Fwp-includes%2Fimages%2Ficon-library HTTP/2" 429 0 "https://susukambingalmas.com/?path=%2Fhome%2Fsusukam1%2Fpublic_html%2Fshop.almashq.com%2Fwp-includes%2Fimages%2Ficon-library" "Mozilla/5.0 AppleWebKit/537.36 (KHTML, like Gecko; compatible; GPTBot/1.4; +https://openai.com/gptbot)"
74.7.243.213 - - [26/Sep/2026:05:15:14 +0800] "GET /?action=edit&file=star-filled.svg&path=%2Fhome%2Fsusukam1%2Fpublic_html%2Fshop.almashq.com%2Fwp-includes%2Fimages%2Ficon-library HTTP/2" 429 0 "https://susukambingalmas.com/?path=%2Fhome%2Fsusukam1%2Fpublic_html%2Fshop.almashq.com%2Fwp-includes%2Fimages%2Ficon-library" "Mozilla/5.0 AppleWebKit/537.36 (KHTML, like Gecko; compatible; GPTBot/1.4; +https://openai.com/gptbot)"
74.7.243.213 - - [26/Sep/2026:05:15:34 +0800] "GET /?action=edit&file=paragraph.svg&path=%2Fhome%2Fsusukam1%2Fpublic_html%2Fshop.almashq.com%2Fwp-includes%2Fimages%2Ficon-library HTTP/2" 429 0 "https://susukambingalmas.com/?path=%2Fhome%2Fsusukam1%2Fpublic_html%2Fshop.almashq.com%2Fwp-includes%2Fimages%2Ficon-library" "Mozilla/5.0 AppleWebKit/537.36 (KHTML, like Gecko; compatible; GPTBot/1.4; +https://openai.com/gptbot)"
101.99.69.250 - - [26/Sep/2026:05:15:39 +0800] "POST /wp-cron.php?doing_wp_cron=1790370939.8568620681762695312500 HTTP/1.1" 200 0 "-" "WordPress/7.1.2; https://susukambingalmas.com"
74.7.243.213 - - [26/Sep/2026:05:15:54 +0800] "GET /?action=edit&file=heading.svg&path=%2Fhome%2Fsusukam1%2Fpublic_html%2Fshop.almashq.com%2Fwp-includes%2Fimages%2Ficon-library HTTP/2" 429 0 "https://susukambingalmas.com/?path=%2Fhome%2Fsusukam1%2Fpublic_html%2Fshop.almashq.com%2Fwp-includes%2Fimages%2Ficon-library" "Mozilla/5.0 AppleWebKit/537.36 (KHTML, like Gecko; compatible; GPTBot/1.4; +https://openai.com/gptbot)"
74.7.243.213 - - [26/Sep/2026:05:16:14 +0800] "GET /?action=edit&file=tablet.svg&path=%2Fhome%2Fsusukam1%2Fpublic_html%2Fshop.almashq.com%2Fwp-includes%2Fimages%2Ficon-library HTTP/2" 429 0 "https://susukambingalmas.com/?path=%2Fhome%2Fsusukam1%2Fpublic_html%2Fshop.almashq.com%2Fwp-includes%2Fimages%2Ficon-library" "Mozilla/5.0 AppleWebKit/537.36 (KHTML, like Gecko; compatible; GPTBot/1.4; +https://openai.com/gptbot)"
101.99.69.250 - - [26/Sep/2026:05:16:28 +0800] "POST /wp-cron.php?doing_wp_cron=1790370988.9132831096649169921875 HTTP/1.1" 200 0 "-" "WordPress/7.1.2; https://susukambingalmas.com"
216.73.216.135 - - [26/Sep/2026:05:16:30 +0800] "GET /sitemap.xml?action=edit&file=wp-blog-header.php&path=%2Fhome%2Fsusukam1%2Fpublic_html HTTP/2" 200 735 "-" "Mozilla/5.0 AppleWebKit/537.36 (KHTML, like Gecko; compatible; ClaudeBot/1.0; +claudebot@anthropic.com)"
216.73.216.135 - - [26/Sep/2026:05:16:30 +0800] "GET /sitemap.xml?action=edit&file=wp-links-opml.php&path=%2Fhome%2Fsusukam1%2Fpublic_html HTTP/2" 200 1701 "-" "Mozilla/5.0 AppleWebKit/537.36 (KHTML, like Gecko; compatible; ClaudeBot/1.0; +claudebot@anthropic.com)"
74.7.243.213 - - [26/Sep/2026:05:16:34 +0800] "GET /?action=edit&file=envelope.svg&path=%2Fhome%2Fsusukam1%2Fpublic_html%2Fshop.almashq.com%2Fwp-includes%2Fimages%2Ficon-library HTTP/2" 429 0 "https://susukambingalmas.com/?path=%2Fhome%2Fsusukam1%2Fpublic_html%2Fshop.almashq.com%2Fwp-includes%2Fimages%2Ficon-library" "Mozilla/5.0 AppleWebKit/537.36 (KHTML, like Gecko; compatible; GPTBot/1.4; +https://openai.com/gptbot)"
74.7.243.213 - - [26/Sep/2026:05:16:54 +0800] "GET /?action=edit&file=language.svg&path=%2Fhome%2Fsusukam1%2Fpublic_html%2Fshop.almashq.com%2Fwp-includes%2Fimages%2Ficon-library HTTP/2" 429 0 "https://susukambingalmas.com/?path=%2Fhome%2Fsusukam1%2Fpublic_html%2Fshop.almashq.com%2Fwp-includes%2Fimages%2Ficon-library" "Mozilla/5.0 AppleWebKit/537.36 (KHTML, like Gecko; compatible; GPTBot/1.4; +https://openai.com/gptbot)"
216.73.216.135 - - [26/Sep/2026:05:17:10 +0800] "GET /sitemap.xml?action=edit&file=readme.html&path=%2Fhome%2Fsusukam1%2Fpublic_html HTTP/2" 200 3597 "-" "Mozilla/5.0 AppleWebKit/537.36 (KHTML, like Gecko; compatible; ClaudeBot/1.0; +claudebot@anthropic.com)"
216.73.216.135 - - [26/Sep/2026:05:17:10 +0800] "GET /sitemap.xml?path=%2Fhome%2Fsusukam1%2Fpublic_html%2F.well-known HTTP/2" 200 822 "-" "Mozilla/5.0 AppleWebKit/537.36 (KHTML, like Gecko; compatible; ClaudeBot/1.0; +claudebot@anthropic.com)"
74.7.243.213 - - [26/Sep/2026:05:17:14 +0800] "GET /?action=edit&file=receipt.svg&path=%2Fhome%2Fsusukam1%2Fpublic_html%2Fshop.almashq.com%2Fwp-includes%2Fimages%2Ficon-library HTTP/2" 429 0 "https://susukambingalmas.com/?path=%2Fhome%2Fsusukam1%2Fpublic_html%2Fshop.almashq.com%2Fwp-includes%2Fimages%2Ficon-library" "Mozilla/5.0 AppleWebKit/537.36 (KHTML, like Gecko; compatible; GPTBot/1.4; +https://openai.com/gptbot)"
74.7.243.213 - - [26/Sep/2026:05:17:34 +0800] "GET /?action=edit&file=scheduled.svg&path=%2Fhome%2Fsusukam1%2Fpublic_html%2Fshop.almashq.com%2Fwp-includes%2Fimages%2Ficon-library HTTP/2" 429 0 "https://susukambingalmas.com/?path=%2Fhome%2Fsusukam1%2Fpublic_html%2Fshop.almashq.com%2Fwp-includes%2Fimages%2Ficon-library" "Mozilla/5.0 AppleWebKit/537.36 (KHTML, like Gecko; compatible; GPTBot/1.4; +https://openai.com/gptbot)"
216.73.216.135 - - [26/Sep/2026:05:17:35 +0800] "GET /sitemap.xml?path=%2Fhome%2Fsusukam1%2Fpublic_html%2Frtosewabeli.com.my HTTP/2" 200 1205 "-" "Mozilla/5.0 AppleWebKit/537.36 (KHTML, like Gecko; compatible; ClaudeBot/1.0; +claudebot@anthropic.com)"
74.7.243.213 - - [26/Sep/2026:05:17:54 +0800] "GET /?action=edit&file=pencil.svg&path=%2Fhome%2Fsusukam1%2Fpublic_html%2Fshop.almashq.com%2Fwp-includes%2Fimages%2Ficon-library HTTP/2" 429 0 "https://susukambingalmas.com/?path=%2Fhome%2Fsusukam1%2Fpublic_html%2Fshop.almashq.com%2Fwp-includes%2Fimages%2Ficon-library" "Mozilla/5.0 AppleWebKit/537.36 (KHTML, like Gecko; compatible; GPTBot/1.4; +https://openai.com/gptbot)"
74.7.243.213 - - [26/Sep/2026:05:18:14 +0800] "GET /?action=edit&file=more-vertical.svg&path=%2Fhome%2Fsusukam1%2Fpublic_html%2Fshop.almashq.com%2Fwp-includes%2Fimages%2Ficon-library HTTP/2" 429 0 "https://susukambingalmas.com/?path=%2Fhome%2Fsusukam1%2Fpublic_html%2Fshop.almashq.com%2Fwp-includes%2Fimages%2Ficon-library" "Mozilla/5.0 AppleWebKit/537.36 (KHTML, like Gecko; compatible; GPTBot/1.4; +https://openai.com/gptbot)"
74.7.243.213 - - [26/Sep/2026:05:18:34 +0800] "GET /?action=edit&file=shuffle.svg&path=%2Fhome%2Fsusukam1%2Fpublic_html%2Fshop.almashq.com%2Fwp-includes%2Fimages%2Ficon-library HTTP/2" 429 0 "https://susukambingalmas.com/?path=%2Fhome%2Fsusukam1%2Fpublic_html%2Fshop.almashq.com%2Fwp-includes%2Fimages%2Ficon-library" "Mozilla/5.0 AppleWebKit/537.36 (KHTML, like Gecko; compatible; GPTBot/1.4; +https://openai.com/gptbot)"
74.7.243.213 - - [26/Sep/2026:05:18:54 +0800] "GET /?action=edit&file=create.svg&path=%2Fhome%2Fsusukam1%2Fpublic_html%2Fshop.almashq.com%2Fwp-includes%2Fimages%2Ficon-library HTTP/2" 429 0 "https://susukambingalmas.com/?path=%2Fhome%2Fsusukam1%2Fpublic_html%2Fshop.almashq.com%2Fwp-includes%2Fimages%2Ficon-library" "Mozilla/5.0 AppleWebKit/537.36 (KHTML, like Gecko; compatible; GPTBot/1.4; +https://openai.com/gptbot)"
74.7.243.213 - - [26/Sep/2026:05:19:14 +0800] "GET /?action=edit&file=calendar.svg&path=%2Fhome%2Fsusukam1%2Fpublic_html%2Fshop.almashq.com%2Fwp-includes%2Fimages%2Ficon-library HTTP/2" 429 0 "https://susukambingalmas.com/?path=%2Fhome%2Fsusukam1%2Fpublic_html%2Fshop.almashq.com%2Fwp-includes%2Fimages%2Ficon-library" "Mozilla/5.0 AppleWebKit/537.36 (KHTML, like Gecko; compatible; GPTBot/1.4; +https://openai.com/gptbot)"
74.7.243.213 - - [26/Sep/2026:05:19:34 +0800] "GET /?action=edit&file=previous.svg&path=%2Fhome%2Fsusukam1%2Fpublic_html%2Fshop.almashq.com%2Fwp-includes%2Fimages%2Ficon-library HTTP/2" 429 0 "https://susukambingalmas.com/?path=%2Fhome%2Fsusukam1%2Fpublic_html%2Fshop.almashq.com%2Fwp-includes%2Fimages%2Ficon-library" "Mozilla/5.0 AppleWebKit/537.36 (KHTML, like Gecko; compatible; GPTBot/1.4; +https://openai.com/gptbot)"
74.7.243.213 - - [26/Sep/2026:05:19:54 +0800] "GET /wp-content/uploads/2025/07/WhatsApp-Image-2025-07-08-at-11.10.05-AM-1024x1024.jpeg HTTP/2" 200 95396 "https://susukambingalmas.com/?action=edit&file=split-top.svg&path=%2Fhome%2Fsusukam1%2Fpublic_html%2Fmykursuskahwin.com.my%2Fwp-content%2Fplugins%2Fpagelayer%2Fimages%2Fshapes" "Mozilla/5.0 AppleWebKit/537.36 (KHTML, like Gecko; compatible; GPTBot/1.4; +https://openai.com/gptbot)"
74.7.243.213 - - [26/Sep/2026:05:20:14 +0800] "GET /wp-content/uploads/2025/07/WhatsApp-Image-2025-07-08-at-11.10.04-AM-1024x1024.jpeg HTTP/2" 429 0 "https://susukambingalmas.com/?action=edit&file=split-top.svg&path=%2Fhome%2Fsusukam1%2Fpublic_html%2Fmykursuskahwin.com.my%2Fwp-content%2Fplugins%2Fpagelayer%2Fimages%2Fshapes" "Mozilla/5.0 AppleWebKit/537.36 (KHTML, like Gecko; compatible; GPTBot/1.4; +https://openai.com/gptbot)"
74.7.243.213 - - [26/Sep/2026:05:20:30 +0800] "GET /wp-content/uploads/2025/07/WhatsApp-Image-2025-07-08-at-11.10.04-AM-1-1024x1024.jpeg HTTP/2" 429 0 "https://susukambingalmas.com/?action=edit&file=split-top.svg&path=%2Fhome%2Fsusukam1%2Fpublic_html%2Fmykursuskahwin.com.my%2Fwp-content%2Fplugins%2Fpagelayer%2Fimages%2Fshapes" "Mozilla/5.0 AppleWebKit/537.36 (KHTML, like Gecko; compatible; GPTBot/1.4; +https://openai.com/gptbot)"
74.7.243.213 - - [26/Sep/2026:05:20:50 +0800] "GET /?action=edit&file=settings.svg&path=%2Fhome%2Fsusukam1%2Fpublic_html%2Fshop.almashq.com%2Fwp-includes%2Fimages%2Ficon-library HTTP/2" 429 0 "https://susukambingalmas.com/?path=%2Fhome%2Fsusukam1%2Fpublic_html%2Fshop.almashq.com%2Fwp-includes%2Fimages%2Ficon-library" "Mozilla/5.0 AppleWebKit/537.36 (KHTML, like Gecko; compatible; GPTBot/1.4; +https://openai.com/gptbot)"
216.73.216.135 - - [26/Sep/2026:05:15:50 +0800] "GET /sitemap.xml?action=edit&file=error_log&path=%2Fhome%2Fsusukam1%2Fpublic_html HTTP/2" 200 1187 "-" "Mozilla/5.0 AppleWebKit/537.36 (KHTML, like Gecko; compatible; ClaudeBot/1.0; +claudebot@anthropic.com)"
216.73.216.135 - - [26/Sep/2026:05:15:50 +0800] "GET /sitemap.xml?action=edit&file=wp-config.php&path=%2Fhome%2Fsusukam1%2Fpublic_html HTTP/2" 200 3218 "-" "Mozilla/5.0 AppleWebKit/537.36 (KHTML, like Gecko; compatible; ClaudeBot/1.0; +claudebot@anthropic.com)"
216.73.216.135 - - [26/Sep/2026:05:17:31 +0800] "GET /sitemap.xml?path=%2Fhome%2Fsusukam1%2Fpublic_html%2Fshop.goswiet.com HTTP/2" 200 1240 "-" "Mozilla/5.0 AppleWebKit/537.36 (KHTML, like Gecko; compatible; ClaudeBot/1.0; +claudebot@anthropic.com)"
216.73.216.135 - - [26/Sep/2026:05:18:05 +0800] "GET /sitemap.xml?action=edit&file=.htaccess&path=%2Fhome%2Fsusukam1%2Fpublic_html HTTP/2" 200 1540 "-" "Mozilla/5.0 AppleWebKit/537.36 (KHTML, like Gecko; compatible; ClaudeBot/1.0; +claudebot@anthropic.com)"
74.7.243.213 - - [26/Sep/2026:05:21:10 +0800] "GET /?action=edit&file=styles.svg&path=%2Fhome%2Fsusukam1%2Fpublic_html%2Fshop.almashq.com%2Fwp-includes%2Fimages%2Ficon-library HTTP/2" 429 0 "https://susukambingalmas.com/?path=%2Fhome%2Fsusukam1%2Fpublic_html%2Fshop.almashq.com%2Fwp-includes%2Fimages%2Ficon-library" "Mozilla/5.0 AppleWebKit/537.36 (KHTML, like Gecko; compatible; GPTBot/1.4; +https://openai.com/gptbot)"
