JezK
Edit File: susukambingalmas.com-ssl_log
54.188.7.131 - - [25/Sep/2026:21:33:00 +0800] "POST /wp-login.php HTTP/1.1" 200 4530 "-" "Mozilla/5.0 (Windows NT 10.0) AppleWebKit/537.43 (KHTML, like Gecko) Chrome/134.0.0.0 Safari/537.36 OPR/119.0.0.0"
101.99.69.250 - - [25/Sep/2026:21:08:09 +0800] "POST /wp-cron.php?doing_wp_cron=1790341689.7199139595031738281250 HTTP/1.1" 200 0 "-" "WordPress/7.1.2; https://susukambingalmas.com"
101.99.69.250 - - [25/Sep/2026:21:33:01 +0800] "POST /wp-cron.php?doing_wp_cron=1790343181.5423600673675537109375 HTTP/1.1" 200 0 "-" "WordPress/7.1.2; https://susukambingalmas.com"
101.99.69.250 - - [25/Sep/2026:21:08:09 +0800] "POST /wp-cron.php?doing_wp_cron=1790341689.3150351047515869140625 HTTP/1.1" 200 0 "-" "WordPress/7.1.2; https://susukambingalmas.com"
34.219.186.222 - - [25/Sep/2026:21:08:07 +0800] "GET / HTTP/1.1" 200 213654 "-" "Mozilla/5.0 (Macintosh; Intel Mac OS X 10_15_7) AppleWebKit/537.36 (KHTML, like Gecko) Chrome/134.0.0.0 Safari/537.36"
209.50.161.232 - - [25/Sep/2026:21:41:06 +0800] "GET / HTTP/1.1" 200 36874 "https://susukambingalmas.com/" "Mozilla/5.0 (X11; Linux x86_64; rv:128.0) Gecko/20100101 Firefox/128.0"
209.50.161.232 - - [25/Sep/2026:21:41:08 +0800] "GET / HTTP/1.1" 200 36873 "https://susukambingalmas.com/" "Mozilla/5.0 (X11; Linux x86_64; rv:128.0) Gecko/20100101 Firefox/128.0"
209.50.161.232 - - [25/Sep/2026:21:41:15 +0800] "GET /comments/feed/ HTTP/1.1" 200 746 "https://susukambingalmas.com/" "Mozilla/5.0 (X11; Linux x86_64; rv:128.0) Gecko/20100101 Firefox/128.0"
209.50.161.232 - - [25/Sep/2026:21:41:17 +0800] "GET /checkout/?add-to-cart=96 HTTP/1.1" 200 33080 "https://susukambingalmas.com/" "Mozilla/5.0 (X11; Linux x86_64; rv:128.0) Gecko/20100101 Firefox/128.0"
209.50.161.232 - - [25/Sep/2026:21:41:23 +0800] "GET /wp-json/wp/v2/pages/67 HTTP/1.1" 200 11194 "https://susukambingalmas.com/" "Mozilla/5.0 (X11; Linux x86_64; rv:128.0) Gecko/20100101 Firefox/128.0"
216.26.227.138 - - [25/Sep/2026:21:41:04 +0800] "GET / HTTP/1.1" 200 36841 "http://susukambingalmas.com" "Mozilla/5.0 (X11; Linux x86_64; rv:128.0) Gecko/20100101 Firefox/128.0"
209.50.161.232 - - [25/Sep/2026:21:41:12 +0800] "GET /cart/ HTTP/1.1" 200 39203 "https://susukambingalmas.com/" "Mozilla/5.0 (X11; Linux x86_64; rv:128.0) Gecko/20100101 Firefox/128.0"
209.50.161.232 - - [25/Sep/2026:21:41:21 +0800] "GET /wp-admin/admin-ajax.php HTTP/1.1" 200 55 "https://susukambingalmas.com/" "Mozilla/5.0 (X11; Linux x86_64; rv:128.0) Gecko/20100101 Firefox/128.0"
209.50.161.232 - - [25/Sep/2026:21:41:25 +0800] "GET /wp-json/ HTTP/1.1" 200 72795 "https://susukambingalmas.com/" "Mozilla/5.0 (X11; Linux x86_64; rv:128.0) Gecko/20100101 Firefox/128.0"
209.50.161.232 - - [25/Sep/2026:21:41:10 +0800] "GET /checkout/?add-to-cart=97 HTTP/1.1" 200 33122 "https://susukambingalmas.com/" "Mozilla/5.0 (X11; Linux x86_64; rv:128.0) Gecko/20100101 Firefox/128.0"
209.50.161.232 - - [25/Sep/2026:21:41:14 +0800] "GET /checkout/?add-to-cart=101 HTTP/1.1" 200 33092 "https://susukambingalmas.com/" "Mozilla/5.0 (X11; Linux x86_64; rv:128.0) Gecko/20100101 Firefox/128.0"
209.50.161.232 - - [25/Sep/2026:21:41:19 +0800] "GET /feed/ HTTP/1.1" 200 819 "https://susukambingalmas.com/" "Mozilla/5.0 (X11; Linux x86_64; rv:128.0) Gecko/20100101 Firefox/128.0"
101.99.69.250 - - [25/Sep/2026:21:41:20 +0800] "POST /wp-cron.php?doing_wp_cron=1790343680.7616519927978515625000 HTTP/1.1" 200 0 "-" "WordPress/7.1.2; https://susukambingalmas.com"
209.50.161.232 - - [25/Sep/2026:21:41:20 +0800] "GET /xmlrpc.php?rsd HTTP/1.1" 200 324 "https://susukambingalmas.com/" "Mozilla/5.0 (X11; Linux x86_64; rv:128.0) Gecko/20100101 Firefox/128.0"
101.99.69.250 - - [25/Sep/2026:22:26:48 +0800] "POST /wp-cron.php?doing_wp_cron=1790346407.9981520175933837890625 HTTP/1.1" 200 0 "-" "WordPress/7.1.2; https://susukambingalmas.com"
216.73.216.135 - - [25/Sep/2026:22:26:46 +0800] "GET /robots.txt HTTP/2" 200 137 "-" "Mozilla/5.0 AppleWebKit/537.36 (KHTML, like Gecko; compatible; ClaudeBot/1.0; +claudebot@anthropic.com)"
216.73.216.135 - - [25/Sep/2026:22:26:48 +0800] "GET /sitemap.xml HTTP/2" 301 52 "-" "Mozilla/5.0 AppleWebKit/537.36 (KHTML, like Gecko; compatible; ClaudeBot/1.0; +claudebot@anthropic.com)"
216.73.216.135 - - [25/Sep/2026:22:26:49 +0800] "GET /sitemaps.xml HTTP/2" 200 216 "https://susukambingalmas.com/sitemap.xml" "Mozilla/5.0 AppleWebKit/537.36 (KHTML, like Gecko; compatible; ClaudeBot/1.0; +claudebot@anthropic.com)"
101.99.69.250 - - [25/Sep/2026:22:26:48 +0800] "POST /wp-cron.php?doing_wp_cron=1790346408.0558109283447265625000 HTTP/1.1" 200 0 "-" "WordPress/7.1.2; https://susukambingalmas.com"
43.135.142.7 - - [26/Sep/2026:00:00:09 +0800] "GET / HTTP/1.1" 200 43030 "http://susukambingalmas.com" "Mozilla/5.0 (iPhone; CPU iPhone OS 13_2_3 like Mac OS X) AppleWebKit/605.1.15 (KHTML, like Gecko) Version/13.0.3 Mobile/15E148 Safari/604.1"
101.99.69.250 - - [26/Sep/2026:00:03:27 +0800] "POST /wp-cron.php?doing_wp_cron=1790352207.3165049552917480468750 HTTP/1.1" 200 0 "-" "WordPress/7.1.2; https://susukambingalmas.com"
101.33.66.34 - - [26/Sep/2026:00:03:26 +0800] "GET /comments/feed/ HTTP/1.1" 200 789 "-" "Mozilla/5.0 (iPhone; CPU iPhone OS 13_2_3 like Mac OS X) AppleWebKit/605.1.15 (KHTML, like Gecko) Version/13.0.3 Mobile/15E148 Safari/604.1"
43.133.60.94 - - [26/Sep/2026:00:14:57 +0800] "GET / HTTP/1.1" 200 43025 "-" "Mozilla/5.0 (iPhone; CPU iPhone OS 13_2_3 like Mac OS X) AppleWebKit/605.1.15 (KHTML, like Gecko) Version/13.0.3 Mobile/15E148 Safari/604.1"
101.99.69.250 - - [26/Sep/2026:00:14:59 +0800] "POST /wp-cron.php?doing_wp_cron=1790352899.8149619102478027343750 HTTP/1.1" 200 0 "-" "WordPress/7.1.2; https://susukambingalmas.com"
216.73.216.135 - - [26/Sep/2026:00:22:08 +0800] "GET /robots.txt HTTP/2" 200 137 "-" "Mozilla/5.0 AppleWebKit/537.36 (KHTML, like Gecko; compatible; ClaudeBot/1.0; +claudebot@anthropic.com)"
216.73.216.135 - - [26/Sep/2026:00:22:09 +0800] "GET /sitemap.xml HTTP/2" 301 52 "-" "Mozilla/5.0 AppleWebKit/537.36 (KHTML, like Gecko; compatible; ClaudeBot/1.0; +claudebot@anthropic.com)"
216.73.216.135 - - [26/Sep/2026:00:22:10 +0800] "GET /sitemaps.xml HTTP/2" 200 216 "https://susukambingalmas.com/sitemap.xml" "Mozilla/5.0 AppleWebKit/537.36 (KHTML, like Gecko; compatible; ClaudeBot/1.0; +claudebot@anthropic.com)"
101.99.69.250 - - [26/Sep/2026:00:23:49 +0800] "POST /wp-cron.php?doing_wp_cron=1790353429.5611450672149658203125 HTTP/1.1" 200 0 "-" "WordPress/7.1.2; https://susukambingalmas.com"
101.99.69.250 - - [26/Sep/2026:00:22:09 +0800] "POST /wp-cron.php?doing_wp_cron=1790353329.3307619094848632812500 HTTP/1.1" 200 0 "-" "WordPress/7.1.2; https://susukambingalmas.com"
170.106.73.216 - - [26/Sep/2026:00:23:47 +0800] "GET /wp-json/oembed/1.0/embed?url=https%3A%2F%2Fsusukambingalmas.com%2F HTTP/1.1" 200 1132 "-" "Mozilla/5.0 (iPhone; CPU iPhone OS 13_2_3 like Mac OS X) AppleWebKit/605.1.15 (KHTML, like Gecko) Version/13.0.3 Mobile/15E148 Safari/604.1"
101.99.69.250 - - [26/Sep/2026:00:37:23 +0800] "POST /wp-cron.php?doing_wp_cron=1790354243.4637110233306884765625 HTTP/1.1" 200 0 "-" "WordPress/7.1.2; https://susukambingalmas.com"
213.132.222.51 - - [26/Sep/2026:00:38:55 +0800] "POST /wp-login.php HTTP/1.1" 200 4530 "-" "Mozilla/5.0 (Windows NT 10.0; WOW64) AppleWebKit/537.36 (KHTML, like Gecko) Chrome/139.0.0.0 Safari/537.36"
34.90.222.110 - - [26/Sep/2026:00:37:25 +0800] "GET /wp-content/uploads/2025/07/cropped-produk11-32x32.jpeg HTTP/1.1" 403 1242 "-" "Scrapy/2.17.0 (+https://scrapy.org)"
34.90.222.110 - - [26/Sep/2026:00:37:25 +0800] "GET /wp-content/uploads/2025/07/cropped-produk11-180x180.jpeg HTTP/1.1" 403 1242 "-" "Scrapy/2.17.0 (+https://scrapy.org)"
34.90.222.110 - - [26/Sep/2026:00:37:22 +0800] "GET / HTTP/1.1" 200 41257 "-" "Scrapy/2.17.0 (+https://scrapy.org)"
34.90.222.110 - - [26/Sep/2026:00:37:25 +0800] "GET /wp-content/uploads/2025/07/cropped-produk11-192x192.jpeg HTTP/1.1" 403 1242 "-" "Scrapy/2.17.0 (+https://scrapy.org)"
101.99.69.250 - - [26/Sep/2026:00:38:57 +0800] "POST /wp-cron.php?doing_wp_cron=1790354337.2667601108551025390625 HTTP/1.1" 200 0 "-" "WordPress/7.1.2; https://susukambingalmas.com"
101.99.69.250 - - [26/Sep/2026:00:56:07 +0800] "POST /wp-cron.php?doing_wp_cron=1790355367.3513839244842529296875 HTTP/1.1" 200 0 "-" "WordPress/7.1.2; https://susukambingalmas.com"
146.59.69.153 - - [26/Sep/2026:00:56:05 +0800] "POST /wp-login.php HTTP/1.1" 200 4530 "-" "Mozilla/5.0 (Windows NT 10.0) AppleWebKit/537.36 (KHTML, like Gecko) Chrome/138.0.0.0 Safari/537.36"
101.99.69.250 - - [26/Sep/2026:01:07:31 +0800] "POST /wp-cron.php?doing_wp_cron=1790356051.3049359321594238281250 HTTP/1.1" 200 0 "-" "WordPress/7.1.2; https://susukambingalmas.com"
83.243.60.57 - - [26/Sep/2026:01:07:29 +0800] "POST /wp-login.php HTTP/1.1" 200 4530 "-" "Mozilla/5.0 (Windows NT 10.0; Win64; x64) AppleWebKit/537.43 (KHTML, like Gecko) Chrome/135.0.0.0 Safari/537.36 OPR/120.0.0.0"
109.124.228.25 - - [26/Sep/2026:01:14:46 +0800] "GET /wp-login.php HTTP/2" 200 4446 "-" "Mozilla/5.0 (Windows NT 6.1; WOW64; Trident/7.0; rv:11.0) like Gecko"
101.99.69.250 - - [26/Sep/2026:01:14:57 +0800] "POST /wp-cron.php?doing_wp_cron=1790356497.0587279796600341796875 HTTP/1.1" 200 0 "-" "WordPress/7.1.2; https://susukambingalmas.com"
109.124.228.25 - - [26/Sep/2026:01:14:46 +0800] "POST /xmlrpc.php HTTP/2" 200 759 "-" "Go-http-client/2.0"
109.124.228.25 - adminalmashq [26/Sep/2026:01:14:46 +0800] "GET /wp-json/wp/v2/users/me HTTP/2" 401 139 "-" "Mozilla/5.0"
109.124.228.25 - - [26/Sep/2026:01:14:57 +0800] "POST /xmlrpc.php HTTP/2" 200 0 "-" "Go-http-client/2.0"
109.124.228.25 - - [26/Sep/2026:01:14:57 +0800] "POST /wp-login.php HTTP/2" 200 0 "https://susukambingalmas.com/wp-login.php" "Mozilla/5.0 (Windows NT 6.1; WOW64; Trident/7.0; rv:11.0) like Gecko"
43.166.237.57 - - [26/Sep/2026:01:29:43 +0800] "GET / HTTP/1.1" 200 43022 "http://www.susukambingalmas.com" "Mozilla/5.0 (iPhone; CPU iPhone OS 13_2_3 like Mac OS X) AppleWebKit/605.1.15 (KHTML, like Gecko) Version/13.0.3 Mobile/15E148 Safari/604.1"
101.99.69.250 - - [26/Sep/2026:01:54:49 +0800] "POST /wp-cron.php?doing_wp_cron=1790358888.9856441020965576171875 HTTP/1.1" 200 0 "-" "WordPress/7.1.2; https://susukambingalmas.com"
216.73.216.135 - - [26/Sep/2026:02:25:01 +0800] "GET /robots.txt HTTP/2" 200 137 "-" "Mozilla/5.0 AppleWebKit/537.36 (KHTML, like Gecko; compatible; ClaudeBot/1.0; +claudebot@anthropic.com)"
216.73.216.135 - - [26/Sep/2026:02:25:05 +0800] "GET /sitemap.xml HTTP/2" 301 52 "-" "Mozilla/5.0 AppleWebKit/537.36 (KHTML, like Gecko; compatible; ClaudeBot/1.0; +claudebot@anthropic.com)"
216.73.216.135 - - [26/Sep/2026:02:25:05 +0800] "GET /sitemaps.xml HTTP/2" 200 216 "https://susukambingalmas.com/sitemap.xml" "Mozilla/5.0 AppleWebKit/537.36 (KHTML, like Gecko; compatible; ClaudeBot/1.0; +claudebot@anthropic.com)"
101.99.69.250 - - [26/Sep/2026:02:25:04 +0800] "POST /wp-cron.php?doing_wp_cron=1790360704.7672979831695556640625 HTTP/1.1" 200 0 "-" "WordPress/7.1.2; https://susukambingalmas.com"
101.99.69.250 - - [26/Sep/2026:02:42:57 +0800] "POST /wp-cron.php?doing_wp_cron=1790361777.2715039253234863281250 HTTP/1.1" 200 0 "-" "WordPress/7.1.2; https://susukambingalmas.com"
101.99.69.250 - - [26/Sep/2026:02:42:57 +0800] "POST /wp-cron.php?doing_wp_cron=1790361777.6235060691833496093750 HTTP/1.1" 200 0 "-" "WordPress/7.1.2; https://susukambingalmas.com"
66.249.70.69 - - [26/Sep/2026:02:43:31 +0800] "GET /wp-content/plugins/notificationx/assets/public/css/frontend.css?ver=3.1.1 HTTP/1.1" 200 41362 "https://susukambingalmas.com/?SD" "Mozilla/5.0 (Linux; Android 6.0.1; Nexus 5X Build/MMB29P) AppleWebKit/537.36 (KHTML, like Gecko) Chrome/153.0.8010.52 Mobile Safari/537.36 (compatible; Googlebot/2.1; +http://www.google.com/bot.html)"
66.249.70.69 - - [26/Sep/2026:02:43:32 +0800] "GET /wp-content/uploads/elementor/css/post-67.css?ver=1781024759 HTTP/1.1" 200 3449 "https://susukambingalmas.com/?SD" "Mozilla/5.0 (Linux; Android 6.0.1; Nexus 5X Build/MMB29P) AppleWebKit/537.36 (KHTML, like Gecko) Chrome/153.0.8010.52 Mobile Safari/537.36 (compatible; Googlebot/2.1; +http://www.google.com/bot.html)"
66.249.70.69 - - [26/Sep/2026:02:43:33 +0800] "GET /wp-content/plugins/elementor/assets/css/frontend.min.css?ver=3.30.1 HTTP/1.1" 200 6482 "https://susukambingalmas.com/?SD" "Mozilla/5.0 (Linux; Android 6.0.1; Nexus 5X Build/MMB29P) AppleWebKit/537.36 (KHTML, like Gecko) Chrome/153.0.8010.52 Mobile Safari/537.36 (compatible; Googlebot/2.1; +http://www.google.com/bot.html)"
66.249.70.69 - - [26/Sep/2026:02:43:35 +0800] "GET /wp-content/plugins/elementor/assets/css/widget-image.min.css?ver=3.30.1 HTTP/1.1" 200 119 "https://susukambingalmas.com/?SD" "Mozilla/5.0 (Linux; Android 6.0.1; Nexus 5X Build/MMB29P) AppleWebKit/537.36 (KHTML, like Gecko) Chrome/153.0.8010.52 Mobile Safari/537.36 (compatible; Googlebot/2.1; +http://www.google.com/bot.html)"
66.249.70.69 - - [26/Sep/2026:02:43:36 +0800] "GET /wp-content/plugins/woocommerce/assets/client/blocks/wc-blocks.css?ver=wc-9.9.5 HTTP/1.1" 200 2356 "https://susukambingalmas.com/?SD" "Mozilla/5.0 (Linux; Android 6.0.1; Nexus 5X Build/MMB29P) AppleWebKit/537.36 (KHTML, like Gecko) Chrome/153.0.8010.52 Mobile Safari/537.36 (compatible; Googlebot/2.1; +http://www.google.com/bot.html)"
66.249.70.69 - - [26/Sep/2026:02:43:36 +0800] "GET /wp-content/themes/astra/assets/css/minified/main.min.css?ver=4.11.5 HTTP/1.1" 200 8478 "https://susukambingalmas.com/?SD" "Mozilla/5.0 (Linux; Android 6.0.1; Nexus 5X Build/MMB29P) AppleWebKit/537.36 (KHTML, like Gecko) Chrome/153.0.8010.52 Mobile Safari/537.36 (compatible; Googlebot/2.1; +http://www.google.com/bot.html)"
66.249.70.69 - - [26/Sep/2026:02:43:37 +0800] "GET /wp-content/plugins/elementor/assets/css/widget-video.min.css?ver=3.30.1 HTTP/1.1" 200 352 "https://susukambingalmas.com/?SD" "Mozilla/5.0 (Linux; Android 6.0.1; Nexus 5X Build/MMB29P) AppleWebKit/537.36 (KHTML, like Gecko) Chrome/153.0.8010.52 Mobile Safari/537.36 (compatible; Googlebot/2.1; +http://www.google.com/bot.html)"
66.249.70.69 - - [26/Sep/2026:02:43:37 +0800] "GET /wp-content/plugins/elementor/assets/css/widget-heading.min.css?ver=3.30.1 HTTP/1.1" 200 154 "https://susukambingalmas.com/?SD" "Mozilla/5.0 (Linux; Android 6.0.1; Nexus 5X Build/MMB29P) AppleWebKit/537.36 (KHTML, like Gecko) Chrome/153.0.8010.52 Mobile Safari/537.36 (compatible; Googlebot/2.1; +http://www.google.com/bot.html)"
66.249.70.69 - - [26/Sep/2026:02:43:38 +0800] "GET /wp-content/themes/astra/assets/css/minified/compatibility/woocommerce/woocommerce-smallscreen-grid.min.css?ver=4.11.5 HTTP/1.1" 200 796 "https://susukambingalmas.com/?SD" "Mozilla/5.0 (Linux; Android 6.0.1; Nexus 5X Build/MMB29P) AppleWebKit/537.36 (KHTML, like Gecko) Chrome/153.0.8010.52 Mobile Safari/537.36 (compatible; Googlebot/2.1; +http://www.google.com/bot.html)"
66.249.70.69 - - [26/Sep/2026:02:43:38 +0800] "GET /wp-content/uploads/elementor/google-fonts/css/poppins.css?ver=1752055186 HTTP/1.1" 200 780 "https://susukambingalmas.com/?SD" "Mozilla/5.0 (Linux; Android 6.0.1; Nexus 5X Build/MMB29P) AppleWebKit/537.36 (KHTML, like Gecko) Chrome/153.0.8010.52 Mobile Safari/537.36 (compatible; Googlebot/2.1; +http://www.google.com/bot.html)"
66.249.70.69 - - [26/Sep/2026:02:43:39 +0800] "GET /wp-content/uploads/elementor/css/post-60.css?ver=1781024759 HTTP/1.1" 200 340 "https://susukambingalmas.com/?SD" "Mozilla/5.0 (Linux; Android 6.0.1; Nexus 5X Build/MMB29P) AppleWebKit/537.36 (KHTML, like Gecko) Chrome/153.0.8010.52 Mobile Safari/537.36 (compatible; Googlebot/2.1; +http://www.google.com/bot.html)"
66.249.70.69 - - [26/Sep/2026:02:43:40 +0800] "GET /wp-content/themes/astra/assets/js/minified/frontend.min.js?ver=4.11.5 HTTP/1.1" 200 5764 "https://susukambingalmas.com/?SD" "Mozilla/5.0 (Linux; Android 6.0.1; Nexus 5X Build/MMB29P) AppleWebKit/537.36 (KHTML, like Gecko) Chrome/153.0.8010.52 Mobile Safari/537.36 (compatible; Googlebot/2.1; +http://www.google.com/bot.html)"
66.249.70.69 - - [26/Sep/2026:02:43:40 +0800] "GET /wp-content/themes/astra/assets/css/minified/compatibility/woocommerce/woocommerce-layout-grid.min.css?ver=4.11.5 HTTP/1.1" 200 1829 "https://susukambingalmas.com/?SD" "Mozilla/5.0 (Linux; Android 6.0.1; Nexus 5X Build/MMB29P) AppleWebKit/537.36 (KHTML, like Gecko) Chrome/153.0.8010.52 Mobile Safari/537.36 (compatible; Googlebot/2.1; +http://www.google.com/bot.html)"
66.249.70.69 - - [26/Sep/2026:02:43:41 +0800] "GET /wp-includes/css/dashicons.min.css?ver=7.1.2 HTTP/1.1" 200 35101 "https://susukambingalmas.com/?SD" "Mozilla/5.0 (Linux; Android 6.0.1; Nexus 5X Build/MMB29P) AppleWebKit/537.36 (KHTML, like Gecko) Chrome/153.0.8010.52 Mobile Safari/537.36 (compatible; Googlebot/2.1; +http://www.google.com/bot.html)"
66.249.70.69 - - [26/Sep/2026:02:43:42 +0800] "GET /wp-content/uploads/elementor/google-fonts/css/robotoslab.css?ver=1752054480 HTTP/1.1" 200 709 "https://susukambingalmas.com/?SD" "Mozilla/5.0 (Linux; Android 6.0.1; Nexus 5X Build/MMB29P) AppleWebKit/537.36 (KHTML, like Gecko) Chrome/153.0.8010.52 Mobile Safari/537.36 (compatible; Googlebot/2.1; +http://www.google.com/bot.html)"
66.249.70.69 - - [26/Sep/2026:02:43:42 +0800] "GET /wp-content/plugins/elementor/assets/css/widget-accordion.min.css?ver=3.30.1 HTTP/1.1" 200 377 "https://susukambingalmas.com/?SD" "Mozilla/5.0 (Linux; Android 6.0.1; Nexus 5X Build/MMB29P) AppleWebKit/537.36 (KHTML, like Gecko) Chrome/153.0.8010.52 Mobile Safari/537.36 (compatible; Googlebot/2.1; +http://www.google.com/bot.html)"
66.249.70.69 - - [26/Sep/2026:02:43:43 +0800] "GET /wp-content/plugins/checkout-field-editor-and-manager-for-woocommerce/assets/css/frontend.css?ver=2.3.2 HTTP/1.1" 200 367 "https://susukambingalmas.com/?SD" "Mozilla/5.0 (Linux; Android 6.0.1; Nexus 5X Build/MMB29P) AppleWebKit/537.36 (KHTML, like Gecko) Chrome/153.0.8010.52 Mobile Safari/537.36 (compatible; Googlebot/2.1; +http://www.google.com/bot.html)"
66.249.70.69 - - [26/Sep/2026:02:43:44 +0800] "GET /wp-content/themes/astra/assets/css/minified/compatibility/woocommerce/woocommerce-grid.min.css?ver=4.11.5 HTTP/1.1" 200 15159 "https://susukambingalmas.com/?SD" "Mozilla/5.0 (Linux; Android 6.0.1; Nexus 5X Build/MMB29P) AppleWebKit/537.36 (KHTML, like Gecko) Chrome/153.0.8010.52 Mobile Safari/537.36 (compatible; Googlebot/2.1; +http://www.google.com/bot.html)"
66.249.70.69 - - [26/Sep/2026:02:43:44 +0800] "GET /wp-includes/js/jquery/jquery-migrate.min.js?ver=3.4.1 HTTP/1.1" 200 4678 "https://susukambingalmas.com/?SD" "Mozilla/5.0 (Linux; Android 6.0.1; Nexus 5X Build/MMB29P) AppleWebKit/537.36 (KHTML, like Gecko) Chrome/153.0.8010.52 Mobile Safari/537.36 (compatible; Googlebot/2.1; +http://www.google.com/bot.html)"
66.249.70.69 - - [26/Sep/2026:02:43:45 +0800] "GET /wp-content/plugins/elementor/assets/js/webpack.runtime.min.js?ver=3.30.1 HTTP/1.1" 200 2319 "https://susukambingalmas.com/?SD" "Mozilla/5.0 (Linux; Android 6.0.1; Nexus 5X Build/MMB29P) AppleWebKit/537.36 (KHTML, like Gecko) Chrome/153.0.8010.52 Mobile Safari/537.36 (compatible; Googlebot/2.1; +http://www.google.com/bot.html)"
66.249.70.69 - - [26/Sep/2026:02:43:46 +0800] "GET /wp-content/plugins/woocommerce/assets/js/jquery-blockui/jquery.blockUI.min.js?ver=2.7.0-wc.9.9.5 HTTP/1.1" 200 3277 "https://susukambingalmas.com/?SD" "Mozilla/5.0 (Linux; Android 6.0.1; Nexus 5X Build/MMB29P) AppleWebKit/537.36 (KHTML, like Gecko) Chrome/153.0.8010.52 Mobile Safari/537.36 (compatible; Googlebot/2.1; +http://www.google.com/bot.html)"
66.249.70.69 - - [26/Sep/2026:02:43:46 +0800] "GET /wp-content/plugins/elementor/assets/js/frontend.min.js?ver=3.30.1 HTTP/1.1" 200 10288 "https://susukambingalmas.com/?SD" "Mozilla/5.0 (Linux; Android 6.0.1; Nexus 5X Build/MMB29P) AppleWebKit/537.36 (KHTML, like Gecko) Chrome/153.0.8010.52 Mobile Safari/537.36 (compatible; Googlebot/2.1; +http://www.google.com/bot.html)"
66.249.70.69 - - [26/Sep/2026:02:43:47 +0800] "GET /wp-content/plugins/pro-elements/assets/js/webpack-pro.runtime.min.js?ver=3.29.0 HTTP/1.1" 200 2623 "https://susukambingalmas.com/?SD" "Mozilla/5.0 (Linux; Android 6.0.1; Nexus 5X Build/MMB29P) AppleWebKit/537.36 (KHTML, like Gecko) Chrome/153.0.8010.52 Mobile Safari/537.36 (compatible; Googlebot/2.1; +http://www.google.com/bot.html)"
66.249.70.69 - - [26/Sep/2026:02:43:47 +0800] "GET /wp-content/plugins/pro-elements/assets/js/elements-handlers.min.js?ver=3.29.0 HTTP/1.1" 200 10227 "https://susukambingalmas.com/?SD" "Mozilla/5.0 (Linux; Android 6.0.1; Nexus 5X Build/MMB29P) AppleWebKit/537.36 (KHTML, like Gecko) Chrome/153.0.8010.52 Mobile Safari/537.36 (compatible; Googlebot/2.1; +http://www.google.com/bot.html)"
66.249.70.69 - - [26/Sep/2026:02:43:48 +0800] "GET /wp-content/plugins/pro-elements/assets/js/frontend.min.js?ver=3.29.0 HTTP/1.1" 200 6286 "https://susukambingalmas.com/?SD" "Mozilla/5.0 (Linux; Android 6.0.1; Nexus 5X Build/MMB29P) AppleWebKit/537.36 (KHTML, like Gecko) Chrome/153.0.8010.52 Mobile Safari/537.36 (compatible; Googlebot/2.1; +http://www.google.com/bot.html)"
66.249.70.69 - - [26/Sep/2026:02:43:49 +0800] "GET /wp-content/plugins/woocommerce/assets/js/frontend/woocommerce.min.js?ver=9.9.5 HTTP/1.1" 200 1251 "https://susukambingalmas.com/?SD" "Mozilla/5.0 (Linux; Android 6.0.1; Nexus 5X Build/MMB29P) AppleWebKit/537.36 (KHTML, like Gecko) Chrome/153.0.8010.52 Mobile Safari/537.36 (compatible; Googlebot/2.1; +http://www.google.com/bot.html)"
66.249.70.69 - - [26/Sep/2026:02:43:49 +0800] "GET /wp-includes/js/jquery/ui/core.min.js?ver=1.14.2 HTTP/1.1" 200 6276 "https://susukambingalmas.com/?SD" "Mozilla/5.0 (Linux; Android 6.0.1; Nexus 5X Build/MMB29P) AppleWebKit/537.36 (KHTML, like Gecko) Chrome/153.0.8010.52 Mobile Safari/537.36 (compatible; Googlebot/2.1; +http://www.google.com/bot.html)"
66.249.70.69 - - [26/Sep/2026:02:43:50 +0800] "GET /wp-content/plugins/elementor/assets/js/frontend-modules.min.js?ver=3.30.1 HTTP/1.1" 200 14423 "https://susukambingalmas.com/?SD" "Mozilla/5.0 (Linux; Android 6.0.1; Nexus 5X Build/MMB29P) AppleWebKit/537.36 (KHTML, like Gecko) Chrome/153.0.8010.52 Mobile Safari/537.36 (compatible; Googlebot/2.1; +http://www.google.com/bot.html)"
66.249.70.69 - - [26/Sep/2026:02:43:50 +0800] "GET /wp-content/plugins/woocommerce/assets/js/js-cookie/js.cookie.min.js?ver=2.1.4-wc.9.9.5 HTTP/1.1" 200 760 "https://susukambingalmas.com/?SD" "Mozilla/5.0 (Linux; Android 6.0.1; Nexus 5X Build/MMB29P) AppleWebKit/537.36 (KHTML, like Gecko) Chrome/153.0.8010.52 Mobile Safari/537.36 (compatible; Googlebot/2.1; +http://www.google.com/bot.html)"
116.14.200.158 - - [26/Sep/2026:02:48:27 +0800] "GET /wp-login.php HTTP/1.1" 200 4446 "-" "iPhone; CPU iPhone OS 13_2_3 like Mac OS X) AppleWebKit/605.1.15 (KHTML, like Gecko) Version/13.0.3 Mobile/15E148 Safari/604.1)"
116.14.200.158 - - [26/Sep/2026:02:48:28 +0800] "POST /wp-login.php HTTP/1.1" 302 56 "-" "iPhone; CPU iPhone OS 13_2_3 like Mac OS X) AppleWebKit/605.1.15 (KHTML, like Gecko) Version/13.0.3 Mobile/15E148 Safari/604.1)"
116.14.200.158 - - [26/Sep/2026:02:48:29 +0800] "GET /wp-login.php?redirect_to=https%3A%2F%2Fsusukambingalmas.com%2Fwp-admin%2F&action=confirm_admin_email&wp_lang=en_US HTTP/1.1" 200 3052 "-" "iPhone; CPU iPhone OS 13_2_3 like Mac OS X) AppleWebKit/605.1.15 (KHTML, like Gecko) Version/13.0.3 Mobile/15E148 Safari/604.1)"
116.14.200.158 - - [26/Sep/2026:02:48:30 +0800] "GET /wp-admin/plugin-install.php?tab=upload HTTP/1.1" 200 39842 "-" "iPhone; CPU iPhone OS 13_2_3 like Mac OS X) AppleWebKit/605.1.15 (KHTML, like Gecko) Version/13.0.3 Mobile/15E148 Safari/604.1)"
116.14.200.158 - - [26/Sep/2026:02:48:36 +0800] "POST /wp-admin/update.php?action=upload-plugin HTTP/1.1" 403 1242 "-" "iPhone; CPU iPhone OS 13_2_3 like Mac OS X) AppleWebKit/605.1.15 (KHTML, like Gecko) Version/13.0.3 Mobile/15E148 Safari/604.1)"
116.14.200.158 - - [26/Sep/2026:02:48:37 +0800] "GET /wp-content/plugins/litespeed-cache-1sjxq/readme.php HTTP/1.1" 404 40789 "-" "iPhone; CPU iPhone OS 13_2_3 like Mac OS X) AppleWebKit/605.1.15 (KHTML, like Gecko) Version/13.0.3 Mobile/15E148 Safari/604.1)"
116.14.200.158 - - [26/Sep/2026:02:48:38 +0800] "GET /wp-admin/theme-install.php?tab=upload HTTP/1.1" 200 43489 "-" "iPhone; CPU iPhone OS 13_2_3 like Mac OS X) AppleWebKit/605.1.15 (KHTML, like Gecko) Version/13.0.3 Mobile/15E148 Safari/604.1)"
116.14.200.158 - - [26/Sep/2026:02:48:39 +0800] "POST /wp-admin/update.php?action=upload-theme HTTP/1.1" 403 1242 "-" "iPhone; CPU iPhone OS 13_2_3 like Mac OS X) AppleWebKit/605.1.15 (KHTML, like Gecko) Version/13.0.3 Mobile/15E148 Safari/604.1)"
116.14.200.158 - - [26/Sep/2026:02:48:40 +0800] "GET /wp-content/themes/litespeed-cache-3qah4/readme.php HTTP/1.1" 404 40792 "-" "iPhone; CPU iPhone OS 13_2_3 like Mac OS X) AppleWebKit/605.1.15 (KHTML, like Gecko) Version/13.0.3 Mobile/15E148 Safari/604.1)"
116.14.200.158 - - [26/Sep/2026:02:48:41 +0800] "GET /wp-admin/plugin-editor.php HTTP/1.1" 200 44762 "-" "iPhone; CPU iPhone OS 13_2_3 like Mac OS X) AppleWebKit/605.1.15 (KHTML, like Gecko) Version/13.0.3 Mobile/15E148 Safari/604.1)"
116.14.200.158 - - [26/Sep/2026:02:48:42 +0800] "GET /wp-admin/plugin-editor.php?file=akismet/akismet.php&plugin=akismet/akismet.php HTTP/1.1" 200 44881 "-" "iPhone; CPU iPhone OS 13_2_3 like Mac OS X) AppleWebKit/605.1.15 (KHTML, like Gecko) Version/13.0.3 Mobile/15E148 Safari/604.1)"
116.14.200.158 - - [26/Sep/2026:02:48:43 +0800] "POST /wp-admin/plugin-editor.php HTTP/1.1" 200 56 "-" "iPhone; CPU iPhone OS 13_2_3 like Mac OS X) AppleWebKit/605.1.15 (KHTML, like Gecko) Version/13.0.3 Mobile/15E148 Safari/604.1)"
116.14.200.158 - - [26/Sep/2026:02:48:44 +0800] "GET /wp-admin/plugin-editor.php?file=All-In-One-WP-Migration-With-Import-master/all-in-one-wp-migration-wi.php&plugin=All-In-One-WP-Migration-With-Import-master/all-in-one-wp-migration-wi.php HTTP/1.1" 200 48259 "-" "iPhone; CPU iPhone OS 13_2_3 like Mac OS X) AppleWebKit/605.1.15 (KHTML, like Gecko) Version/13.0.3 Mobile/15E148 Safari/604.1)"
101.99.69.250 - - [26/Sep/2026:02:48:46 +0800] "GET /wp-admin/plugin-editor.php?plugin=All-In-One-WP-Migration-With-Import-master%2Fall-in-one-wp-migration-wi.php&file=All-In-One-WP-Migration-With-Import-master%2Fall-in-one-wp-migration-wi.php&wp_scrape_key=924903c2c468fca531a5761471104a1f&wp_scrape_nonce=738979150 HTTP/1.1" 200 47023 "-" "WordPress/7.1.2; https://susukambingalmas.com"
116.14.200.158 - - [26/Sep/2026:02:48:46 +0800] "POST /wp-admin/plugin-editor.php HTTP/1.1" 200 56 "-" "iPhone; CPU iPhone OS 13_2_3 like Mac OS X) AppleWebKit/605.1.15 (KHTML, like Gecko) Version/13.0.3 Mobile/15E148 Safari/604.1)"
116.14.200.158 - - [26/Sep/2026:02:48:48 +0800] "GET /wp-admin/plugin-editor.php?file=backuply/backuply.php&plugin=backuply/backuply.php HTTP/1.1" 200 46917 "-" "iPhone; CPU iPhone OS 13_2_3 like Mac OS X) AppleWebKit/605.1.15 (KHTML, like Gecko) Version/13.0.3 Mobile/15E148 Safari/604.1)"
116.14.200.158 - - [26/Sep/2026:02:48:49 +0800] "POST /wp-admin/plugin-editor.php HTTP/1.1" 200 50322 "-" "iPhone; CPU iPhone OS 13_2_3 like Mac OS X) AppleWebKit/605.1.15 (KHTML, like Gecko) Version/13.0.3 Mobile/15E148 Safari/604.1)"
116.14.200.158 - - [26/Sep/2026:02:48:50 +0800] "GET /wp-admin/plugin-editor.php?file=backuply-pro/backuply-pro.php&plugin=backuply-pro/backuply-pro.php HTTP/1.1" 200 47814 "-" "iPhone; CPU iPhone OS 13_2_3 like Mac OS X) AppleWebKit/605.1.15 (KHTML, like Gecko) Version/13.0.3 Mobile/15E148 Safari/604.1)"
116.14.200.158 - - [26/Sep/2026:02:48:52 +0800] "POST /wp-admin/plugin-editor.php HTTP/1.1" 200 51180 "-" "iPhone; CPU iPhone OS 13_2_3 like Mac OS X) AppleWebKit/605.1.15 (KHTML, like Gecko) Version/13.0.3 Mobile/15E148 Safari/604.1)"
116.14.200.158 - - [26/Sep/2026:02:48:53 +0800] "GET /wp-admin/plugin-editor.php?file=billplz-for-woocommerce/billplzWoo.php&plugin=billplz-for-woocommerce/billplzWoo.php HTTP/1.1" 200 48977 "-" "iPhone; CPU iPhone OS 13_2_3 like Mac OS X) AppleWebKit/605.1.15 (KHTML, like Gecko) Version/13.0.3 Mobile/15E148 Safari/604.1)"
116.14.200.158 - - [26/Sep/2026:02:48:54 +0800] "POST /wp-admin/plugin-editor.php HTTP/1.1" 200 52383 "-" "iPhone; CPU iPhone OS 13_2_3 like Mac OS X) AppleWebKit/605.1.15 (KHTML, like Gecko) Version/13.0.3 Mobile/15E148 Safari/604.1)"
116.14.200.158 - - [26/Sep/2026:02:48:56 +0800] "GET /wp-admin/plugin-editor.php?file=blank-slate/blank-slate.php&plugin=blank-slate/blank-slate.php HTTP/1.1" 200 45496 "-" "iPhone; CPU iPhone OS 13_2_3 like Mac OS X) AppleWebKit/605.1.15 (KHTML, like Gecko) Version/13.0.3 Mobile/15E148 Safari/604.1)"
116.14.200.158 - - [26/Sep/2026:02:48:57 +0800] "POST /wp-admin/plugin-editor.php HTTP/1.1" 200 48894 "-" "iPhone; CPU iPhone OS 13_2_3 like Mac OS X) AppleWebKit/605.1.15 (KHTML, like Gecko) Version/13.0.3 Mobile/15E148 Safari/604.1)"
116.14.200.158 - - [26/Sep/2026:02:48:58 +0800] "GET /wp-admin/plugin-editor.php?file=checkout-field-editor-and-manager-for-woocommerce/start.php&plugin=checkout-field-editor-and-manager-for-woocommerce/start.php HTTP/1.1" 200 46848 "-" "iPhone; CPU iPhone OS 13_2_3 like Mac OS X) AppleWebKit/605.1.15 (KHTML, like Gecko) Version/13.0.3 Mobile/15E148 Safari/604.1)"
101.99.69.250 - - [26/Sep/2026:02:49:00 +0800] "GET /wp-admin/plugin-editor.php?plugin=checkout-field-editor-and-manager-for-woocommerce%2Fstart.php&file=checkout-field-editor-and-manager-for-woocommerce%2Fstart.php&wp_scrape_key=42a7b9940316015cf338a48fa168adb0&wp_scrape_nonce=459604835 HTTP/1.1" 200 2540 "-" "WordPress/7.1.2; https://susukambingalmas.com"
116.14.200.158 - - [26/Sep/2026:02:49:00 +0800] "POST /wp-admin/plugin-editor.php HTTP/1.1" 200 50248 "-" "iPhone; CPU iPhone OS 13_2_3 like Mac OS X) AppleWebKit/605.1.15 (KHTML, like Gecko) Version/13.0.3 Mobile/15E148 Safari/604.1)"
116.14.200.158 - - [26/Sep/2026:02:49:01 +0800] "GET /wp-admin/plugin-editor.php?file=woo-checkout-field-editor-pro/checkout-form-designer.php&plugin=woo-checkout-field-editor-pro/checkout-form-designer.php HTTP/1.1" 200 48051 "-" "iPhone; CPU iPhone OS 13_2_3 like Mac OS X) AppleWebKit/605.1.15 (KHTML, like Gecko) Version/13.0.3 Mobile/15E148 Safari/604.1)"
116.14.200.158 - - [26/Sep/2026:02:49:02 +0800] "POST /wp-admin/plugin-editor.php HTTP/1.1" 200 2590 "-" "iPhone; CPU iPhone OS 13_2_3 like Mac OS X) AppleWebKit/605.1.15 (KHTML, like Gecko) Version/13.0.3 Mobile/15E148 Safari/604.1)"
116.14.200.158 - - [26/Sep/2026:02:49:03 +0800] "GET /wp-admin/plugin-editor.php?file=elementor/elementor.php&plugin=elementor/elementor.php HTTP/1.1" 200 94742 "-" "iPhone; CPU iPhone OS 13_2_3 like Mac OS X) AppleWebKit/605.1.15 (KHTML, like Gecko) Version/13.0.3 Mobile/15E148 Safari/604.1)"
116.14.200.158 - - [26/Sep/2026:02:49:05 +0800] "POST /wp-admin/plugin-editor.php HTTP/1.1" 200 98196 "-" "iPhone; CPU iPhone OS 13_2_3 like Mac OS X) AppleWebKit/605.1.15 (KHTML, like Gecko) Version/13.0.3 Mobile/15E148 Safari/604.1)"
116.14.200.158 - - [26/Sep/2026:02:49:06 +0800] "GET /wp-admin/plugin-editor.php?file=easy-code-manager/easy-code-manager.php&plugin=easy-code-manager/easy-code-manager.php HTTP/1.1" 200 46974 "-" "iPhone; CPU iPhone OS 13_2_3 like Mac OS X) AppleWebKit/605.1.15 (KHTML, like Gecko) Version/13.0.3 Mobile/15E148 Safari/604.1)"
116.14.200.158 - - [26/Sep/2026:02:49:08 +0800] "POST /wp-admin/plugin-editor.php HTTP/1.1" 200 50333 "-" "iPhone; CPU iPhone OS 13_2_3 like Mac OS X) AppleWebKit/605.1.15 (KHTML, like Gecko) Version/13.0.3 Mobile/15E148 Safari/604.1)"
116.14.200.158 - - [26/Sep/2026:02:49:09 +0800] "GET /wp-admin/plugin-editor.php?file=founder-link-fixed/founder-link.php&plugin=founder-link-fixed/founder-link.php HTTP/1.1" 200 74092 "-" "iPhone; CPU iPhone OS 13_2_3 like Mac OS X) AppleWebKit/605.1.15 (KHTML, like Gecko) Version/13.0.3 Mobile/15E148 Safari/604.1)"
116.14.200.158 - - [26/Sep/2026:02:49:10 +0800] "POST /wp-admin/plugin-editor.php HTTP/1.1" 200 77443 "-" "iPhone; CPU iPhone OS 13_2_3 like Mac OS X) AppleWebKit/605.1.15 (KHTML, like Gecko) Version/13.0.3 Mobile/15E148 Safari/604.1)"
116.14.200.158 - - [26/Sep/2026:02:49:12 +0800] "GET /wp-admin/plugin-editor.php?file=gosmtp/gosmtp.php&plugin=gosmtp/gosmtp.php HTTP/1.1" 200 46891 "-" "iPhone; CPU iPhone OS 13_2_3 like Mac OS X) AppleWebKit/605.1.15 (KHTML, like Gecko) Version/13.0.3 Mobile/15E148 Safari/604.1)"
101.99.69.250 - - [26/Sep/2026:02:49:13 +0800] "GET /wp-admin/plugin-editor.php?plugin=gosmtp%2Fgosmtp.php&file=gosmtp%2Fgosmtp.php&wp_scrape_key=cd20c9cb12a0396218739bad045fc897&wp_scrape_nonce=1925075381 HTTP/1.1" 200 2513 "-" "WordPress/7.1.2; https://susukambingalmas.com"
116.14.200.158 - - [26/Sep/2026:02:49:13 +0800] "POST /wp-admin/plugin-editor.php HTTP/1.1" 200 50332 "-" "iPhone; CPU iPhone OS 13_2_3 like Mac OS X) AppleWebKit/605.1.15 (KHTML, like Gecko) Version/13.0.3 Mobile/15E148 Safari/604.1)"
116.14.200.158 - - [26/Sep/2026:02:49:14 +0800] "GET /wp-admin/plugin-editor.php?file=gosmtp-pro/gosmtp-pro.php&plugin=gosmtp-pro/gosmtp-pro.php HTTP/1.1" 200 46962 "-" "iPhone; CPU iPhone OS 13_2_3 like Mac OS X) AppleWebKit/605.1.15 (KHTML, like Gecko) Version/13.0.3 Mobile/15E148 Safari/604.1)"
116.14.200.158 - - [26/Sep/2026:02:49:15 +0800] "POST /wp-admin/plugin-editor.php HTTP/1.1" 200 50378 "-" "iPhone; CPU iPhone OS 13_2_3 like Mac OS X) AppleWebKit/605.1.15 (KHTML, like Gecko) Version/13.0.3 Mobile/15E148 Safari/604.1)"
116.14.200.158 - - [26/Sep/2026:02:49:17 +0800] "GET /wp-admin/plugin-editor.php?file=loginizer/loginizer.php&plugin=loginizer/loginizer.php HTTP/1.1" 200 48894 "-" "iPhone; CPU iPhone OS 13_2_3 like Mac OS X) AppleWebKit/605.1.15 (KHTML, like Gecko) Version/13.0.3 Mobile/15E148 Safari/604.1)"
116.14.200.158 - - [26/Sep/2026:02:49:18 +0800] "POST /wp-admin/plugin-editor.php HTTP/1.1" 200 52179 "-" "iPhone; CPU iPhone OS 13_2_3 like Mac OS X) AppleWebKit/605.1.15 (KHTML, like Gecko) Version/13.0.3 Mobile/15E148 Safari/604.1)"
116.14.200.158 - - [26/Sep/2026:02:49:19 +0800] "GET /wp-admin/plugin-editor.php?file=loginizer-security/loginizer-security.php&plugin=loginizer-security/loginizer-security.php HTTP/1.1" 200 47365 "-" "iPhone; CPU iPhone OS 13_2_3 like Mac OS X) AppleWebKit/605.1.15 (KHTML, like Gecko) Version/13.0.3 Mobile/15E148 Safari/604.1)"
101.99.69.250 - - [26/Sep/2026:02:49:21 +0800] "GET /wp-admin/plugin-editor.php?plugin=loginizer-security%2Floginizer-security.php&file=loginizer-security%2Floginizer-security.php&wp_scrape_key=474add5923540a1615f0a84f98045f7d&wp_scrape_nonce=1673540142 HTTP/1.1" 200 2520 "-" "WordPress/7.1.2; https://susukambingalmas.com"
66.249.70.69 - - [26/Sep/2026:02:43:51 +0800] "GET /wp-includes/js/dist/hooks.min.js?ver=f0f188028580e8dc1255 HTTP/1.1" 200 1759 "https://susukambingalmas.com/?SD" "Mozilla/5.0 (Linux; Android 6.0.1; Nexus 5X Build/MMB29P) AppleWebKit/537.36 (KHTML, like Gecko) Chrome/153.0.8010.52 Mobile Safari/537.36 (compatible; Googlebot/2.1; +http://www.google.com/bot.html)"
66.249.70.69 - - [26/Sep/2026:02:43:52 +0800] "GET /wp-includes/js/dist/i18n.min.js?ver=1dfe7db3940c23ea9216 HTTP/1.1" 200 2379 "https://susukambingalmas.com/?SD" "Mozilla/5.0 (Linux; Android 6.0.1; Nexus 5X Build/MMB29P) AppleWebKit/537.36 (KHTML, like Gecko) Chrome/153.0.8010.52 Mobile Safari/537.36 (compatible; Googlebot/2.1; +http://www.google.com/bot.html)"
66.249.70.69 - - [26/Sep/2026:02:43:52 +0800] "GET /wp-content/plugins/woocommerce/assets/js/frontend/add-to-cart.min.js?ver=9.9.5 HTTP/1.1" 200 1225 "https://susukambingalmas.com/?SD" "Mozilla/5.0 (Linux; Android 6.0.1; Nexus 5X Build/MMB29P) AppleWebKit/537.36 (KHTML, like Gecko) Chrome/153.0.8010.52 Mobile Safari/537.36 (compatible; Googlebot/2.1; +http://www.google.com/bot.html)"
66.249.70.69 - - [26/Sep/2026:02:44:05 +0800] "GET /wp-content/plugins/elementor/assets/js/text-editor.c084ef86600b6f11690d.bundle.min.js HTTP/1.1" 200 621 "https://susukambingalmas.com/?SD" "Mozilla/5.0 (Linux; Android 6.0.1; Nexus 5X Build/MMB29P) AppleWebKit/537.36 (KHTML, like Gecko) Chrome/153.0.8010.52 Mobile Safari/537.36 (compatible; Googlebot/2.1; +http://www.google.com/bot.html)"
66.249.70.69 - - [26/Sep/2026:02:44:06 +0800] "GET /wp-content/plugins/elementor/assets/js/shared-frontend-handlers.30dc2f9c080845a413a6.bundle.min.js HTTP/1.1" 200 2546 "https://susukambingalmas.com/?SD" "Mozilla/5.0 (Linux; Android 6.0.1; Nexus 5X Build/MMB29P) AppleWebKit/537.36 (KHTML, like Gecko) Chrome/153.0.8010.52 Mobile Safari/537.36 (compatible; Googlebot/2.1; +http://www.google.com/bot.html)"
101.99.69.250 - - [26/Sep/2026:02:48:27 +0800] "POST /wp-cron.php?doing_wp_cron=1790362107.5826630592346191406250 HTTP/1.1" 200 0 "-" "WordPress/7.1.2; https://susukambingalmas.com"
101.99.69.250 - - [26/Sep/2026:02:48:47 +0800] "GET /?wp_scrape_key=924903c2c468fca531a5761471104a1f&wp_scrape_nonce=738979150 HTTP/1.1" 200 44298 "-" "WordPress/7.1.2; https://susukambingalmas.com"
101.99.69.250 - - [26/Sep/2026:02:48:55 +0800] "GET /wp-admin/plugin-editor.php?plugin=billplz-for-woocommerce%2FbillplzWoo.php&file=billplz-for-woocommerce%2FbillplzWoo.php&wp_scrape_key=9bf5d893be7b6003bc6343fed4253116&wp_scrape_nonce=1484722109 HTTP/1.1" 200 2529 "-" "WordPress/7.1.2; https://susukambingalmas.com"
101.99.69.250 - - [26/Sep/2026:02:48:58 +0800] "GET /wp-admin/plugin-editor.php?plugin=blank-slate%2Fblank-slate.php&file=blank-slate%2Fblank-slate.php&wp_scrape_key=f30c64e233697aacf37736102d0f2329&wp_scrape_nonce=721918682 HTTP/1.1" 200 2517 "-" "WordPress/7.1.2; https://susukambingalmas.com"
101.99.69.250 - - [26/Sep/2026:02:49:06 +0800] "GET /wp-admin/plugin-editor.php?plugin=elementor%2Felementor.php&file=elementor%2Felementor.php&wp_scrape_key=bf4d2217bab77fb3d82b0997936d22db&wp_scrape_nonce=50653625 HTTP/1.1" 200 2514 "-" "WordPress/7.1.2; https://susukambingalmas.com"
101.99.69.250 - - [26/Sep/2026:02:49:16 +0800] "GET /wp-admin/plugin-editor.php?plugin=gosmtp-pro%2Fgosmtp-pro.php&file=gosmtp-pro%2Fgosmtp-pro.php&wp_scrape_key=85bc5899f363f152534e240ba3f40dcc&wp_scrape_nonce=642627803 HTTP/1.1" 200 2516 "-" "WordPress/7.1.2; https://susukambingalmas.com"
101.99.69.250 - - [26/Sep/2026:02:49:20 +0800] "POST /wp-cron.php?doing_wp_cron=1790362160.0666599273681640625000 HTTP/1.1" 200 0 "-" "WordPress/7.1.2; https://susukambingalmas.com"
101.99.69.250 - - [26/Sep/2026:02:49:24 +0800] "GET /wp-admin/plugin-editor.php?plugin=notificationx%2Fnotificationx.php&file=notificationx%2Fnotificationx.php&wp_scrape_key=c786bd29d4e7cd3f61c14b9ae2352d9f&wp_scrape_nonce=1971151241 HTTP/1.1" 200 2512 "-" "WordPress/7.1.2; https://susukambingalmas.com"
116.14.200.158 - - [26/Sep/2026:02:49:20 +0800] "POST /wp-admin/plugin-editor.php HTTP/1.1" 200 50734 "-" "iPhone; CPU iPhone OS 13_2_3 like Mac OS X) AppleWebKit/605.1.15 (KHTML, like Gecko) Version/13.0.3 Mobile/15E148 Safari/604.1)"
116.14.200.158 - - [26/Sep/2026:02:49:22 +0800] "GET /wp-admin/plugin-editor.php?file=notificationx/notificationx.php&plugin=notificationx/notificationx.php HTTP/1.1" 200 55090 "-" "iPhone; CPU iPhone OS 13_2_3 like Mac OS X) AppleWebKit/605.1.15 (KHTML, like Gecko) Version/13.0.3 Mobile/15E148 Safari/604.1)"
116.14.200.158 - - [26/Sep/2026:02:49:23 +0800] "POST /wp-admin/plugin-editor.php HTTP/1.1" 200 58478 "-" "iPhone; CPU iPhone OS 13_2_3 like Mac OS X) AppleWebKit/605.1.15 (KHTML, like Gecko) Version/13.0.3 Mobile/15E148 Safari/604.1)"
116.14.200.158 - - [26/Sep/2026:02:49:25 +0800] "GET /wp-admin/plugin-editor.php?file=notificationx-pro/notificationx-pro.php&plugin=notificationx-pro/notificationx-pro.php HTTP/1.1" 200 62328 "-" "iPhone; CPU iPhone OS 13_2_3 like Mac OS X) AppleWebKit/605.1.15 (KHTML, like Gecko) Version/13.0.3 Mobile/15E148 Safari/604.1)"
116.14.200.158 - - [26/Sep/2026:02:49:26 +0800] "POST /wp-admin/plugin-editor.php HTTP/1.1" 200 65772 "-" "iPhone; CPU iPhone OS 13_2_3 like Mac OS X) AppleWebKit/605.1.15 (KHTML, like Gecko) Version/13.0.3 Mobile/15E148 Safari/604.1)"
116.14.200.158 - - [26/Sep/2026:02:49:27 +0800] "GET /wp-admin/plugin-editor.php?file=checkout-fees-for-woocommerce/checkout-fees-for-woocommerce.php&plugin=checkout-fees-for-woocommerce/checkout-fees-for-woocommerce.php HTTP/1.1" 200 50370 "-" "iPhone; CPU iPhone OS 13_2_3 like Mac OS X) AppleWebKit/605.1.15 (KHTML, like Gecko) Version/13.0.3 Mobile/15E148 Safari/604.1)"
101.99.69.250 - - [26/Sep/2026:02:49:29 +0800] "GET /wp-admin/plugin-editor.php?plugin=checkout-fees-for-woocommerce%2Fcheckout-fees-for-woocommerce.php&file=checkout-fees-for-woocommerce%2Fcheckout-fees-for-woocommerce.php&wp_scrape_key=377a003af3fab2ef560791a0453023ef&wp_scrape_nonce=1508715129 HTTP/1.1" 200 2527 "-" "WordPress/7.1.2; https://susukambingalmas.com"
116.14.200.158 - - [26/Sep/2026:02:49:29 +0800] "POST /wp-admin/plugin-editor.php HTTP/1.1" 200 53737 "-" "iPhone; CPU iPhone OS 13_2_3 like Mac OS X) AppleWebKit/605.1.15 (KHTML, like Gecko) Version/13.0.3 Mobile/15E148 Safari/604.1)"
116.14.200.158 - - [26/Sep/2026:02:49:30 +0800] "GET /wp-admin/plugin-editor.php?file=pixelyoursite/facebook-pixel-master.php&plugin=pixelyoursite/facebook-pixel-master.php HTTP/1.1" 200 81419 "-" "iPhone; CPU iPhone OS 13_2_3 like Mac OS X) AppleWebKit/605.1.15 (KHTML, like Gecko) Version/13.0.3 Mobile/15E148 Safari/604.1)"
116.14.200.158 - - [26/Sep/2026:02:49:32 +0800] "POST /wp-admin/plugin-editor.php HTTP/1.1" 200 84793 "-" "iPhone; CPU iPhone OS 13_2_3 like Mac OS X) AppleWebKit/605.1.15 (KHTML, like Gecko) Version/13.0.3 Mobile/15E148 Safari/604.1)"
116.14.200.158 - - [26/Sep/2026:02:49:34 +0800] "GET /wp-admin/plugin-editor.php?file=pro-elements/pro-elements.php&plugin=pro-elements/pro-elements.php HTTP/1.1" 200 79979 "-" "iPhone; CPU iPhone OS 13_2_3 like Mac OS X) AppleWebKit/605.1.15 (KHTML, like Gecko) Version/13.0.3 Mobile/15E148 Safari/604.1)"
116.14.200.158 - - [26/Sep/2026:02:49:36 +0800] "POST /wp-admin/plugin-editor.php HTTP/1.1" 200 83607 "-" "iPhone; CPU iPhone OS 13_2_3 like Mac OS X) AppleWebKit/605.1.15 (KHTML, like Gecko) Version/13.0.3 Mobile/15E148 Safari/604.1)"
116.14.200.158 - - [26/Sep/2026:02:49:38 +0800] "GET /wp-admin/plugin-editor.php?file=siteseo/siteseo.php&plugin=siteseo/siteseo.php HTTP/1.1" 200 49469 "-" "iPhone; CPU iPhone OS 13_2_3 like Mac OS X) AppleWebKit/605.1.15 (KHTML, like Gecko) Version/13.0.3 Mobile/15E148 Safari/604.1)"
116.14.200.158 - - [26/Sep/2026:02:49:39 +0800] "POST /wp-admin/plugin-editor.php HTTP/1.1" 200 52913 "-" "iPhone; CPU iPhone OS 13_2_3 like Mac OS X) AppleWebKit/605.1.15 (KHTML, like Gecko) Version/13.0.3 Mobile/15E148 Safari/604.1)"
66.249.70.69 - - [26/Sep/2026:02:43:59 +0800] "GET /wp-content/plugins/elementor/assets/js/video.6ebfa2c3f5493cb2eaaf.bundle.min.js HTTP/1.1" 200 1229 "https://susukambingalmas.com/?SD" "Mozilla/5.0 (Linux; Android 6.0.1; Nexus 5X Build/MMB29P) AppleWebKit/537.36 (KHTML, like Gecko) Chrome/153.0.8010.52 Mobile Safari/537.36 (compatible; Googlebot/2.1; +http://www.google.com/bot.html)"
66.249.70.69 - - [26/Sep/2026:02:43:59 +0800] "GET /wp-content/plugins/elementor/assets/js/section-frontend-handlers.d85ab872da118940910d.bundle.min.js HTTP/1.1" 200 254 "https://susukambingalmas.com/?SD" "Mozilla/5.0 (Linux; Android 6.0.1; Nexus 5X Build/MMB29P) AppleWebKit/537.36 (KHTML, like Gecko) Chrome/153.0.8010.52 Mobile Safari/537.36 (compatible; Googlebot/2.1; +http://www.google.com/bot.html)"
66.249.70.69 - - [26/Sep/2026:02:43:59 +0800] "GET /wp-content/plugins/elementor/assets/js/accordion.36aa4c8c4eba17bc8e03.bundle.min.js HTTP/1.1" 200 1318 "https://susukambingalmas.com/?SD" "Mozilla/5.0 (Linux; Android 6.0.1; Nexus 5X Build/MMB29P) AppleWebKit/537.36 (KHTML, like Gecko) Chrome/153.0.8010.52 Mobile Safari/537.36 (compatible; Googlebot/2.1; +http://www.google.com/bot.html)"
101.99.69.250 - - [26/Sep/2026:02:47:15 +0800] "POST /wp-cron.php?doing_wp_cron=1790362035.0517449378967285156250 HTTP/1.1" 200 0 "-" "WordPress/7.1.2; https://susukambingalmas.com"
101.99.69.250 - - [26/Sep/2026:02:49:18 +0800] "GET /wp-admin/plugin-editor.php?plugin=loginizer%2Floginizer.php&file=loginizer%2Floginizer.php&wp_scrape_key=b6f14163850ea3ab1c4aece7c36341de&wp_scrape_nonce=789808236 HTTP/1.1" 200 2513 "-" "WordPress/7.1.2; https://susukambingalmas.com"
101.99.69.250 - - [26/Sep/2026:02:49:43 +0800] "GET /wp-admin/plugin-editor.php?plugin=siteseo-pro%2Fsiteseo-pro.php&file=siteseo-pro%2Fsiteseo-pro.php&wp_scrape_key=b68ee1d4dde5e0a6bf3f6731a9bf6fec&wp_scrape_nonce=1534302022 HTTP/1.1" 200 2511 "-" "WordPress/7.1.2; https://susukambingalmas.com"
84.233.195.150 - - [26/Sep/2026:02:50:03 +0800] "GET / HTTP/1.1" 200 42483 "-" "Go-http-client/1.1"
84.233.195.158 - - [26/Sep/2026:02:50:05 +0800] "GET / HTTP/1.1" 200 42477 "-" "Go-http-client/1.1"
84.233.195.153 - - [26/Sep/2026:02:50:06 +0800] "GET / HTTP/1.1" 200 42477 "-" "Go-http-client/1.1"
66.249.70.71 - - [26/Sep/2026:02:42:55 +0800] "GET /?SD HTTP/1.1" 200 35203 "-" "Mozilla/5.0 (Linux; Android 6.0.1; Nexus 5X Build/MMB29P) AppleWebKit/537.36 (KHTML, like Gecko) Chrome/153.0.8010.52 Mobile Safari/537.36 (compatible; Googlebot/2.1; +http://www.google.com/bot.html)"
66.249.70.70 - - [26/Sep/2026:02:43:33 +0800] "GET /wp-content/plugins/notificationx-pro/assets/public/css/frontend.css?ver=2.7.3 HTTP/1.1" 200 600 "https://susukambingalmas.com/?SD" "Mozilla/5.0 (Linux; Android 6.0.1; Nexus 5X Build/MMB29P) AppleWebKit/537.36 (KHTML, like Gecko) Chrome/153.0.8010.52 Mobile Safari/537.36 (compatible; Googlebot/2.1; +http://www.google.com/bot.html)"
66.249.70.70 - - [26/Sep/2026:02:43:34 +0800] "GET /wp-includes/js/jquery/jquery.min.js?ver=3.7.1 HTTP/1.1" 200 29744 "https://susukambingalmas.com/?SD" "Mozilla/5.0 (Linux; Android 6.0.1; Nexus 5X Build/MMB29P) AppleWebKit/537.36 (KHTML, like Gecko) Chrome/153.0.8010.52 Mobile Safari/537.36 (compatible; Googlebot/2.1; +http://www.google.com/bot.html)"
101.99.69.250 - - [26/Sep/2026:02:48:50 +0800] "GET /wp-admin/plugin-editor.php?plugin=backuply%2Fbackuply.php&file=backuply%2Fbackuply.php&wp_scrape_key=01bc567ab0408ca114184acc91f38f99&wp_scrape_nonce=328184746 HTTP/1.1" 200 2514 "-" "WordPress/7.1.2; https://susukambingalmas.com"
101.99.69.250 - - [26/Sep/2026:02:48:52 +0800] "GET /wp-admin/plugin-editor.php?plugin=backuply-pro%2Fbackuply-pro.php&file=backuply-pro%2Fbackuply-pro.php&wp_scrape_key=4e8cd560f5998238def7d9fbb26b40be&wp_scrape_nonce=1636166248 HTTP/1.1" 200 2520 "-" "WordPress/7.1.2; https://susukambingalmas.com"
101.99.69.250 - - [26/Sep/2026:02:49:08 +0800] "GET /wp-admin/plugin-editor.php?plugin=easy-code-manager%2Feasy-code-manager.php&file=easy-code-manager%2Feasy-code-manager.php&wp_scrape_key=e572f5687a69f237a235cde61a357d8b&wp_scrape_nonce=2120155553 HTTP/1.1" 200 2517 "-" "WordPress/7.1.2; https://susukambingalmas.com"
101.99.69.250 - - [26/Sep/2026:02:49:11 +0800] "GET /wp-admin/plugin-editor.php?plugin=founder-link-fixed%2Ffounder-link.php&file=founder-link-fixed%2Ffounder-link.php&wp_scrape_key=713b2089a1ae2f3d69896730590fb7c7&wp_scrape_nonce=453534623 HTTP/1.1" 200 2524 "-" "WordPress/7.1.2; https://susukambingalmas.com"
101.99.69.250 - - [26/Sep/2026:02:49:27 +0800] "GET /wp-admin/plugin-editor.php?plugin=notificationx-pro%2Fnotificationx-pro.php&file=notificationx-pro%2Fnotificationx-pro.php&wp_scrape_key=e0fc0da3f5009483b1dc221d4cb9444e&wp_scrape_nonce=135000005 HTTP/1.1" 200 2514 "-" "WordPress/7.1.2; https://susukambingalmas.com"
101.99.69.250 - - [26/Sep/2026:02:49:33 +0800] "GET /wp-admin/plugin-editor.php?plugin=pixelyoursite%2Ffacebook-pixel-master.php&file=pixelyoursite%2Ffacebook-pixel-master.php&wp_scrape_key=e471588888abadc8135fc40055324c3b&wp_scrape_nonce=1069131304 HTTP/1.1" 200 2521 "-" "WordPress/7.1.2; https://susukambingalmas.com"
84.233.195.155 - - [26/Sep/2026:02:50:01 +0800] "GET / HTTP/1.1" 200 42483 "-" "Go-http-client/1.1"
84.233.195.159 - - [26/Sep/2026:02:50:02 +0800] "GET / HTTP/1.1" 200 42483 "-" "Go-http-client/1.1"
84.233.195.152 - - [26/Sep/2026:02:50:07 +0800] "GET / HTTP/1.1" 200 42483 "-" "Go-http-client/1.1"
116.14.200.158 - - [26/Sep/2026:02:49:41 +0800] "GET /wp-admin/plugin-editor.php?file=siteseo-pro/siteseo-pro.php&plugin=siteseo-pro/siteseo-pro.php HTTP/1.1" 200 48611 "-" "iPhone; CPU iPhone OS 13_2_3 like Mac OS X) AppleWebKit/605.1.15 (KHTML, like Gecko) Version/13.0.3 Mobile/15E148 Safari/604.1)"
116.14.200.158 - - [26/Sep/2026:02:49:42 +0800] "POST /wp-admin/plugin-editor.php HTTP/1.1" 200 52022 "-" "iPhone; CPU iPhone OS 13_2_3 like Mac OS X) AppleWebKit/605.1.15 (KHTML, like Gecko) Version/13.0.3 Mobile/15E148 Safari/604.1)"
116.14.200.158 - - [26/Sep/2026:02:49:44 +0800] "GET /wp-admin/plugin-editor.php?file=softaculous-pro/softaculous-pro.php&plugin=softaculous-pro/softaculous-pro.php HTTP/1.1" 200 47373 "-" "iPhone; CPU iPhone OS 13_2_3 like Mac OS X) AppleWebKit/605.1.15 (KHTML, like Gecko) Version/13.0.3 Mobile/15E148 Safari/604.1)"
116.14.200.158 - - [26/Sep/2026:02:49:45 +0800] "POST /wp-admin/plugin-editor.php HTTP/1.1" 200 2590 "-" "iPhone; CPU iPhone OS 13_2_3 like Mac OS X) AppleWebKit/605.1.15 (KHTML, like Gecko) Version/13.0.3 Mobile/15E148 Safari/604.1)"
116.14.200.158 - - [26/Sep/2026:02:49:46 +0800] "GET /wp-admin/plugin-editor.php?file=speedycache/speedycache.php&plugin=speedycache/speedycache.php HTTP/1.1" 200 49618 "-" "iPhone; CPU iPhone OS 13_2_3 like Mac OS X) AppleWebKit/605.1.15 (KHTML, like Gecko) Version/13.0.3 Mobile/15E148 Safari/604.1)"
116.14.200.158 - - [26/Sep/2026:02:49:47 +0800] "POST /wp-admin/plugin-editor.php HTTP/1.1" 200 53005 "-" "iPhone; CPU iPhone OS 13_2_3 like Mac OS X) AppleWebKit/605.1.15 (KHTML, like Gecko) Version/13.0.3 Mobile/15E148 Safari/604.1)"
116.14.200.158 - - [26/Sep/2026:02:49:49 +0800] "GET /wp-admin/plugin-editor.php?file=speedycache-pro/speedycache-pro.php&plugin=speedycache-pro/speedycache-pro.php HTTP/1.1" 200 47268 "-" "iPhone; CPU iPhone OS 13_2_3 like Mac OS X) AppleWebKit/605.1.15 (KHTML, like Gecko) Version/13.0.3 Mobile/15E148 Safari/604.1)"
